{"id":999,"date":"2023-05-12T16:32:38","date_gmt":"2023-05-12T19:32:38","guid":{"rendered":"https:\/\/anaisneodentcongress.com.br\/2023\/?page_id=999"},"modified":"2023-05-12T16:33:53","modified_gmt":"2023-05-12T19:33:53","slug":"cirurgia-virtualmente-guiada-simplificando-o-tratamento-em-reabilitacoes-extensas-relato-de-caso","status":"publish","type":"page","link":"https:\/\/anaisneodentcongress.com.br\/2023\/cirurgia-virtualmente-guiada-simplificando-o-tratamento-em-reabilitacoes-extensas-relato-de-caso\/","title":{"rendered":"Cirurgia virtualmente guiada simplificando o tratamento em reabilita\u00e7\u00f5es extensas: Relato de caso"},"content":{"rendered":"\t\t<div data-elementor-type=\"wp-page\" data-elementor-id=\"999\" class=\"elementor elementor-999\">\n\t\t\t\t\t\t\t<div class=\"elementor-element elementor-element-57910707 e-con-full e-flex e-con\" data-id=\"57910707\" data-element_type=\"container\" data-settings=\"{&quot;content_width&quot;:&quot;full&quot;,&quot;background_background&quot;:&quot;classic&quot;}\">\n\t\t<div class=\"elementor-element elementor-element-6ec80099 e-con-full e-flex e-con\" data-id=\"6ec80099\" data-element_type=\"container\" data-settings=\"{&quot;content_width&quot;:&quot;full&quot;}\">\n\t\t\t\t<\/div>\n\t\t<div class=\"elementor-element elementor-element-4d9a467a e-con-full e-flex e-con\" data-id=\"4d9a467a\" data-element_type=\"container\" data-settings=\"{&quot;content_width&quot;:&quot;full&quot;,&quot;background_background&quot;:&quot;classic&quot;}\">\n\t\t<div class=\"elementor-element elementor-element-52e50c7e e-con-boxed e-flex e-con\" data-id=\"52e50c7e\" data-element_type=\"container\" data-settings=\"{&quot;content_width&quot;:&quot;boxed&quot;}\">\n\t\t\t\t\t<div class=\"e-con-inner\">\n\t\t\t\t<div class=\"elementor-element elementor-element-6937b660 elementor-widget elementor-widget-heading\" data-id=\"6937b660\" data-element_type=\"widget\" data-widget_type=\"heading.default\">\n\t\t\t\t<div class=\"elementor-widget-container\">\n\t\t\t<style>\/*! elementor - v3.13.2 - 11-05-2023 *\/\n.elementor-heading-title{padding:0;margin:0;line-height:1}.elementor-widget-heading .elementor-heading-title[class*=elementor-size-]>a{color:inherit;font-size:inherit;line-height:inherit}.elementor-widget-heading .elementor-heading-title.elementor-size-small{font-size:15px}.elementor-widget-heading .elementor-heading-title.elementor-size-medium{font-size:19px}.elementor-widget-heading .elementor-heading-title.elementor-size-large{font-size:29px}.elementor-widget-heading .elementor-heading-title.elementor-size-xl{font-size:39px}.elementor-widget-heading .elementor-heading-title.elementor-size-xxl{font-size:59px}<\/style><h2 class=\"elementor-heading-title elementor-size-default\"><a href=\"\/2023\/menu-neodent-caso-clinico\/\">Menu<\/a><\/h2>\t\t<\/div>\n\t\t\t\t<\/div>\n\t\t\t\t<div class=\"elementor-element elementor-element-244c6c6a elementor-widget elementor-widget-heading\" data-id=\"244c6c6a\" data-element_type=\"widget\" data-widget_type=\"heading.default\">\n\t\t\t\t<div class=\"elementor-widget-container\">\n\t\t\t<h2 class=\"elementor-heading-title elementor-size-default\"><a href=\"\/2023\/menu-neodent-caso-clinico\/\">Neodent, Caso Cl\u00ednico<\/a><\/h2>\t\t<\/div>\n\t\t\t\t<\/div>\n\t\t\t\t\t<\/div>\n\t\t\t\t<\/div>\n\t\t<div class=\"elementor-element elementor-element-3d43888d e-con-boxed e-flex e-con\" data-id=\"3d43888d\" data-element_type=\"container\" data-settings=\"{&quot;content_width&quot;:&quot;boxed&quot;}\">\n\t\t\t\t\t<div class=\"e-con-inner\">\n\t\t\t\t<div class=\"elementor-element elementor-element-45e5be0a elementor-widget elementor-widget-heading\" data-id=\"45e5be0a\" data-element_type=\"widget\" data-widget_type=\"heading.default\">\n\t\t\t\t<div class=\"elementor-widget-container\">\n\t\t\t<h2 class=\"elementor-heading-title elementor-size-default\">Cirurgia virtualmente guiada simplificando o tratamento em reabilita\u00e7\u00f5es extensas: Relato de caso<\/h2>\t\t<\/div>\n\t\t\t\t<\/div>\n\t\t\t\t\t<\/div>\n\t\t\t\t<\/div>\n\t\t\t\t<div class=\"elementor-element elementor-element-336843a0 elementor-widget elementor-widget-text-editor\" data-id=\"336843a0\" data-element_type=\"widget\" data-widget_type=\"text-editor.default\">\n\t\t\t\t<div class=\"elementor-widget-container\">\n\t\t\t<style>\/*! elementor - v3.13.2 - 11-05-2023 *\/\n.elementor-widget-text-editor.elementor-drop-cap-view-stacked .elementor-drop-cap{background-color:#69727d;color:#fff}.elementor-widget-text-editor.elementor-drop-cap-view-framed .elementor-drop-cap{color:#69727d;border:3px solid;background-color:transparent}.elementor-widget-text-editor:not(.elementor-drop-cap-view-default) .elementor-drop-cap{margin-top:8px}.elementor-widget-text-editor:not(.elementor-drop-cap-view-default) .elementor-drop-cap-letter{width:1em;height:1em}.elementor-widget-text-editor .elementor-drop-cap{float:left;text-align:center;line-height:1;font-size:50px}.elementor-widget-text-editor .elementor-drop-cap-letter{display:inline-block}<\/style>\t\t\t\t<p><span style=\"color: #e8307c;\"><strong>ID Trabalho:<\/strong> 1108857<\/span><\/p><p><strong>Autores: <\/strong>Laura Guimar\u00e3es\u00a0 Batistela Faco (Ilapeo &#8211; Curitiba &#8211; PR &#8211; Brasil), \u00c9rika Romanini (Ilapeo &#8211; Curitiba &#8211; PR &#8211; Brasil)<\/p><p><strong>Institui\u00e7\u00f5es dos autores:<\/strong> Ilapeo &#8211; Curitiba &#8211; PR &#8211; Brasil<\/p><p><strong>Introdu\u00e7\u00e3o: <\/strong>Na implantodontia, o contexto digital representou um avan\u00e7o na \u00e1rea permitindo a visualiza\u00e7\u00e3o das estruturas anat\u00f4micas oriundas da tomografia computadorizada associada ao escaneamento intra-oral, permitindo a realiza\u00e7\u00e3o de planejamento virtual para instala\u00e7\u00e3o do implante, tornando as reabilita\u00e7\u00f5es mais previs\u00edveis.<\/p><p><strong>Relato do caso: <\/strong>Paciente do sexo feminino (64), ASA I, com queixa principal associada a supura\u00e7\u00e3o dos implantes dent\u00e1rios que possu\u00eda e elemento fraturado. Ao exame cl\u00ednico e radiogr\u00e1fico, apresentava perda das estruturas de suporte nas \u00e1reas enxertadas. Os elementos dent\u00e1rios remanescentes se encontravam em boas condi\u00e7\u00f5es assim como, os elementos 11 e 21 que possu\u00edam coroas cimentadas sobre implantes. Optou-se pela explanta\u00e7\u00e3o dos implantes comprometidos e novo planejamento prot\u00e9tico reverso. Ap\u00f3s 8 meses da explanta\u00e7\u00e3o iniciou-se o planejamento e com o estudo da DVO, concluiu-se que essa medida n\u00e3o precisava ser alterada. Nesse contexto, foi de extrema import\u00e2ncia o planejamento virtual, visto que o progn\u00f3stico de nova interven\u00e7\u00e3o associada a enxertos era desfavor\u00e1vel. Realizou-se escaneamento intra-oral associado a um novo exame tomogr\u00e1fico e planejamento com Software Codiagnostics. Guia cir\u00fargico foi confeccionado e implantes Neodent\u00aeHelix G.M instalados.\u00a0 Ap\u00f3s 60 dias foi realizada reabertura, sele\u00e7\u00e3o dos componentes prot\u00e9ticos e instala\u00e7\u00e3o das pr\u00f3teses provis\u00f3rias parafusadas.<\/p><p><strong>Conclus\u00e3o ou considera\u00e7\u00f5es finais: <\/strong>A t\u00e9cnica guiada possibilitou uma reabilita\u00e7\u00e3o assertiva sem necessidade de novos enxertos \u00f3sseos e preservando elementos dent\u00e1rios e implantes em boas condi\u00e7\u00f5es. A utiliza\u00e7\u00e3o da t\u00e9cnica cir\u00fargica guiada se mostrou uma alternativa favor\u00e1vel, diminuindo a morbidade do tratamento e proporcionando maior previsibilidade.<\/p><p><strong>Discuss\u00e3o e conclus\u00f5es: &#8211;<\/strong><\/p><p><strong>Palavras chave: \u00a0&#8211;<\/strong><\/p>\t\t\t\t\t\t<\/div>\n\t\t\t\t<\/div>\n\t\t\t\t<div class=\"elementor-element elementor-element-7740af55 elementor-widget elementor-widget-shortcode\" data-id=\"7740af55\" data-element_type=\"widget\" data-widget_type=\"shortcode.default\">\n\t\t\t\t<div class=\"elementor-widget-container\">\n\t\t\t\t\t<div class=\"elementor-shortcode\"><a href=\"javascript:history.back(1)\" target=\"_self\"><img decoding=\"async\" src=\"..\/wp-content\/uploads\/2023\/05\/bot-voltar.png\" widht=\"103\" height=\"28\" border=\"0\"><\/a> <\/div>\n\t\t\t\t<\/div>\n\t\t\t\t<\/div>\n\t\t\t\t<\/div>\n\t\t<div class=\"elementor-element elementor-element-1b5bf07f e-con-full e-flex e-con\" data-id=\"1b5bf07f\" data-element_type=\"container\" data-settings=\"{&quot;content_width&quot;:&quot;full&quot;}\">\n\t\t\t\t<\/div>\n\t\t\t\t<\/div>\n\t\t\t\t\t\t\t<\/div>\n\t\t","protected":false},"excerpt":{"rendered":"<p>Menu Neodent, Caso Cl\u00ednico Cirurgia virtualmente guiada simplificando o tratamento em reabilita\u00e7\u00f5es extensas: Relato de caso ID Trabalho: 1108857 Autores: Laura Guimar\u00e3es\u00a0 Batistela Faco (Ilapeo &#8211;<span class=\"excerpt-hellip\"> [\u2026]<\/span><\/p>\n","protected":false},"author":1,"featured_media":0,"parent":0,"menu_order":0,"comment_status":"closed","ping_status":"closed","template":"","meta":[],"_links":{"self":[{"href":"https:\/\/anaisneodentcongress.com.br\/2023\/wp-json\/wp\/v2\/pages\/999"}],"collection":[{"href":"https:\/\/anaisneodentcongress.com.br\/2023\/wp-json\/wp\/v2\/pages"}],"about":[{"href":"https:\/\/anaisneodentcongress.com.br\/2023\/wp-json\/wp\/v2\/types\/page"}],"author":[{"embeddable":true,"href":"https:\/\/anaisneodentcongress.com.br\/2023\/wp-json\/wp\/v2\/users\/1"}],"replies":[{"embeddable":true,"href":"https:\/\/anaisneodentcongress.com.br\/2023\/wp-json\/wp\/v2\/comments?post=999"}],"version-history":[{"count":10,"href":"https:\/\/anaisneodentcongress.com.br\/2023\/wp-json\/wp\/v2\/pages\/999\/revisions"}],"predecessor-version":[{"id":1010,"href":"https:\/\/anaisneodentcongress.com.br\/2023\/wp-json\/wp\/v2\/pages\/999\/revisions\/1010"}],"wp:attachment":[{"href":"https:\/\/anaisneodentcongress.com.br\/2023\/wp-json\/wp\/v2\/media?parent=999"}],"curies":[{"name":"wp","href":"https:\/\/api.w.org\/{rel}","templated":true}]}}