{"id":989,"date":"2023-05-12T16:30:41","date_gmt":"2023-05-12T19:30:41","guid":{"rendered":"https:\/\/anaisneodentcongress.com.br\/2023\/?page_id=989"},"modified":"2023-05-12T16:34:30","modified_gmt":"2023-05-12T19:34:30","slug":"preservacao-alveolar-alternativa-de-planejamento-quando-inviavel-o-implante-imediato-relato-de-caso","status":"publish","type":"page","link":"https:\/\/anaisneodentcongress.com.br\/2023\/preservacao-alveolar-alternativa-de-planejamento-quando-inviavel-o-implante-imediato-relato-de-caso\/","title":{"rendered":"Preserva\u00e7\u00e3o alveolar: alternativa de planejamento quando invi\u00e1vel o implante imediato &#8211; Relato de caso"},"content":{"rendered":"\t\t<div data-elementor-type=\"wp-page\" data-elementor-id=\"989\" class=\"elementor elementor-989\">\n\t\t\t\t\t\t\t<div class=\"elementor-element elementor-element-25d1881c e-con-full e-flex e-con\" data-id=\"25d1881c\" data-element_type=\"container\" data-settings=\"{&quot;content_width&quot;:&quot;full&quot;,&quot;background_background&quot;:&quot;classic&quot;}\">\n\t\t<div class=\"elementor-element elementor-element-3ee78e59 e-con-full e-flex e-con\" data-id=\"3ee78e59\" data-element_type=\"container\" data-settings=\"{&quot;content_width&quot;:&quot;full&quot;}\">\n\t\t\t\t<\/div>\n\t\t<div class=\"elementor-element elementor-element-2401e0bd e-con-full e-flex e-con\" data-id=\"2401e0bd\" data-element_type=\"container\" data-settings=\"{&quot;content_width&quot;:&quot;full&quot;,&quot;background_background&quot;:&quot;classic&quot;}\">\n\t\t<div class=\"elementor-element elementor-element-5b2904c9 e-con-boxed e-flex e-con\" data-id=\"5b2904c9\" data-element_type=\"container\" data-settings=\"{&quot;content_width&quot;:&quot;boxed&quot;}\">\n\t\t\t\t\t<div class=\"e-con-inner\">\n\t\t\t\t<div class=\"elementor-element elementor-element-2e304e90 elementor-widget elementor-widget-heading\" data-id=\"2e304e90\" data-element_type=\"widget\" data-widget_type=\"heading.default\">\n\t\t\t\t<div class=\"elementor-widget-container\">\n\t\t\t<style>\/*! elementor - v3.13.2 - 11-05-2023 *\/\n.elementor-heading-title{padding:0;margin:0;line-height:1}.elementor-widget-heading .elementor-heading-title[class*=elementor-size-]>a{color:inherit;font-size:inherit;line-height:inherit}.elementor-widget-heading .elementor-heading-title.elementor-size-small{font-size:15px}.elementor-widget-heading .elementor-heading-title.elementor-size-medium{font-size:19px}.elementor-widget-heading .elementor-heading-title.elementor-size-large{font-size:29px}.elementor-widget-heading .elementor-heading-title.elementor-size-xl{font-size:39px}.elementor-widget-heading .elementor-heading-title.elementor-size-xxl{font-size:59px}<\/style><h2 class=\"elementor-heading-title elementor-size-default\"><a href=\"\/2023\/menu-neodent-caso-clinico\/\">Menu<\/a><\/h2>\t\t<\/div>\n\t\t\t\t<\/div>\n\t\t\t\t<div class=\"elementor-element elementor-element-1c74ef9f elementor-widget elementor-widget-heading\" data-id=\"1c74ef9f\" data-element_type=\"widget\" data-widget_type=\"heading.default\">\n\t\t\t\t<div class=\"elementor-widget-container\">\n\t\t\t<h2 class=\"elementor-heading-title elementor-size-default\"><a href=\"\/2023\/menu-neodent-caso-clinico\/\">Neodent, Caso Cl\u00ednico<\/a><\/h2>\t\t<\/div>\n\t\t\t\t<\/div>\n\t\t\t\t\t<\/div>\n\t\t\t\t<\/div>\n\t\t<div class=\"elementor-element elementor-element-7669e59d e-con-boxed e-flex e-con\" data-id=\"7669e59d\" data-element_type=\"container\" data-settings=\"{&quot;content_width&quot;:&quot;boxed&quot;}\">\n\t\t\t\t\t<div class=\"e-con-inner\">\n\t\t\t\t<div class=\"elementor-element elementor-element-14ad3d82 elementor-widget elementor-widget-heading\" data-id=\"14ad3d82\" data-element_type=\"widget\" data-widget_type=\"heading.default\">\n\t\t\t\t<div class=\"elementor-widget-container\">\n\t\t\t<h2 class=\"elementor-heading-title elementor-size-default\">Preserva\u00e7\u00e3o alveolar: alternativa de planejamento quando invi\u00e1vel o implante imediato - Relato de caso<\/h2>\t\t<\/div>\n\t\t\t\t<\/div>\n\t\t\t\t\t<\/div>\n\t\t\t\t<\/div>\n\t\t\t\t<div class=\"elementor-element elementor-element-7f61915f elementor-widget elementor-widget-text-editor\" data-id=\"7f61915f\" data-element_type=\"widget\" data-widget_type=\"text-editor.default\">\n\t\t\t\t<div class=\"elementor-widget-container\">\n\t\t\t<style>\/*! elementor - v3.13.2 - 11-05-2023 *\/\n.elementor-widget-text-editor.elementor-drop-cap-view-stacked .elementor-drop-cap{background-color:#69727d;color:#fff}.elementor-widget-text-editor.elementor-drop-cap-view-framed .elementor-drop-cap{color:#69727d;border:3px solid;background-color:transparent}.elementor-widget-text-editor:not(.elementor-drop-cap-view-default) .elementor-drop-cap{margin-top:8px}.elementor-widget-text-editor:not(.elementor-drop-cap-view-default) .elementor-drop-cap-letter{width:1em;height:1em}.elementor-widget-text-editor .elementor-drop-cap{float:left;text-align:center;line-height:1;font-size:50px}.elementor-widget-text-editor .elementor-drop-cap-letter{display:inline-block}<\/style>\t\t\t\t<p><span style=\"color: #e8307c;\"><strong>ID Trabalho:<\/strong> 1108836<\/span><\/p><p><strong>Autores: <\/strong>Nathalia Alves\u00a0 Gusm\u00e3o (Maximus &#8211; Belo Horizonte &#8211; MG &#8211; Brasil)<\/p><p><strong>Institui\u00e7\u00f5es dos autores:<\/strong> Maximus &#8211; Belo Horizonte &#8211; MG &#8211; Brasil<\/p><p><strong>Introdu\u00e7\u00e3o: <\/strong>O objetivo deste relato de caso \u00e9 apresentar a preserva\u00e7\u00e3o alveolar como uma alternativa de abordagem cir\u00fargica diante de casos em que h\u00e1 o manejo de um tecido \u00f3sseo que n\u00e3o apresente caracter\u00edsticas favor\u00e1veis para implante imediatos.<\/p><p><strong>Relato do caso: <\/strong>Paciente do g\u00eanero masculino compareceu a cl\u00ednica odontol\u00f3gica para avalia\u00e7\u00e3o cl\u00ednica. Foram solicitadas radiografias periapicais, radiografias bite wing, e posteriormente a an\u00e1lise desses exames, solicitou-se tomografia cone bean do elemento 36. Na avalia\u00e7\u00e3o da tomografia da regi\u00e3o do elemento 36, identificou-se les\u00e3o endoperioassociada as ra\u00edzes, al\u00e9m de esclerose \u00f3ssea em torno da les\u00e3o. A associa\u00e7\u00e3o do exame cl\u00ednico e radiol\u00f3gico determinou o diagn\u00f3stico de fratura e determinando o progn\u00f3stico de exodontia. Visto que a presen\u00e7a da esclerose \u00f3ssea acometia a regi\u00e3o de elei\u00e7\u00e3o para travamento apical de um implante, optou-se pela exodontia e preserva\u00e7\u00e3o alveolar na regi\u00e3o. A caracter\u00edstica do tecido \u00f3sseo da regi\u00e3o diminuiria a previsibilidade de sucesso, se o planejamento de implante imediato fosse empregado. Portanto, optou-se pela extra\u00e7\u00e3o do elemento 36, seguida de curetagem do alv\u00e9olo, abundante irriga\u00e7\u00e3o com soro fisiol\u00f3gico est\u00e9ril e ozonioterapia. Finalizou-se a cirurgia com a inser\u00e7\u00e3o de biomaterial, Straumann\u00ae cerabone\u00ae associado ao i-prf e o \u00f3stio do alv\u00e9olo selado com esponja hemost\u00e1tica de col\u00e1geno hidrolisada.<\/p><p><strong>Conclus\u00e3o ou considera\u00e7\u00f5es finais: <\/strong>A preserva\u00e7\u00e3o alveolar mostrou-se uma excelente alternativa para casos em que h\u00e1 presen\u00e7a de fatores que possam diminuir a previsibilidade de sucesso de implantes imediatos. Propondo implantes tardios, mas com manuten\u00e7\u00e3o pr\u00e9via do tecido \u00f3sseo garantindo \u00e1rea de elei\u00e7\u00e3o com caracter\u00edsticas mais favor\u00e1veis para assegurar a osseointegra\u00e7\u00e3o.<\/p><p><strong>Discuss\u00e3o e conclus\u00f5es: <\/strong><\/p><p><strong>Palavras chave: <\/strong>Preserva\u00e7\u00e3o alveolar, implante imediato, exodontia, biomaterial, esclerose \u00f3ssea<\/p>\t\t\t\t\t\t<\/div>\n\t\t\t\t<\/div>\n\t\t\t\t<div class=\"elementor-element elementor-element-6aaaf1cc elementor-widget elementor-widget-shortcode\" data-id=\"6aaaf1cc\" data-element_type=\"widget\" data-widget_type=\"shortcode.default\">\n\t\t\t\t<div class=\"elementor-widget-container\">\n\t\t\t\t\t<div class=\"elementor-shortcode\"><a href=\"javascript:history.back(1)\" target=\"_self\"><img decoding=\"async\" src=\"..\/wp-content\/uploads\/2023\/05\/bot-voltar.png\" widht=\"103\" height=\"28\" border=\"0\"><\/a> <\/div>\n\t\t\t\t<\/div>\n\t\t\t\t<\/div>\n\t\t\t\t<\/div>\n\t\t<div class=\"elementor-element elementor-element-6cf9abbe e-con-full e-flex e-con\" data-id=\"6cf9abbe\" data-element_type=\"container\" data-settings=\"{&quot;content_width&quot;:&quot;full&quot;}\">\n\t\t\t\t<\/div>\n\t\t\t\t<\/div>\n\t\t\t\t\t\t\t<\/div>\n\t\t","protected":false},"excerpt":{"rendered":"<p>Menu Neodent, Caso Cl\u00ednico Preserva\u00e7\u00e3o alveolar: alternativa de planejamento quando invi\u00e1vel o implante imediato &#8211; Relato de caso ID Trabalho: 1108836 Autores: Nathalia Alves\u00a0 Gusm\u00e3o (Maximus<span class=\"excerpt-hellip\"> [\u2026]<\/span><\/p>\n","protected":false},"author":1,"featured_media":0,"parent":0,"menu_order":0,"comment_status":"closed","ping_status":"closed","template":"","meta":[],"_links":{"self":[{"href":"https:\/\/anaisneodentcongress.com.br\/2023\/wp-json\/wp\/v2\/pages\/989"}],"collection":[{"href":"https:\/\/anaisneodentcongress.com.br\/2023\/wp-json\/wp\/v2\/pages"}],"about":[{"href":"https:\/\/anaisneodentcongress.com.br\/2023\/wp-json\/wp\/v2\/types\/page"}],"author":[{"embeddable":true,"href":"https:\/\/anaisneodentcongress.com.br\/2023\/wp-json\/wp\/v2\/users\/1"}],"replies":[{"embeddable":true,"href":"https:\/\/anaisneodentcongress.com.br\/2023\/wp-json\/wp\/v2\/comments?post=989"}],"version-history":[{"count":7,"href":"https:\/\/anaisneodentcongress.com.br\/2023\/wp-json\/wp\/v2\/pages\/989\/revisions"}],"predecessor-version":[{"id":1016,"href":"https:\/\/anaisneodentcongress.com.br\/2023\/wp-json\/wp\/v2\/pages\/989\/revisions\/1016"}],"wp:attachment":[{"href":"https:\/\/anaisneodentcongress.com.br\/2023\/wp-json\/wp\/v2\/media?parent=989"}],"curies":[{"name":"wp","href":"https:\/\/api.w.org\/{rel}","templated":true}]}}