{"id":970,"date":"2023-05-12T16:26:25","date_gmt":"2023-05-12T19:26:25","guid":{"rendered":"https:\/\/anaisneodentcongress.com.br\/2023\/?page_id=970"},"modified":"2023-05-12T16:34:18","modified_gmt":"2023-05-12T19:34:18","slug":"remocao-total-do-flange-vestibular-como-metodo-diagnostico-durante-o-preparo-protetico-relato-de-caso","status":"publish","type":"page","link":"https:\/\/anaisneodentcongress.com.br\/2023\/remocao-total-do-flange-vestibular-como-metodo-diagnostico-durante-o-preparo-protetico-relato-de-caso\/","title":{"rendered":"Remo\u00e7\u00e3o total do flange vestibular como m\u00e9todo diagn\u00f3stico durante o preparo prot\u00e9tico \u2013 Relato de caso"},"content":{"rendered":"\t\t<div data-elementor-type=\"wp-page\" data-elementor-id=\"970\" class=\"elementor elementor-970\">\n\t\t\t\t\t\t\t<div class=\"elementor-element elementor-element-1f221f24 e-con-full e-flex e-con\" data-id=\"1f221f24\" data-element_type=\"container\" data-settings=\"{&quot;content_width&quot;:&quot;full&quot;,&quot;background_background&quot;:&quot;classic&quot;}\">\n\t\t<div class=\"elementor-element elementor-element-593dcaf3 e-con-full e-flex e-con\" data-id=\"593dcaf3\" data-element_type=\"container\" data-settings=\"{&quot;content_width&quot;:&quot;full&quot;}\">\n\t\t\t\t<\/div>\n\t\t<div class=\"elementor-element elementor-element-61413d94 e-con-full e-flex e-con\" data-id=\"61413d94\" data-element_type=\"container\" data-settings=\"{&quot;content_width&quot;:&quot;full&quot;,&quot;background_background&quot;:&quot;classic&quot;}\">\n\t\t<div class=\"elementor-element elementor-element-2c367ae9 e-con-boxed e-flex e-con\" data-id=\"2c367ae9\" data-element_type=\"container\" data-settings=\"{&quot;content_width&quot;:&quot;boxed&quot;}\">\n\t\t\t\t\t<div class=\"e-con-inner\">\n\t\t\t\t<div class=\"elementor-element elementor-element-4f3955cf elementor-widget elementor-widget-heading\" data-id=\"4f3955cf\" data-element_type=\"widget\" data-widget_type=\"heading.default\">\n\t\t\t\t<div class=\"elementor-widget-container\">\n\t\t\t<style>\/*! elementor - v3.13.2 - 11-05-2023 *\/\n.elementor-heading-title{padding:0;margin:0;line-height:1}.elementor-widget-heading .elementor-heading-title[class*=elementor-size-]>a{color:inherit;font-size:inherit;line-height:inherit}.elementor-widget-heading .elementor-heading-title.elementor-size-small{font-size:15px}.elementor-widget-heading .elementor-heading-title.elementor-size-medium{font-size:19px}.elementor-widget-heading .elementor-heading-title.elementor-size-large{font-size:29px}.elementor-widget-heading .elementor-heading-title.elementor-size-xl{font-size:39px}.elementor-widget-heading .elementor-heading-title.elementor-size-xxl{font-size:59px}<\/style><h2 class=\"elementor-heading-title elementor-size-default\"><a href=\"\/2023\/menu-neodent-caso-clinico\/\">Menu<\/a><\/h2>\t\t<\/div>\n\t\t\t\t<\/div>\n\t\t\t\t<div class=\"elementor-element elementor-element-58a21439 elementor-widget elementor-widget-heading\" data-id=\"58a21439\" data-element_type=\"widget\" data-widget_type=\"heading.default\">\n\t\t\t\t<div class=\"elementor-widget-container\">\n\t\t\t<h2 class=\"elementor-heading-title elementor-size-default\"><a href=\"\/2023\/menu-neodent-caso-clinico\/\">Neodent, Caso Cl\u00ednico<\/a><\/h2>\t\t<\/div>\n\t\t\t\t<\/div>\n\t\t\t\t\t<\/div>\n\t\t\t\t<\/div>\n\t\t<div class=\"elementor-element elementor-element-3f8f372a e-con-boxed e-flex e-con\" data-id=\"3f8f372a\" data-element_type=\"container\" data-settings=\"{&quot;content_width&quot;:&quot;boxed&quot;}\">\n\t\t\t\t\t<div class=\"e-con-inner\">\n\t\t\t\t<div class=\"elementor-element elementor-element-18ff2323 elementor-widget elementor-widget-heading\" data-id=\"18ff2323\" data-element_type=\"widget\" data-widget_type=\"heading.default\">\n\t\t\t\t<div class=\"elementor-widget-container\">\n\t\t\t<h2 class=\"elementor-heading-title elementor-size-default\">Remo\u00e7\u00e3o total do flange vestibular como m\u00e9todo diagn\u00f3stico durante o preparo prot\u00e9tico \u2013 Relato de caso<\/h2>\t\t<\/div>\n\t\t\t\t<\/div>\n\t\t\t\t\t<\/div>\n\t\t\t\t<\/div>\n\t\t\t\t<div class=\"elementor-element elementor-element-1b3fba5 elementor-widget elementor-widget-text-editor\" data-id=\"1b3fba5\" data-element_type=\"widget\" data-widget_type=\"text-editor.default\">\n\t\t\t\t<div class=\"elementor-widget-container\">\n\t\t\t<style>\/*! elementor - v3.13.2 - 11-05-2023 *\/\n.elementor-widget-text-editor.elementor-drop-cap-view-stacked .elementor-drop-cap{background-color:#69727d;color:#fff}.elementor-widget-text-editor.elementor-drop-cap-view-framed .elementor-drop-cap{color:#69727d;border:3px solid;background-color:transparent}.elementor-widget-text-editor:not(.elementor-drop-cap-view-default) .elementor-drop-cap{margin-top:8px}.elementor-widget-text-editor:not(.elementor-drop-cap-view-default) .elementor-drop-cap-letter{width:1em;height:1em}.elementor-widget-text-editor .elementor-drop-cap{float:left;text-align:center;line-height:1;font-size:50px}.elementor-widget-text-editor .elementor-drop-cap-letter{display:inline-block}<\/style>\t\t\t\t<p><span style=\"color: #e8307c;\"><strong>ID Trabalho:<\/strong> 1108834<\/span><\/p><p><strong>Autores: <\/strong>Stephanie Gomes Assun\u00e7\u00e3o\u00a0 Alves (Ilapeo &#8211; Curitiba &#8211; PR &#8211; Brasil), Lorena Gon\u00e7alves\u00a0 Alexandrino (Ilapeo &#8211; Curitiba &#8211; PR &#8211; Brasil), Gustavo\u00a0 Eduardo\u00a0 Casagrande (Ilapeo &#8211; Curitiba &#8211; PR &#8211; Brasil), Ivete Aparecida de Mattias Sartori (Ilapeo &#8211; Curitiba &#8211; PR &#8211; Brasil)<\/p><p><strong>Institui\u00e7\u00f5es dos autores:<\/strong> Ilapeo &#8211; Curitiba &#8211; PR &#8211; Brasil<\/p><p>visam a reabilita\u00e7\u00e3o de \u00e1reas ed\u00eantulas atrav\u00e9s do restabelecimento est\u00e9tico, fon\u00e9tico e funcional, devolvendo fun\u00e7\u00e3o mastigat\u00f3ria mais eficiente. Durante o preparo prot\u00e9tico pr\u00e9vio o flange vestibular \u00e9 removido para avaliar o suporte labial, fazer uma proje\u00e7\u00e3o do desenho da futura pr\u00f3tese e conhecer o espa\u00e7o presente para determinar o tipo de reabilita\u00e7\u00e3o mais adequado. Estudos tem mostrado que ao proceder dessa maneira ainda est\u00e3o ocorrendo problemas no setor posterior, como falta de espa\u00e7o vertical para um desenho adequado da barra e desenhos internos c\u00f4ncavos, que dificultam o acesso \u00e0 higieniza\u00e7\u00e3o, alertando para a necessidade de mais cuidados.<\/p><p><strong>Relato do caso: <\/strong>Paciente procurou atendimento odontol\u00f3gico na Faculdade Ilapeo insatisfeita com a estabilidade e desconforto da pr\u00f3tese total superior. Durante o preparo prot\u00e9tico pr\u00e9vio foi feita a remo\u00e7\u00e3o do flange no setor posterior, cuidado que permitiu entender a necessidade de osteotomia durante a cirurgia, proporcionando espa\u00e7o suficiente para a barra, acr\u00edlico e dentes de estoque na pr\u00f3tese que foi instalada. Fato importante considerando ser essa uma zona com maiores esfor\u00e7os mastigat\u00f3rios e que, tamb\u00e9m, permitiu a confec\u00e7\u00e3o do desenho interno correto na pr\u00f3tese, que garantir\u00e1 o acesso para correta higiene.<\/p><p><strong>Conclus\u00e3o ou considera\u00e7\u00f5es finais: <\/strong>Conclui-se que a remo\u00e7\u00e3o total do flange vestibular no momento da prova dos dentes em cera \u00e9 um diferencial na abordagem dos casos e que deveria sempre ser adotado para garantir menor margem de erros e maior longevidade no tratamento reabilitador proposto.<\/p><p><strong>Discuss\u00e3o e conclus\u00f5es: <\/strong><\/p><p><strong>Palavras chave: <\/strong>Implantes Dent\u00e1rios. Pr\u00f3tese Dent\u00e1ria. Planejamento de Pr\u00f3tese Dent\u00e1ria. Pr\u00f3tese Dent\u00e1ria Fixada por Implante<\/p>\t\t\t\t\t\t<\/div>\n\t\t\t\t<\/div>\n\t\t\t\t<div class=\"elementor-element elementor-element-3cbdfbf4 elementor-widget elementor-widget-shortcode\" data-id=\"3cbdfbf4\" data-element_type=\"widget\" data-widget_type=\"shortcode.default\">\n\t\t\t\t<div class=\"elementor-widget-container\">\n\t\t\t\t\t<div class=\"elementor-shortcode\"><a href=\"javascript:history.back(1)\" target=\"_self\"><img decoding=\"async\" src=\"..\/wp-content\/uploads\/2023\/05\/bot-voltar.png\" widht=\"103\" height=\"28\" border=\"0\"><\/a> <\/div>\n\t\t\t\t<\/div>\n\t\t\t\t<\/div>\n\t\t\t\t<\/div>\n\t\t<div class=\"elementor-element elementor-element-3f8f9c85 e-con-full e-flex e-con\" data-id=\"3f8f9c85\" data-element_type=\"container\" data-settings=\"{&quot;content_width&quot;:&quot;full&quot;}\">\n\t\t\t\t<\/div>\n\t\t\t\t<\/div>\n\t\t\t\t\t\t\t<\/div>\n\t\t","protected":false},"excerpt":{"rendered":"<p>Menu Neodent, Caso Cl\u00ednico Remo\u00e7\u00e3o total do flange vestibular como m\u00e9todo diagn\u00f3stico durante o preparo prot\u00e9tico \u2013 Relato de caso ID Trabalho: 1108834 Autores: Stephanie Gomes<span class=\"excerpt-hellip\"> [\u2026]<\/span><\/p>\n","protected":false},"author":1,"featured_media":0,"parent":0,"menu_order":0,"comment_status":"closed","ping_status":"closed","template":"","meta":[],"_links":{"self":[{"href":"https:\/\/anaisneodentcongress.com.br\/2023\/wp-json\/wp\/v2\/pages\/970"}],"collection":[{"href":"https:\/\/anaisneodentcongress.com.br\/2023\/wp-json\/wp\/v2\/pages"}],"about":[{"href":"https:\/\/anaisneodentcongress.com.br\/2023\/wp-json\/wp\/v2\/types\/page"}],"author":[{"embeddable":true,"href":"https:\/\/anaisneodentcongress.com.br\/2023\/wp-json\/wp\/v2\/users\/1"}],"replies":[{"embeddable":true,"href":"https:\/\/anaisneodentcongress.com.br\/2023\/wp-json\/wp\/v2\/comments?post=970"}],"version-history":[{"count":16,"href":"https:\/\/anaisneodentcongress.com.br\/2023\/wp-json\/wp\/v2\/pages\/970\/revisions"}],"predecessor-version":[{"id":1013,"href":"https:\/\/anaisneodentcongress.com.br\/2023\/wp-json\/wp\/v2\/pages\/970\/revisions\/1013"}],"wp:attachment":[{"href":"https:\/\/anaisneodentcongress.com.br\/2023\/wp-json\/wp\/v2\/media?parent=970"}],"curies":[{"name":"wp","href":"https:\/\/api.w.org\/{rel}","templated":true}]}}

Remoção total do flange vestibular como método diagnóstico durante o preparo protético – Relato de caso

<div data-elementor-type="wp-page" data-elementor-id="970" class="elementor elementor-970">
							<div class="elementor-element elementor-element-1f221f24 e-con-full e-flex e-con" data-id="1f221f24" data-element_type="container" data-settings="{&quot;content_width&quot;:&quot;full&quot;,&quot;background_background&quot;:&quot;classic&quot;}">
		<div class="elementor-element elementor-element-593dcaf3 e-con-full e-flex e-con" data-id="593dcaf3" data-element_type="container" data-settings="{&quot;content_width&quot;:&quot;full&quot;}">
				</div>
		<div class="elementor-element elementor-element-61413d94 e-con-full e-flex e-con" data-id="61413d94" data-element_type="container" data-settings="{&quot;content_width&quot;:&quot;full&quot;,&quot;background_background&quot;:&quot;classic&quot;}">
		<div class="elementor-element elementor-element-2c367ae9 e-con-boxed e-flex e-con" data-id="2c367ae9" data-element_type="container" data-settings="{&quot;content_width&quot;:&quot;boxed&quot;}">
					<div class="e-con-inner">
				<div class="elementor-element elementor-element-4f3955cf elementor-widget elementor-widget-heading" data-id="4f3955cf" data-element_type="widget" data-widget_type="heading.default">
				<div class="elementor-widget-container">
			<style>/*! elementor - v3.13.2 - 11-05-2023 */
.elementor-heading-title{padding:0;margin:0;line-height:1}.elementor-widget-heading .elementor-heading-title[class*=elementor-size-]>a{color:inherit;font-size:inherit;line-height:inherit}.elementor-widget-heading .elementor-heading-title.elementor-size-small{font-size:15px}.elementor-widget-heading .elementor-heading-title.elementor-size-medium{font-size:19px}.elementor-widget-heading .elementor-heading-title.elementor-size-large{font-size:29px}.elementor-widget-heading .elementor-heading-title.elementor-size-xl{font-size:39px}.elementor-widget-heading .elementor-heading-title.elementor-size-xxl{font-size:59px}</style><h2 class="elementor-heading-title elementor-size-default"><a href="/2023/menu-neodent-caso-clinico/">Menu</a></h2>		</div>
				</div>
				<div class="elementor-element elementor-element-58a21439 elementor-widget elementor-widget-heading" data-id="58a21439" data-element_type="widget" data-widget_type="heading.default">
				<div class="elementor-widget-container">
			<h2 class="elementor-heading-title elementor-size-default"><a href="/2023/menu-neodent-caso-clinico/">Neodent, Caso Clínico</a></h2>		</div>
				</div>
					</div>
				</div>
		<div class="elementor-element elementor-element-3f8f372a e-con-boxed e-flex e-con" data-id="3f8f372a" data-element_type="container" data-settings="{&quot;content_width&quot;:&quot;boxed&quot;}">
					<div class="e-con-inner">
				<div class="elementor-element elementor-element-18ff2323 elementor-widget elementor-widget-heading" data-id="18ff2323" data-element_type="widget" data-widget_type="heading.default">
				<div class="elementor-widget-container">
			<h2 class="elementor-heading-title elementor-size-default">Remoção total do flange vestibular como método diagnóstico durante o preparo protético – Relato de caso</h2>		</div>
				</div>
					</div>
				</div>
				<div class="elementor-element elementor-element-1b3fba5 elementor-widget elementor-widget-text-editor" data-id="1b3fba5" data-element_type="widget" data-widget_type="text-editor.default">
				<div class="elementor-widget-container">
			<style>/*! elementor - v3.13.2 - 11-05-2023 */
.elementor-widget-text-editor.elementor-drop-cap-view-stacked .elementor-drop-cap{background-color:#69727d;color:#fff}.elementor-widget-text-editor.elementor-drop-cap-view-framed .elementor-drop-cap{color:#69727d;border:3px solid;background-color:transparent}.elementor-widget-text-editor:not(.elementor-drop-cap-view-default) .elementor-drop-cap{margin-top:8px}.elementor-widget-text-editor:not(.elementor-drop-cap-view-default) .elementor-drop-cap-letter{width:1em;height:1em}.elementor-widget-text-editor .elementor-drop-cap{float:left;text-align:center;line-height:1;font-size:50px}.elementor-widget-text-editor .elementor-drop-cap-letter{display:inline-block}</style>				<p><span style="color: #e8307c;"><strong>ID Trabalho:</strong> 1108834</span></p><p><strong>Autores: </strong>Stephanie Gomes Assunção  Alves (Ilapeo &#8211; Curitiba &#8211; PR &#8211; Brasil), Lorena Gonçalves  Alexandrino (Ilapeo &#8211; Curitiba &#8211; PR &#8211; Brasil), Gustavo  Eduardo  Casagrande (Ilapeo &#8211; Curitiba &#8211; PR &#8211; Brasil), Ivete Aparecida de Mattias Sartori (Ilapeo &#8211; Curitiba &#8211; PR &#8211; Brasil)</p><p><strong>Instituições dos autores:</strong> Ilapeo &#8211; Curitiba &#8211; PR &#8211; Brasil</p><p>visam a reabilitação de áreas edêntulas através do restabelecimento estético, fonético e funcional, devolvendo função mastigatória mais eficiente. Durante o preparo protético prévio o flange vestibular é removido para avaliar o suporte labial, fazer uma projeção do desenho da futura prótese e conhecer o espaço presente para determinar o tipo de reabilitação mais adequado. Estudos tem mostrado que ao proceder dessa maneira ainda estão ocorrendo problemas no setor posterior, como falta de espaço vertical para um desenho adequado da barra e desenhos internos côncavos, que dificultam o acesso à higienização, alertando para a necessidade de mais cuidados.</p><p><strong>Relato do caso: </strong>Paciente procurou atendimento odontológico na Faculdade Ilapeo insatisfeita com a estabilidade e desconforto da prótese total superior. Durante o preparo protético prévio foi feita a remoção do flange no setor posterior, cuidado que permitiu entender a necessidade de osteotomia durante a cirurgia, proporcionando espaço suficiente para a barra, acrílico e dentes de estoque na prótese que foi instalada. Fato importante considerando ser essa uma zona com maiores esforços mastigatórios e que, também, permitiu a confecção do desenho interno correto na prótese, que garantirá o acesso para correta higiene.</p><p><strong>Conclusão ou considerações finais: </strong>Conclui-se que a remoção total do flange vestibular no momento da prova dos dentes em cera é um diferencial na abordagem dos casos e que deveria sempre ser adotado para garantir menor margem de erros e maior longevidade no tratamento reabilitador proposto.</p><p><strong>Discussão e conclusões: </strong></p><p><strong>Palavras chave: </strong>Implantes Dentários. Prótese Dentária. Planejamento de Prótese Dentária. Prótese Dentária Fixada por Implante</p>						</div>
				</div>
				<div class="elementor-element elementor-element-3cbdfbf4 elementor-widget elementor-widget-shortcode" data-id="3cbdfbf4" data-element_type="widget" data-widget_type="shortcode.default">
				<div class="elementor-widget-container">
					<div class="elementor-shortcode"><a href="javascript:history.back(1)" target="_self"><img decoding="async" src="../wp-content/uploads/2023/05/bot-voltar.png" widht="103" height="28" border="0"></a> </div>
				</div>
				</div>
				</div>
		<div class="elementor-element elementor-element-3f8f9c85 e-con-full e-flex e-con" data-id="3f8f9c85" data-element_type="container" data-settings="{&quot;content_width&quot;:&quot;full&quot;}">
				</div>
				</div>
							</div>

<p>Menu Neodent, Caso Clínico Remoção total do flange vestibular como método diagnóstico durante o preparo protético – Relato de caso ID Trabalho: 1108834 Autores: Stephanie Gomes<span class="excerpt-hellip"> […]</span></p>
