{"id":900,"date":"2023-05-12T15:28:53","date_gmt":"2023-05-12T18:28:53","guid":{"rendered":"https:\/\/anaisneodentcongress.com.br\/2023\/?page_id=900"},"modified":"2023-05-17T16:51:56","modified_gmt":"2023-05-17T19:51:56","slug":"avaliacao-histologica-e-micro-ct-de-implantes-helix-grand-morse-estudo-preliminar-em-cao","status":"publish","type":"page","link":"https:\/\/anaisneodentcongress.com.br\/2023\/avaliacao-histologica-e-micro-ct-de-implantes-helix-grand-morse-estudo-preliminar-em-cao\/","title":{"rendered":"Avalia\u00e7\u00e3o histol\u00f3gica e micro-CT de implantes Helix Grand Morse: Estudo preliminar em c\u00e3o"},"content":{"rendered":"\t\t<div data-elementor-type=\"wp-page\" data-elementor-id=\"900\" class=\"elementor elementor-900\">\n\t\t\t\t\t\t\t<div class=\"elementor-element elementor-element-31f3e22b e-con-full e-flex e-con\" data-id=\"31f3e22b\" data-element_type=\"container\" data-settings=\"{&quot;content_width&quot;:&quot;full&quot;,&quot;background_background&quot;:&quot;classic&quot;}\">\n\t\t<div class=\"elementor-element elementor-element-6a9268fc e-con-full e-flex e-con\" data-id=\"6a9268fc\" data-element_type=\"container\" data-settings=\"{&quot;content_width&quot;:&quot;full&quot;}\">\n\t\t\t\t<\/div>\n\t\t<div class=\"elementor-element elementor-element-7ef12b22 e-con-full e-flex e-con\" data-id=\"7ef12b22\" data-element_type=\"container\" data-settings=\"{&quot;content_width&quot;:&quot;full&quot;,&quot;background_background&quot;:&quot;classic&quot;}\">\n\t\t<div class=\"elementor-element elementor-element-233da050 e-con-boxed e-flex e-con\" data-id=\"233da050\" data-element_type=\"container\" data-settings=\"{&quot;content_width&quot;:&quot;boxed&quot;}\">\n\t\t\t\t\t<div class=\"e-con-inner\">\n\t\t\t\t<div class=\"elementor-element elementor-element-6925788c elementor-widget elementor-widget-heading\" data-id=\"6925788c\" data-element_type=\"widget\" data-widget_type=\"heading.default\">\n\t\t\t\t<div class=\"elementor-widget-container\">\n\t\t\t<style>\/*! elementor - v3.13.2 - 11-05-2023 *\/\n.elementor-heading-title{padding:0;margin:0;line-height:1}.elementor-widget-heading .elementor-heading-title[class*=elementor-size-]>a{color:inherit;font-size:inherit;line-height:inherit}.elementor-widget-heading .elementor-heading-title.elementor-size-small{font-size:15px}.elementor-widget-heading .elementor-heading-title.elementor-size-medium{font-size:19px}.elementor-widget-heading .elementor-heading-title.elementor-size-large{font-size:29px}.elementor-widget-heading .elementor-heading-title.elementor-size-xl{font-size:39px}.elementor-widget-heading .elementor-heading-title.elementor-size-xxl{font-size:59px}<\/style><h2 class=\"elementor-heading-title elementor-size-default\"><a href=\"\/2023\/menu-neodent-pesquisa\/\">Menu<\/a><\/h2>\t\t<\/div>\n\t\t\t\t<\/div>\n\t\t\t\t<div class=\"elementor-element elementor-element-71c3ca87 elementor-widget elementor-widget-heading\" data-id=\"71c3ca87\" data-element_type=\"widget\" data-widget_type=\"heading.default\">\n\t\t\t\t<div class=\"elementor-widget-container\">\n\t\t\t<h2 class=\"elementor-heading-title elementor-size-default\"><a href=\"\/2023\/menu-neodent-pesquisa\/\">Neodent, Pesquisa<\/a><\/h2>\t\t<\/div>\n\t\t\t\t<\/div>\n\t\t\t\t\t<\/div>\n\t\t\t\t<\/div>\n\t\t<div class=\"elementor-element elementor-element-61e3908e e-con-boxed e-flex e-con\" data-id=\"61e3908e\" data-element_type=\"container\" data-settings=\"{&quot;content_width&quot;:&quot;boxed&quot;}\">\n\t\t\t\t\t<div class=\"e-con-inner\">\n\t\t\t\t<div class=\"elementor-element elementor-element-12194653 elementor-widget elementor-widget-heading\" data-id=\"12194653\" data-element_type=\"widget\" data-widget_type=\"heading.default\">\n\t\t\t\t<div class=\"elementor-widget-container\">\n\t\t\t<h2 class=\"elementor-heading-title elementor-size-default\">Avalia\u00e7\u00e3o histol\u00f3gica e micro-CT de implantes Helix Grand Morse: Estudo preliminar em c\u00e3o<\/h2>\t\t<\/div>\n\t\t\t\t<\/div>\n\t\t\t\t\t<\/div>\n\t\t\t\t<\/div>\n\t\t\t\t<div class=\"elementor-element elementor-element-5447a719 elementor-widget elementor-widget-text-editor\" data-id=\"5447a719\" data-element_type=\"widget\" data-widget_type=\"text-editor.default\">\n\t\t\t\t<div class=\"elementor-widget-container\">\n\t\t\t<style>\/*! elementor - v3.13.2 - 11-05-2023 *\/\n.elementor-widget-text-editor.elementor-drop-cap-view-stacked .elementor-drop-cap{background-color:#69727d;color:#fff}.elementor-widget-text-editor.elementor-drop-cap-view-framed .elementor-drop-cap{color:#69727d;border:3px solid;background-color:transparent}.elementor-widget-text-editor:not(.elementor-drop-cap-view-default) .elementor-drop-cap{margin-top:8px}.elementor-widget-text-editor:not(.elementor-drop-cap-view-default) .elementor-drop-cap-letter{width:1em;height:1em}.elementor-widget-text-editor .elementor-drop-cap{float:left;text-align:center;line-height:1;font-size:50px}.elementor-widget-text-editor .elementor-drop-cap-letter{display:inline-block}<\/style>\t\t\t\t<p><span style=\"color: #e8307c;\"><strong>ID Trabalho:<\/strong> 1108935<\/span><\/p><p><strong>Autores: <\/strong>Maria Angelica Araujo (Ilapeo &#8211; BAURU &#8211; SP &#8211; Brasil)<\/p><p><strong>Institui\u00e7\u00f5es dos autores:<\/strong> Ilapeo &#8211; BAURU &#8211; SP &#8211; Brasil<\/p><p><strong>Introdu\u00e7\u00e3o: <\/strong>A import\u00e2ncia do design do implante tem sido bem documentada nas \u00faltimas d\u00e9cadas como fator cr\u00edtico para alcan\u00e7ar a osseointegra\u00e7\u00e3o e a carga imediata.\u00a0 Conex\u00f5es c\u00f4nicas internas, ou jun\u00e7\u00f5es c\u00f4nicas apresentam comportamento superior no que diz respeito \u00e0 estabilidade tecidual e desempenho mec\u00e2nico. A introdu\u00e7\u00e3o dos implantes com jun\u00e7\u00e3o c\u00f4nica aos pilares prot\u00e9ticos trouxe uma revolu\u00e7\u00e3o ao conceito da reabilita\u00e7\u00e3o oral. Os protocolos de instala\u00e7\u00e3o de implantes morse com base nas pesquisas realizadas nos \u00faltimos vinte anos tem sido aperfei\u00e7oados de forma a sugerir a instala\u00e7\u00e3o sub-crestal.<\/p><p><strong>Objetivos: <\/strong>O objetivo deste trabalho \u00e9 mostrar o contato osso-implante (BIC)assim como as caracter\u00edsticas dos tecidos periimplantares e sua rela\u00e7\u00e3o com a superf\u00edcies do implante e dos componentes prot\u00e9ticos.<\/p><p><strong>Material e m\u00e9todos: <\/strong>5 implantes GM foram instalados imediatamente ap\u00f3s exodontias na hemi-mand\u00edbula de um c\u00e3o a 2,0mm abaixo da crista \u00f3ssea. Pilares prot\u00e9ticos foram instalados e os implantes submetidos a carga imediata. Ap\u00f3s 2 meses foi realizada a eutan\u00e1sia, a coleta e processamento das amostras para avalia\u00e7\u00e3o histol\u00f3gica em microscopia \u00f3tica ,de luz polarizada e\u00a0 micro-CT.<\/p><p><strong>Resultados: <\/strong>Excelente BIC; Presen\u00e7a de osso coronalmente aos implantes; Epit\u00e9lio oral queratinizado, sulcular e juncional bem definidos; Tecido conjuntivo sem sinais de inflama\u00e7\u00e3o; Identifica\u00e7\u00e3o e caracteriza\u00e7\u00e3o das fibras col\u00e1genas.<\/p><p><strong>Conclus\u00e3o: <\/strong>Dentro dos limites deste estudo podemos concluir que o implante Helix GM apresenta excelente potencial de osseointegra\u00e7\u00e3o\u00a0 e caracter\u00edsticas teciduais que sugerem estabilidade ao longo do tempo<\/p><p><strong>Palavras chave: <\/strong>histologia, micro-CT, implantes, implante imediato<\/p><p><strong>N\u00famero do protocolo de pesquisa: <\/strong>Este protocolo experimental foi aprovado pelo Comit\u00ea de \u00c9tica da Universidade de S\u00e3o Paulo, Bauru, SP, Brasil e registrado sob o n\u00famero 10\/2009.23<\/p>\t\t\t\t\t\t<\/div>\n\t\t\t\t<\/div>\n\t\t\t\t<div class=\"elementor-element elementor-element-83aa523 elementor-widget elementor-widget-shortcode\" data-id=\"83aa523\" data-element_type=\"widget\" data-widget_type=\"shortcode.default\">\n\t\t\t\t<div class=\"elementor-widget-container\">\n\t\t\t\t\t<div class=\"elementor-shortcode\"><a href=\"javascript:history.back(1)\" target=\"_self\"><img decoding=\"async\" src=\"..\/wp-content\/uploads\/2023\/05\/bot-voltar.png\" widht=\"103\" height=\"28\" border=\"0\"><\/a> <\/div>\n\t\t\t\t<\/div>\n\t\t\t\t<\/div>\n\t\t\t\t<\/div>\n\t\t<div class=\"elementor-element elementor-element-342fddd5 e-con-full e-flex e-con\" data-id=\"342fddd5\" data-element_type=\"container\" data-settings=\"{&quot;content_width&quot;:&quot;full&quot;}\">\n\t\t\t\t<\/div>\n\t\t\t\t<\/div>\n\t\t\t\t\t\t\t<\/div>\n\t\t","protected":false},"excerpt":{"rendered":"<p>Menu Neodent, Pesquisa Avalia\u00e7\u00e3o histol\u00f3gica e micro-CT de implantes Helix Grand Morse: Estudo preliminar em c\u00e3o ID Trabalho: 1108935 Autores: Maria Angelica Araujo (Ilapeo &#8211; BAURU<span class=\"excerpt-hellip\"> [\u2026]<\/span><\/p>\n","protected":false},"author":1,"featured_media":0,"parent":0,"menu_order":0,"comment_status":"closed","ping_status":"closed","template":"","meta":[],"_links":{"self":[{"href":"https:\/\/anaisneodentcongress.com.br\/2023\/wp-json\/wp\/v2\/pages\/900"}],"collection":[{"href":"https:\/\/anaisneodentcongress.com.br\/2023\/wp-json\/wp\/v2\/pages"}],"about":[{"href":"https:\/\/anaisneodentcongress.com.br\/2023\/wp-json\/wp\/v2\/types\/page"}],"author":[{"embeddable":true,"href":"https:\/\/anaisneodentcongress.com.br\/2023\/wp-json\/wp\/v2\/users\/1"}],"replies":[{"embeddable":true,"href":"https:\/\/anaisneodentcongress.com.br\/2023\/wp-json\/wp\/v2\/comments?post=900"}],"version-history":[{"count":10,"href":"https:\/\/anaisneodentcongress.com.br\/2023\/wp-json\/wp\/v2\/pages\/900\/revisions"}],"predecessor-version":[{"id":1581,"href":"https:\/\/anaisneodentcongress.com.br\/2023\/wp-json\/wp\/v2\/pages\/900\/revisions\/1581"}],"wp:attachment":[{"href":"https:\/\/anaisneodentcongress.com.br\/2023\/wp-json\/wp\/v2\/media?parent=900"}],"curies":[{"name":"wp","href":"https:\/\/api.w.org\/{rel}","templated":true}]}}