{"id":84,"date":"2023-05-11T11:24:33","date_gmt":"2023-05-11T14:24:33","guid":{"rendered":"https:\/\/anaisneodentcongress.com.br\/2023\/?page_id=84"},"modified":"2023-05-17T08:31:38","modified_gmt":"2023-05-17T11:31:38","slug":"palavra-do-ceo-neodent","status":"publish","type":"page","link":"https:\/\/anaisneodentcongress.com.br\/2023\/palavra-do-ceo-neodent\/","title":{"rendered":"Palavra do CEO Neodent"},"content":{"rendered":"\t\t<div data-elementor-type=\"wp-page\" data-elementor-id=\"84\" class=\"elementor elementor-84\">\n\t\t\t\t\t\t\t<div class=\"elementor-element elementor-element-799672ed e-con-full e-flex e-con\" data-id=\"799672ed\" data-element_type=\"container\" data-settings=\"{&quot;content_width&quot;:&quot;full&quot;,&quot;background_background&quot;:&quot;classic&quot;}\">\n\t\t<div class=\"elementor-element elementor-element-20cdbf61 e-con-full e-flex e-con\" data-id=\"20cdbf61\" data-element_type=\"container\" data-settings=\"{&quot;content_width&quot;:&quot;full&quot;}\">\n\t\t\t\t<\/div>\n\t\t<div class=\"elementor-element elementor-element-24a84686 e-con-full e-flex e-con\" data-id=\"24a84686\" data-element_type=\"container\" data-settings=\"{&quot;content_width&quot;:&quot;full&quot;,&quot;background_background&quot;:&quot;classic&quot;}\">\n\t\t\t\t<div class=\"elementor-element elementor-element-b2e9199 elementor-widget elementor-widget-image\" data-id=\"b2e9199\" data-element_type=\"widget\" data-widget_type=\"image.default\">\n\t\t\t\t<div class=\"elementor-widget-container\">\n\t\t\t<style>\/*! elementor - v3.13.2 - 11-05-2023 *\/\n.elementor-widget-image{text-align:center}.elementor-widget-image a{display:inline-block}.elementor-widget-image a img[src$=\".svg\"]{width:48px}.elementor-widget-image img{vertical-align:middle;display:inline-block}<\/style>\t\t\t\t\t\t\t\t\t\t\t\t<img decoding=\"async\" src=\"https:\/\/anaisneodentcongress.com.br\/2023\/wp-content\/uploads\/elementor\/thumbs\/img_mathias-ceo-q6b7wtllz8bubotoeronvr8i1gmpumhf6v63vj7qbk.png\" title=\"img_mathias-ceo\" alt=\"img_mathias-ceo\" loading=\"lazy\" \/>\t\t\t\t\t\t\t\t\t\t\t\t\t\t\t<\/div>\n\t\t\t\t<\/div>\n\t\t\t\t<div class=\"elementor-element elementor-element-9f60638 elementor-widget elementor-widget-heading\" data-id=\"9f60638\" data-element_type=\"widget\" data-widget_type=\"heading.default\">\n\t\t\t\t<div class=\"elementor-widget-container\">\n\t\t\t<style>\/*! elementor - v3.13.2 - 11-05-2023 *\/\n.elementor-heading-title{padding:0;margin:0;line-height:1}.elementor-widget-heading .elementor-heading-title[class*=elementor-size-]>a{color:inherit;font-size:inherit;line-height:inherit}.elementor-widget-heading .elementor-heading-title.elementor-size-small{font-size:15px}.elementor-widget-heading .elementor-heading-title.elementor-size-medium{font-size:19px}.elementor-widget-heading .elementor-heading-title.elementor-size-large{font-size:29px}.elementor-widget-heading .elementor-heading-title.elementor-size-xl{font-size:39px}.elementor-widget-heading .elementor-heading-title.elementor-size-xxl{font-size:59px}<\/style><h2 class=\"elementor-heading-title elementor-size-default\">Matthias Schupp<\/h2>\t\t<\/div>\n\t\t\t\t<\/div>\n\t\t\t\t<div class=\"elementor-element elementor-element-0d0a5d7 elementor-widget elementor-widget-heading\" data-id=\"0d0a5d7\" data-element_type=\"widget\" data-widget_type=\"heading.default\">\n\t\t\t\t<div class=\"elementor-widget-container\">\n\t\t\t<h2 class=\"elementor-heading-title elementor-size-default\">CEO da Neodent & EVP StraumannGroup LATAM<\/h2>\t\t<\/div>\n\t\t\t\t<\/div>\n\t\t\t\t<div class=\"elementor-element elementor-element-00016b9 elementor-widget elementor-widget-text-editor\" data-id=\"00016b9\" data-element_type=\"widget\" data-widget_type=\"text-editor.default\">\n\t\t\t\t<div class=\"elementor-widget-container\">\n\t\t\t<style>\/*! elementor - v3.13.2 - 11-05-2023 *\/\n.elementor-widget-text-editor.elementor-drop-cap-view-stacked .elementor-drop-cap{background-color:#69727d;color:#fff}.elementor-widget-text-editor.elementor-drop-cap-view-framed .elementor-drop-cap{color:#69727d;border:3px solid;background-color:transparent}.elementor-widget-text-editor:not(.elementor-drop-cap-view-default) .elementor-drop-cap{margin-top:8px}.elementor-widget-text-editor:not(.elementor-drop-cap-view-default) .elementor-drop-cap-letter{width:1em;height:1em}.elementor-widget-text-editor .elementor-drop-cap{float:left;text-align:center;line-height:1;font-size:50px}.elementor-widget-text-editor .elementor-drop-cap-letter{display:inline-block}<\/style>\t\t\t\t<p>\u00c9 com muita satisfa\u00e7\u00e3o que promovemos a 6\u00aa edi\u00e7\u00e3o do Neodent Congress que, este ano, trouxe como tema \u201cCelebre a Evolu\u00e7\u00e3o\u201d. Celebramos a evolu\u00e7\u00e3o da implantodontia, da tecnologia, do mercado, da est\u00e9tica, dos pacientes e da Neodent, que em 2023 completa 3 d\u00e9cadas criando sorrisos todos os dias.<br \/><br \/>Os congressistas do Neodent Congress, tiveram acesso a todas as solu\u00e7\u00f5es do Grupo Straumann no Brasil, implantes, alinhadores transparentes, resinas, biomateriais, scanners intraorais, e puderam conferir porque somos a parceira ideal para o desenvolvimento do seu neg\u00f3cio.<br \/><br \/>Como l\u00edderes do nosso segmento, sabemos a import\u00e2ncia de colocar voc\u00ea, nosso parceiro, no centro de tudo o que fazemos. Por isso, foi um prazer receb\u00ea-lo aqui na nossa casa, para celebrar os 30 anos da Neodent com a gente! Juntos fomentamos o conhecimento, compartilhamos inova\u00e7\u00f5es e transforma\u00e7\u00f5es, e exploramos como ser\u00e1 o futuro do nosso mercado.<br \/><br \/>Muito obrigado pela parceira!<\/p>\t\t\t\t\t\t<\/div>\n\t\t\t\t<\/div>\n\t\t\t\t<div class=\"elementor-element elementor-element-2da2767 elementor-widget elementor-widget-heading\" data-id=\"2da2767\" data-element_type=\"widget\" data-widget_type=\"heading.default\">\n\t\t\t\t<div class=\"elementor-widget-container\">\n\t\t\t<h2 class=\"elementor-heading-title elementor-size-default\"><a href=\"\/2023\/palavra-do-presidente-do-neodent-congress\/\">Palavra do Presidente do 6\u00ba Neodent International Congress \u2192<\/a><\/h2>\t\t<\/div>\n\t\t\t\t<\/div>\n\t\t\t\t<div class=\"elementor-element elementor-element-370cfed elementor-widget elementor-widget-heading\" data-id=\"370cfed\" data-element_type=\"widget\" data-widget_type=\"heading.default\">\n\t\t\t\t<div class=\"elementor-widget-container\">\n\t\t\t<h2 class=\"elementor-heading-title elementor-size-default\"><a href=\"\/2023\/palavra-do-diretor-cientifico-do-neodent-congress\/\">Palavra do Diretor Cient\u00edfico do 6\u00ba Neodent International Congress \u2192<\/a><\/h2>\t\t<\/div>\n\t\t\t\t<\/div>\n\t\t\t\t<\/div>\n\t\t<div class=\"elementor-element elementor-element-7421a4b4 e-con-full e-flex e-con\" data-id=\"7421a4b4\" data-element_type=\"container\" data-settings=\"{&quot;content_width&quot;:&quot;full&quot;}\">\n\t\t\t\t<\/div>\n\t\t\t\t<\/div>\n\t\t\t\t\t\t\t<\/div>\n\t\t","protected":false},"excerpt":{"rendered":"<p>Matthias Schupp CEO da Neodent &#038; EVP StraumannGroup LATAM \u00c9 com muita satisfa\u00e7\u00e3o que promovemos a 6\u00aa edi\u00e7\u00e3o do Neodent Congress que, este ano, trouxe como<span class=\"excerpt-hellip\"> [\u2026]<\/span><\/p>\n","protected":false},"author":1,"featured_media":0,"parent":0,"menu_order":0,"comment_status":"closed","ping_status":"closed","template":"","meta":[],"_links":{"self":[{"href":"https:\/\/anaisneodentcongress.com.br\/2023\/wp-json\/wp\/v2\/pages\/84"}],"collection":[{"href":"https:\/\/anaisneodentcongress.com.br\/2023\/wp-json\/wp\/v2\/pages"}],"about":[{"href":"https:\/\/anaisneodentcongress.com.br\/2023\/wp-json\/wp\/v2\/types\/page"}],"author":[{"embeddable":true,"href":"https:\/\/anaisneodentcongress.com.br\/2023\/wp-json\/wp\/v2\/users\/1"}],"replies":[{"embeddable":true,"href":"https:\/\/anaisneodentcongress.com.br\/2023\/wp-json\/wp\/v2\/comments?post=84"}],"version-history":[{"count":61,"href":"https:\/\/anaisneodentcongress.com.br\/2023\/wp-json\/wp\/v2\/pages\/84\/revisions"}],"predecessor-version":[{"id":1478,"href":"https:\/\/anaisneodentcongress.com.br\/2023\/wp-json\/wp\/v2\/pages\/84\/revisions\/1478"}],"wp:attachment":[{"href":"https:\/\/anaisneodentcongress.com.br\/2023\/wp-json\/wp\/v2\/media?parent=84"}],"curies":[{"name":"wp","href":"https:\/\/api.w.org\/{rel}","templated":true}]}}

<div data-elementor-type="wp-page" data-elementor-id="84" class="elementor elementor-84">
							<div class="elementor-element elementor-element-799672ed e-con-full e-flex e-con" data-id="799672ed" data-element_type="container" data-settings="{&quot;content_width&quot;:&quot;full&quot;,&quot;background_background&quot;:&quot;classic&quot;}">
		<div class="elementor-element elementor-element-20cdbf61 e-con-full e-flex e-con" data-id="20cdbf61" data-element_type="container" data-settings="{&quot;content_width&quot;:&quot;full&quot;}">
				</div>
		<div class="elementor-element elementor-element-24a84686 e-con-full e-flex e-con" data-id="24a84686" data-element_type="container" data-settings="{&quot;content_width&quot;:&quot;full&quot;,&quot;background_background&quot;:&quot;classic&quot;}">
				<div class="elementor-element elementor-element-b2e9199 elementor-widget elementor-widget-image" data-id="b2e9199" data-element_type="widget" data-widget_type="image.default">
				<div class="elementor-widget-container">
			<style>/*! elementor - v3.13.2 - 11-05-2023 */
.elementor-widget-image{text-align:center}.elementor-widget-image a{display:inline-block}.elementor-widget-image a img[src$=".svg"]{width:48px}.elementor-widget-image img{vertical-align:middle;display:inline-block}</style>												<img decoding="async" src="https://anaisneodentcongress.com.br/2023/wp-content/uploads/elementor/thumbs/img_mathias-ceo-q6b7wtllz8bubotoeronvr8i1gmpumhf6v63vj7qbk.png" title="img_mathias-ceo" alt="img_mathias-ceo" loading="lazy" />															</div>
				</div>
				<div class="elementor-element elementor-element-9f60638 elementor-widget elementor-widget-heading" data-id="9f60638" data-element_type="widget" data-widget_type="heading.default">
				<div class="elementor-widget-container">
			<style>/*! elementor - v3.13.2 - 11-05-2023 */
.elementor-heading-title{padding:0;margin:0;line-height:1}.elementor-widget-heading .elementor-heading-title[class*=elementor-size-]>a{color:inherit;font-size:inherit;line-height:inherit}.elementor-widget-heading .elementor-heading-title.elementor-size-small{font-size:15px}.elementor-widget-heading .elementor-heading-title.elementor-size-medium{font-size:19px}.elementor-widget-heading .elementor-heading-title.elementor-size-large{font-size:29px}.elementor-widget-heading .elementor-heading-title.elementor-size-xl{font-size:39px}.elementor-widget-heading .elementor-heading-title.elementor-size-xxl{font-size:59px}</style><h2 class="elementor-heading-title elementor-size-default">Matthias Schupp</h2>		</div>
				</div>
				<div class="elementor-element elementor-element-0d0a5d7 elementor-widget elementor-widget-heading" data-id="0d0a5d7" data-element_type="widget" data-widget_type="heading.default">
				<div class="elementor-widget-container">
			<h2 class="elementor-heading-title elementor-size-default">CEO da Neodent & EVP StraumannGroup LATAM</h2>		</div>
				</div>
				<div class="elementor-element elementor-element-00016b9 elementor-widget elementor-widget-text-editor" data-id="00016b9" data-element_type="widget" data-widget_type="text-editor.default">
				<div class="elementor-widget-container">
			<style>/*! elementor - v3.13.2 - 11-05-2023 */
.elementor-widget-text-editor.elementor-drop-cap-view-stacked .elementor-drop-cap{background-color:#69727d;color:#fff}.elementor-widget-text-editor.elementor-drop-cap-view-framed .elementor-drop-cap{color:#69727d;border:3px solid;background-color:transparent}.elementor-widget-text-editor:not(.elementor-drop-cap-view-default) .elementor-drop-cap{margin-top:8px}.elementor-widget-text-editor:not(.elementor-drop-cap-view-default) .elementor-drop-cap-letter{width:1em;height:1em}.elementor-widget-text-editor .elementor-drop-cap{float:left;text-align:center;line-height:1;font-size:50px}.elementor-widget-text-editor .elementor-drop-cap-letter{display:inline-block}</style>				<p>É com muita satisfação que promovemos a 6ª edição do Neodent Congress que, este ano, trouxe como tema “Celebre a Evolução”. Celebramos a evolução da implantodontia, da tecnologia, do mercado, da estética, dos pacientes e da Neodent, que em 2023 completa 3 décadas criando sorrisos todos os dias.<br /><br />Os congressistas do Neodent Congress, tiveram acesso a todas as soluções do Grupo Straumann no Brasil, implantes, alinhadores transparentes, resinas, biomateriais, scanners intraorais, e puderam conferir porque somos a parceira ideal para o desenvolvimento do seu negócio.<br /><br />Como líderes do nosso segmento, sabemos a importância de colocar você, nosso parceiro, no centro de tudo o que fazemos. Por isso, foi um prazer recebê-lo aqui na nossa casa, para celebrar os 30 anos da Neodent com a gente! Juntos fomentamos o conhecimento, compartilhamos inovações e transformações, e exploramos como será o futuro do nosso mercado.<br /><br />Muito obrigado pela parceira!</p>						</div>
				</div>
				<div class="elementor-element elementor-element-2da2767 elementor-widget elementor-widget-heading" data-id="2da2767" data-element_type="widget" data-widget_type="heading.default">
				<div class="elementor-widget-container">
			<h2 class="elementor-heading-title elementor-size-default"><a href="/2023/palavra-do-presidente-do-neodent-congress/">Palavra do Presidente do 6º Neodent International Congress →</a></h2>		</div>
				</div>
				<div class="elementor-element elementor-element-370cfed elementor-widget elementor-widget-heading" data-id="370cfed" data-element_type="widget" data-widget_type="heading.default">
				<div class="elementor-widget-container">
			<h2 class="elementor-heading-title elementor-size-default"><a href="/2023/palavra-do-diretor-cientifico-do-neodent-congress/">Palavra do Diretor Científico do 6º Neodent International Congress →</a></h2>		</div>
				</div>
				</div>
		<div class="elementor-element elementor-element-7421a4b4 e-con-full e-flex e-con" data-id="7421a4b4" data-element_type="container" data-settings="{&quot;content_width&quot;:&quot;full&quot;}">
				</div>
				</div>
							</div>

<p>Matthias Schupp CEO da Neodent &#038; EVP StraumannGroup LATAM É com muita satisfação que promovemos a 6ª edição do Neodent Congress que, este ano, trouxe como<span class="excerpt-hellip"> […]</span></p>
