{"id":785,"date":"2023-05-11T18:00:12","date_gmt":"2023-05-11T21:00:12","guid":{"rendered":"https:\/\/anaisneodentcongress.com.br\/2023\/?page_id=785"},"modified":"2023-05-17T16:47:01","modified_gmt":"2023-05-17T19:47:01","slug":"ate-onde-o-planejamento-digital-pode-nos-levar-na-instalacao-de-implantes-e-proteses-utilizando-cirurgia-guiada","status":"publish","type":"page","link":"https:\/\/anaisneodentcongress.com.br\/2023\/ate-onde-o-planejamento-digital-pode-nos-levar-na-instalacao-de-implantes-e-proteses-utilizando-cirurgia-guiada\/","title":{"rendered":"At\u00e9 onde o planejamento digital pode nos levar na instala\u00e7\u00e3o de implantes e pr\u00f3teses utilizando cirurgia guiada?"},"content":{"rendered":"\t\t<div data-elementor-type=\"wp-page\" data-elementor-id=\"785\" class=\"elementor elementor-785\">\n\t\t\t\t\t\t\t<div class=\"elementor-element elementor-element-74165717 e-con-full e-flex e-con\" data-id=\"74165717\" data-element_type=\"container\" data-settings=\"{&quot;content_width&quot;:&quot;full&quot;,&quot;background_background&quot;:&quot;classic&quot;}\">\n\t\t<div class=\"elementor-element elementor-element-7f327196 e-con-full e-flex e-con\" data-id=\"7f327196\" data-element_type=\"container\" data-settings=\"{&quot;content_width&quot;:&quot;full&quot;}\">\n\t\t\t\t<\/div>\n\t\t<div class=\"elementor-element elementor-element-d4932be e-con-full e-flex e-con\" data-id=\"d4932be\" data-element_type=\"container\" data-settings=\"{&quot;content_width&quot;:&quot;full&quot;,&quot;background_background&quot;:&quot;classic&quot;}\">\n\t\t<div class=\"elementor-element elementor-element-6754dc5a e-con-boxed e-flex e-con\" data-id=\"6754dc5a\" data-element_type=\"container\" data-settings=\"{&quot;content_width&quot;:&quot;boxed&quot;}\">\n\t\t\t\t\t<div class=\"e-con-inner\">\n\t\t\t\t<div class=\"elementor-element elementor-element-20563b87 elementor-widget elementor-widget-heading\" data-id=\"20563b87\" data-element_type=\"widget\" data-widget_type=\"heading.default\">\n\t\t\t\t<div class=\"elementor-widget-container\">\n\t\t\t<style>\/*! elementor - v3.13.2 - 11-05-2023 *\/\n.elementor-heading-title{padding:0;margin:0;line-height:1}.elementor-widget-heading .elementor-heading-title[class*=elementor-size-]>a{color:inherit;font-size:inherit;line-height:inherit}.elementor-widget-heading .elementor-heading-title.elementor-size-small{font-size:15px}.elementor-widget-heading .elementor-heading-title.elementor-size-medium{font-size:19px}.elementor-widget-heading .elementor-heading-title.elementor-size-large{font-size:29px}.elementor-widget-heading .elementor-heading-title.elementor-size-xl{font-size:39px}.elementor-widget-heading .elementor-heading-title.elementor-size-xxl{font-size:59px}<\/style><h2 class=\"elementor-heading-title elementor-size-default\"><a href=\"\/2023\/menu-neodent-expertise\/\">Menu<\/a><\/h2>\t\t<\/div>\n\t\t\t\t<\/div>\n\t\t\t\t<div class=\"elementor-element elementor-element-6b524f46 elementor-widget elementor-widget-heading\" data-id=\"6b524f46\" data-element_type=\"widget\" data-widget_type=\"heading.default\">\n\t\t\t\t<div class=\"elementor-widget-container\">\n\t\t\t<h2 class=\"elementor-heading-title elementor-size-default\"><a href=\"\/2023\/menu-neodent-expertise\/\">Neodent, Expertise<\/a><\/h2>\t\t<\/div>\n\t\t\t\t<\/div>\n\t\t\t\t\t<\/div>\n\t\t\t\t<\/div>\n\t\t<div class=\"elementor-element elementor-element-6c25eb1 e-con-boxed e-flex e-con\" data-id=\"6c25eb1\" data-element_type=\"container\" data-settings=\"{&quot;content_width&quot;:&quot;boxed&quot;}\">\n\t\t\t\t\t<div class=\"e-con-inner\">\n\t\t\t\t<div class=\"elementor-element elementor-element-72a7ba53 elementor-widget elementor-widget-heading\" data-id=\"72a7ba53\" data-element_type=\"widget\" data-widget_type=\"heading.default\">\n\t\t\t\t<div class=\"elementor-widget-container\">\n\t\t\t<h2 class=\"elementor-heading-title elementor-size-default\">At\u00e9 onde o planejamento digital pode nos levar na instala\u00e7\u00e3o de implantes e pr\u00f3teses utilizando cirurgia guiada?<\/h2>\t\t<\/div>\n\t\t\t\t<\/div>\n\t\t\t\t\t<\/div>\n\t\t\t\t<\/div>\n\t\t\t\t<div class=\"elementor-element elementor-element-f39d18b elementor-widget elementor-widget-text-editor\" data-id=\"f39d18b\" data-element_type=\"widget\" data-widget_type=\"text-editor.default\">\n\t\t\t\t<div class=\"elementor-widget-container\">\n\t\t\t<style>\/*! elementor - v3.13.2 - 11-05-2023 *\/\n.elementor-widget-text-editor.elementor-drop-cap-view-stacked .elementor-drop-cap{background-color:#69727d;color:#fff}.elementor-widget-text-editor.elementor-drop-cap-view-framed .elementor-drop-cap{color:#69727d;border:3px solid;background-color:transparent}.elementor-widget-text-editor:not(.elementor-drop-cap-view-default) .elementor-drop-cap{margin-top:8px}.elementor-widget-text-editor:not(.elementor-drop-cap-view-default) .elementor-drop-cap-letter{width:1em;height:1em}.elementor-widget-text-editor .elementor-drop-cap{float:left;text-align:center;line-height:1;font-size:50px}.elementor-widget-text-editor .elementor-drop-cap-letter{display:inline-block}<\/style>\t\t\t\t<p><span style=\"color: #e8307c;\"><strong>ID Trabalho:<\/strong> 1108983<\/span><\/p><p><strong>Autores: <\/strong>CARLOS RENE CAMPOS PELEGRINI (ABO SOROCABA &#8211; SOROCABA &#8211; SP &#8211; Brasil)<\/p><p><strong>Institui\u00e7\u00f5es dos autores:<\/strong> ABO SOROCABA &#8211; SOROCABA &#8211; SP &#8211; Brasil<\/p><p><strong>Introdu\u00e7\u00e3o: <\/strong>A odontologia tem utilizado bastante a tecnologia nos \u00faltimos anos, principalmente com a utiliza\u00e7\u00e3o de sistemas CAD\/CAM (Computer-Aided Design\/Computer-Aided Manufacturing) para a confec\u00e7\u00e3o de pr\u00f3teses e planejamento virtual de implantes dent\u00e1rios. Essa t\u00e9cnica proporciona uma maior precis\u00e3o e efici\u00eancia, al\u00e9m de aumentar a previsibilidade dos resultados do tratamento de perda dent\u00e1ria, tornando o tratamento mais satisfat\u00f3rio e confort\u00e1vel para o paciente.<\/p><p><strong>Relato do caso: <\/strong>Paciente do sexo masculino, 75 anos, com perda de v\u00e1rios elementos dent\u00e1rios e comprometimento est\u00e9tico-funcional do aparelho mastigat\u00f3rio, apresentada uma proposta de reabilita\u00e7\u00e3o total dos arcos em duas etapas, sendo a primeira no arco superior e a posterior no arco inferior. A proposta incluiu a instala\u00e7\u00e3o de seis implantes no arco superior, planejados virtualmente e por meio de cirurgia guiada. A confec\u00e7\u00e3o da pr\u00f3tese fixa tipo PF1 foi feita por meio de impress\u00e3o 3D, com a utiliza\u00e7\u00e3o de cilindros de tit\u00e2nio cad\/cam GM para assentamento passivo na instala\u00e7\u00e3o.<\/p><p><strong>Conclus\u00e3o ou considera\u00e7\u00f5es finais: <\/strong>Sistemas CAD\/CAM na odontologia: efic\u00e1cia comprovada. O relato de caso apresentado refor\u00e7a esses benef\u00edcios, mostrando a aplica\u00e7\u00e3o da t\u00e9cnica em um paciente que necessitava de reabilita\u00e7\u00e3o total dos arcos. A utiliza\u00e7\u00e3o de implantes planejados virtualmente, cirurgia guiada, pr\u00f3tese fixa PF1 3D e assentamento passivo com cilindros de tit\u00e2nio permitiu \u00f3timos resultados. A t\u00e9cnica \u00e9 valiosa para melhorar a qualidade do tratamento de reabilita\u00e7\u00e3o oral.<\/p><p><strong>Palavras chave: <\/strong>CAD\/CAM &#8211; Odontologia &#8211; Implantes &#8211; Pr\u00f3tesespersonalizadas &#8211; Impress\u00e3o 3D &#8211; Cirurgiaguiada &#8211; Precis\u00e3o &#8211; Previsibilidade &#8211; Reabilita\u00e7\u00e3ooral &#8211; Assentamento passivo<\/p>\t\t\t\t\t\t<\/div>\n\t\t\t\t<\/div>\n\t\t\t\t<div class=\"elementor-element elementor-element-6c76c264 elementor-widget elementor-widget-shortcode\" data-id=\"6c76c264\" data-element_type=\"widget\" data-widget_type=\"shortcode.default\">\n\t\t\t\t<div class=\"elementor-widget-container\">\n\t\t\t\t\t<div class=\"elementor-shortcode\"><a href=\"javascript:history.back(1)\" target=\"_self\"><img decoding=\"async\" src=\"..\/wp-content\/uploads\/2023\/05\/bot-voltar.png\" widht=\"103\" height=\"28\" border=\"0\"><\/a> <\/div>\n\t\t\t\t<\/div>\n\t\t\t\t<\/div>\n\t\t\t\t<\/div>\n\t\t<div class=\"elementor-element elementor-element-216a5019 e-con-full e-flex e-con\" data-id=\"216a5019\" data-element_type=\"container\" data-settings=\"{&quot;content_width&quot;:&quot;full&quot;}\">\n\t\t\t\t<\/div>\n\t\t\t\t<\/div>\n\t\t\t\t\t\t\t<\/div>\n\t\t","protected":false},"excerpt":{"rendered":"<p>Menu Neodent, Expertise At\u00e9 onde o planejamento digital pode nos levar na instala\u00e7\u00e3o de implantes e pr\u00f3teses utilizando cirurgia guiada? ID Trabalho: 1108983 Autores: CARLOS RENE<span class=\"excerpt-hellip\"> [\u2026]<\/span><\/p>\n","protected":false},"author":1,"featured_media":0,"parent":0,"menu_order":0,"comment_status":"closed","ping_status":"closed","template":"","meta":[],"_links":{"self":[{"href":"https:\/\/anaisneodentcongress.com.br\/2023\/wp-json\/wp\/v2\/pages\/785"}],"collection":[{"href":"https:\/\/anaisneodentcongress.com.br\/2023\/wp-json\/wp\/v2\/pages"}],"about":[{"href":"https:\/\/anaisneodentcongress.com.br\/2023\/wp-json\/wp\/v2\/types\/page"}],"author":[{"embeddable":true,"href":"https:\/\/anaisneodentcongress.com.br\/2023\/wp-json\/wp\/v2\/users\/1"}],"replies":[{"embeddable":true,"href":"https:\/\/anaisneodentcongress.com.br\/2023\/wp-json\/wp\/v2\/comments?post=785"}],"version-history":[{"count":10,"href":"https:\/\/anaisneodentcongress.com.br\/2023\/wp-json\/wp\/v2\/pages\/785\/revisions"}],"predecessor-version":[{"id":1566,"href":"https:\/\/anaisneodentcongress.com.br\/2023\/wp-json\/wp\/v2\/pages\/785\/revisions\/1566"}],"wp:attachment":[{"href":"https:\/\/anaisneodentcongress.com.br\/2023\/wp-json\/wp\/v2\/media?parent=785"}],"curies":[{"name":"wp","href":"https:\/\/api.w.org\/{rel}","templated":true}]}}