{"id":746,"date":"2023-05-11T17:54:34","date_gmt":"2023-05-11T20:54:34","guid":{"rendered":"https:\/\/anaisneodentcongress.com.br\/2023\/?page_id=746"},"modified":"2023-05-17T17:29:53","modified_gmt":"2023-05-17T20:29:53","slug":"transformacao-digital-no-consultorio-as-mudancas-na-rotina-de-quem-avanca-para-esta-opcao","status":"publish","type":"page","link":"https:\/\/anaisneodentcongress.com.br\/2023\/transformacao-digital-no-consultorio-as-mudancas-na-rotina-de-quem-avanca-para-esta-opcao\/","title":{"rendered":"Transforma\u00e7\u00e3o digital no consult\u00f3rio. As mudan\u00e7as na rotina de quem avan\u00e7a para esta op\u00e7\u00e3o"},"content":{"rendered":"\t\t<div data-elementor-type=\"wp-page\" data-elementor-id=\"746\" class=\"elementor elementor-746\">\n\t\t\t\t\t\t\t<div class=\"elementor-element elementor-element-1845686e e-con-full e-flex e-con\" data-id=\"1845686e\" data-element_type=\"container\" data-settings=\"{&quot;content_width&quot;:&quot;full&quot;,&quot;background_background&quot;:&quot;classic&quot;}\">\n\t\t<div class=\"elementor-element elementor-element-7621c710 e-con-full e-flex e-con\" data-id=\"7621c710\" data-element_type=\"container\" data-settings=\"{&quot;content_width&quot;:&quot;full&quot;}\">\n\t\t\t\t<\/div>\n\t\t<div class=\"elementor-element elementor-element-6c9c829a e-con-full e-flex e-con\" data-id=\"6c9c829a\" data-element_type=\"container\" data-settings=\"{&quot;content_width&quot;:&quot;full&quot;,&quot;background_background&quot;:&quot;classic&quot;}\">\n\t\t<div class=\"elementor-element elementor-element-4512340e e-con-boxed e-flex e-con\" data-id=\"4512340e\" data-element_type=\"container\" data-settings=\"{&quot;content_width&quot;:&quot;boxed&quot;}\">\n\t\t\t\t\t<div class=\"e-con-inner\">\n\t\t\t\t<div class=\"elementor-element elementor-element-5a553a3b elementor-widget elementor-widget-heading\" data-id=\"5a553a3b\" data-element_type=\"widget\" data-widget_type=\"heading.default\">\n\t\t\t\t<div class=\"elementor-widget-container\">\n\t\t\t<style>\/*! elementor - v3.13.2 - 11-05-2023 *\/\n.elementor-heading-title{padding:0;margin:0;line-height:1}.elementor-widget-heading .elementor-heading-title[class*=elementor-size-]>a{color:inherit;font-size:inherit;line-height:inherit}.elementor-widget-heading .elementor-heading-title.elementor-size-small{font-size:15px}.elementor-widget-heading .elementor-heading-title.elementor-size-medium{font-size:19px}.elementor-widget-heading .elementor-heading-title.elementor-size-large{font-size:29px}.elementor-widget-heading .elementor-heading-title.elementor-size-xl{font-size:39px}.elementor-widget-heading .elementor-heading-title.elementor-size-xxl{font-size:59px}<\/style><h2 class=\"elementor-heading-title elementor-size-default\"><a href=\"\/2023\/menu-neodent-caso-clinico\/\">Menu<\/a><\/h2>\t\t<\/div>\n\t\t\t\t<\/div>\n\t\t\t\t<div class=\"elementor-element elementor-element-2e5939c1 elementor-widget elementor-widget-heading\" data-id=\"2e5939c1\" data-element_type=\"widget\" data-widget_type=\"heading.default\">\n\t\t\t\t<div class=\"elementor-widget-container\">\n\t\t\t<h2 class=\"elementor-heading-title elementor-size-default\"><a href=\"\/2023\/menu-neodent-caso-clinico\/\">Neoent, Caso Cl\u00ednico<\/a><\/h2>\t\t<\/div>\n\t\t\t\t<\/div>\n\t\t\t\t\t<\/div>\n\t\t\t\t<\/div>\n\t\t<div class=\"elementor-element elementor-element-23f1d6cb e-con-boxed e-flex e-con\" data-id=\"23f1d6cb\" data-element_type=\"container\" data-settings=\"{&quot;content_width&quot;:&quot;boxed&quot;}\">\n\t\t\t\t\t<div class=\"e-con-inner\">\n\t\t\t\t<div class=\"elementor-element elementor-element-649f1ca1 elementor-widget elementor-widget-heading\" data-id=\"649f1ca1\" data-element_type=\"widget\" data-widget_type=\"heading.default\">\n\t\t\t\t<div class=\"elementor-widget-container\">\n\t\t\t<h2 class=\"elementor-heading-title elementor-size-default\">Transforma\u00e7\u00e3o digital no consult\u00f3rio. As mudan\u00e7as na rotina de quem avan\u00e7a para esta op\u00e7\u00e3o<\/h2>\t\t<\/div>\n\t\t\t\t<\/div>\n\t\t\t\t\t<\/div>\n\t\t\t\t<\/div>\n\t\t\t\t<div class=\"elementor-element elementor-element-5d704bb0 elementor-widget elementor-widget-text-editor\" data-id=\"5d704bb0\" data-element_type=\"widget\" data-widget_type=\"text-editor.default\">\n\t\t\t\t<div class=\"elementor-widget-container\">\n\t\t\t<style>\/*! elementor - v3.13.2 - 11-05-2023 *\/\n.elementor-widget-text-editor.elementor-drop-cap-view-stacked .elementor-drop-cap{background-color:#69727d;color:#fff}.elementor-widget-text-editor.elementor-drop-cap-view-framed .elementor-drop-cap{color:#69727d;border:3px solid;background-color:transparent}.elementor-widget-text-editor:not(.elementor-drop-cap-view-default) .elementor-drop-cap{margin-top:8px}.elementor-widget-text-editor:not(.elementor-drop-cap-view-default) .elementor-drop-cap-letter{width:1em;height:1em}.elementor-widget-text-editor .elementor-drop-cap{float:left;text-align:center;line-height:1;font-size:50px}.elementor-widget-text-editor .elementor-drop-cap-letter{display:inline-block}<\/style>\t\t\t\t<p><span style=\"color: #e8307c;\"><strong>ID Trabalho:<\/strong> 1108942<\/span><\/p><p><strong>Autores: <\/strong>RODRIGO VIANNA SALINAS (Rodrigo Salinas Odontologia &#8211; Rio de Janeiro &#8211; RJ &#8211; Brasil)<\/p><p><strong>Institui\u00e7\u00f5es dos autores:<\/strong> Rodrigo Salinas Odontologia &#8211; Rio de Janeiro &#8211; RJ &#8211; Brasil<\/p><p><strong>Introdu\u00e7\u00e3o: <\/strong>Cada vez mais ouvimos falar em odontologia digital. O que de fato \u00e9 isso? Que mudan\u00e7as s\u00e3o necess\u00e1rias para entrar nesse mundo? As vantagens e desvantagens dessa op\u00e7\u00e3o.<\/p><p>Um breve relato dessa decis\u00e3o. A decis\u00e3o de entrar na odontologia digital.<\/p><p><strong>Relato do caso: <\/strong>As an\u00e1lises que foram feitas. O primeiro passo. O que foi levado em considera\u00e7\u00e3o para a aquisi\u00e7\u00e3o de um esc\u00e2ner intra oral como primeiro equipamento? Avalia\u00e7\u00e3o de custos, momento, pr\u00f3s e contras. O que muda na cl\u00ednica? A efetiva\u00e7\u00e3o da compra: O primeiro contato com o equipamento. O que afeta na cl\u00ednica. A rela\u00e7\u00e3o com aos laborat\u00f3rios. Custos de laborat\u00f3rio. Mudan\u00e7a no material cl\u00ednico? Curva de aprendizado. Ap\u00f3s algumas semanas como ficou a cl\u00ednica? Novos procedimentos. Maior intera\u00e7\u00e3o dos pacientes nas decis\u00f5es (planejamento na palma da m\u00e3o do paciente), softwares utilizados, ferramentas adicionadas na cl\u00ednica. Novas oportunidades de trabalho: Alinhadores, cirurgia guiada, planejamento digital, conte\u00fado de divulga\u00e7\u00e3o que acabam se formando, sem contar com o aumento da cumplicidade com as empresas parceiras: Clearcorrect, Straumann e Neodent.<\/p><p><strong>Conclus\u00e3o ou considera\u00e7\u00f5es finais: <\/strong>Esse relato tem como objetivo contribuir com a decis\u00e3o dos demais colegas quanto \u00e0 aquisi\u00e7\u00e3o de um esc\u00e2ner ou a transforma\u00e7\u00e3o digital na cl\u00ednica.<\/p><p><strong>Palavras chave: <\/strong>escaner, intra oral, digital, transforma\u00e7\u00e3o, odontologia, scanner<\/p>\t\t\t\t\t\t<\/div>\n\t\t\t\t<\/div>\n\t\t\t\t<div class=\"elementor-element elementor-element-db011a8 elementor-widget elementor-widget-shortcode\" data-id=\"db011a8\" data-element_type=\"widget\" data-widget_type=\"shortcode.default\">\n\t\t\t\t<div class=\"elementor-widget-container\">\n\t\t\t\t\t<div class=\"elementor-shortcode\"><a href=\"javascript:history.back(1)\" target=\"_self\"><img decoding=\"async\" src=\"..\/wp-content\/uploads\/2023\/05\/bot-voltar.png\" widht=\"103\" height=\"28\" border=\"0\"><\/a> <\/div>\n\t\t\t\t<\/div>\n\t\t\t\t<\/div>\n\t\t\t\t<\/div>\n\t\t<div class=\"elementor-element elementor-element-5487bcb9 e-con-full e-flex e-con\" data-id=\"5487bcb9\" data-element_type=\"container\" data-settings=\"{&quot;content_width&quot;:&quot;full&quot;}\">\n\t\t\t\t<\/div>\n\t\t\t\t<\/div>\n\t\t\t\t\t\t\t<\/div>\n\t\t","protected":false},"excerpt":{"rendered":"<p>Menu Neoent, Caso Cl\u00ednico Transforma\u00e7\u00e3o digital no consult\u00f3rio. As mudan\u00e7as na rotina de quem avan\u00e7a para esta op\u00e7\u00e3o ID Trabalho: 1108942 Autores: RODRIGO VIANNA SALINAS (Rodrigo<span class=\"excerpt-hellip\"> [\u2026]<\/span><\/p>\n","protected":false},"author":1,"featured_media":0,"parent":0,"menu_order":0,"comment_status":"closed","ping_status":"closed","template":"","meta":[],"_links":{"self":[{"href":"https:\/\/anaisneodentcongress.com.br\/2023\/wp-json\/wp\/v2\/pages\/746"}],"collection":[{"href":"https:\/\/anaisneodentcongress.com.br\/2023\/wp-json\/wp\/v2\/pages"}],"about":[{"href":"https:\/\/anaisneodentcongress.com.br\/2023\/wp-json\/wp\/v2\/types\/page"}],"author":[{"embeddable":true,"href":"https:\/\/anaisneodentcongress.com.br\/2023\/wp-json\/wp\/v2\/users\/1"}],"replies":[{"embeddable":true,"href":"https:\/\/anaisneodentcongress.com.br\/2023\/wp-json\/wp\/v2\/comments?post=746"}],"version-history":[{"count":10,"href":"https:\/\/anaisneodentcongress.com.br\/2023\/wp-json\/wp\/v2\/pages\/746\/revisions"}],"predecessor-version":[{"id":1698,"href":"https:\/\/anaisneodentcongress.com.br\/2023\/wp-json\/wp\/v2\/pages\/746\/revisions\/1698"}],"wp:attachment":[{"href":"https:\/\/anaisneodentcongress.com.br\/2023\/wp-json\/wp\/v2\/media?parent=746"}],"curies":[{"name":"wp","href":"https:\/\/api.w.org\/{rel}","templated":true}]}}

Transformação digital no consultório. As mudanças na rotina de quem avança para esta opção

<div data-elementor-type="wp-page" data-elementor-id="746" class="elementor elementor-746">
							<div class="elementor-element elementor-element-1845686e e-con-full e-flex e-con" data-id="1845686e" data-element_type="container" data-settings="{&quot;content_width&quot;:&quot;full&quot;,&quot;background_background&quot;:&quot;classic&quot;}">
		<div class="elementor-element elementor-element-7621c710 e-con-full e-flex e-con" data-id="7621c710" data-element_type="container" data-settings="{&quot;content_width&quot;:&quot;full&quot;}">
				</div>
		<div class="elementor-element elementor-element-6c9c829a e-con-full e-flex e-con" data-id="6c9c829a" data-element_type="container" data-settings="{&quot;content_width&quot;:&quot;full&quot;,&quot;background_background&quot;:&quot;classic&quot;}">
		<div class="elementor-element elementor-element-4512340e e-con-boxed e-flex e-con" data-id="4512340e" data-element_type="container" data-settings="{&quot;content_width&quot;:&quot;boxed&quot;}">
					<div class="e-con-inner">
				<div class="elementor-element elementor-element-5a553a3b elementor-widget elementor-widget-heading" data-id="5a553a3b" data-element_type="widget" data-widget_type="heading.default">
				<div class="elementor-widget-container">
			<style>/*! elementor - v3.13.2 - 11-05-2023 */
.elementor-heading-title{padding:0;margin:0;line-height:1}.elementor-widget-heading .elementor-heading-title[class*=elementor-size-]>a{color:inherit;font-size:inherit;line-height:inherit}.elementor-widget-heading .elementor-heading-title.elementor-size-small{font-size:15px}.elementor-widget-heading .elementor-heading-title.elementor-size-medium{font-size:19px}.elementor-widget-heading .elementor-heading-title.elementor-size-large{font-size:29px}.elementor-widget-heading .elementor-heading-title.elementor-size-xl{font-size:39px}.elementor-widget-heading .elementor-heading-title.elementor-size-xxl{font-size:59px}</style><h2 class="elementor-heading-title elementor-size-default"><a href="/2023/menu-neodent-caso-clinico/">Menu</a></h2>		</div>
				</div>
				<div class="elementor-element elementor-element-2e5939c1 elementor-widget elementor-widget-heading" data-id="2e5939c1" data-element_type="widget" data-widget_type="heading.default">
				<div class="elementor-widget-container">
			<h2 class="elementor-heading-title elementor-size-default"><a href="/2023/menu-neodent-caso-clinico/">Neoent, Caso Clínico</a></h2>		</div>
				</div>
					</div>
				</div>
		<div class="elementor-element elementor-element-23f1d6cb e-con-boxed e-flex e-con" data-id="23f1d6cb" data-element_type="container" data-settings="{&quot;content_width&quot;:&quot;boxed&quot;}">
					<div class="e-con-inner">
				<div class="elementor-element elementor-element-649f1ca1 elementor-widget elementor-widget-heading" data-id="649f1ca1" data-element_type="widget" data-widget_type="heading.default">
				<div class="elementor-widget-container">
			<h2 class="elementor-heading-title elementor-size-default">Transformação digital no consultório. As mudanças na rotina de quem avança para esta opção</h2>		</div>
				</div>
					</div>
				</div>
				<div class="elementor-element elementor-element-5d704bb0 elementor-widget elementor-widget-text-editor" data-id="5d704bb0" data-element_type="widget" data-widget_type="text-editor.default">
				<div class="elementor-widget-container">
			<style>/*! elementor - v3.13.2 - 11-05-2023 */
.elementor-widget-text-editor.elementor-drop-cap-view-stacked .elementor-drop-cap{background-color:#69727d;color:#fff}.elementor-widget-text-editor.elementor-drop-cap-view-framed .elementor-drop-cap{color:#69727d;border:3px solid;background-color:transparent}.elementor-widget-text-editor:not(.elementor-drop-cap-view-default) .elementor-drop-cap{margin-top:8px}.elementor-widget-text-editor:not(.elementor-drop-cap-view-default) .elementor-drop-cap-letter{width:1em;height:1em}.elementor-widget-text-editor .elementor-drop-cap{float:left;text-align:center;line-height:1;font-size:50px}.elementor-widget-text-editor .elementor-drop-cap-letter{display:inline-block}</style>				<p><span style="color: #e8307c;"><strong>ID Trabalho:</strong> 1108942</span></p><p><strong>Autores: </strong>RODRIGO VIANNA SALINAS (Rodrigo Salinas Odontologia &#8211; Rio de Janeiro &#8211; RJ &#8211; Brasil)</p><p><strong>Instituições dos autores:</strong> Rodrigo Salinas Odontologia &#8211; Rio de Janeiro &#8211; RJ &#8211; Brasil</p><p><strong>Introdução: </strong>Cada vez mais ouvimos falar em odontologia digital. O que de fato é isso? Que mudanças são necessárias para entrar nesse mundo? As vantagens e desvantagens dessa opção.</p><p>Um breve relato dessa decisão. A decisão de entrar na odontologia digital.</p><p><strong>Relato do caso: </strong>As análises que foram feitas. O primeiro passo. O que foi levado em consideração para a aquisição de um escâner intra oral como primeiro equipamento? Avaliação de custos, momento, prós e contras. O que muda na clínica? A efetivação da compra: O primeiro contato com o equipamento. O que afeta na clínica. A relação com aos laboratórios. Custos de laboratório. Mudança no material clínico? Curva de aprendizado. Após algumas semanas como ficou a clínica? Novos procedimentos. Maior interação dos pacientes nas decisões (planejamento na palma da mão do paciente), softwares utilizados, ferramentas adicionadas na clínica. Novas oportunidades de trabalho: Alinhadores, cirurgia guiada, planejamento digital, conteúdo de divulgação que acabam se formando, sem contar com o aumento da cumplicidade com as empresas parceiras: Clearcorrect, Straumann e Neodent.</p><p><strong>Conclusão ou considerações finais: </strong>Esse relato tem como objetivo contribuir com a decisão dos demais colegas quanto à aquisição de um escâner ou a transformação digital na clínica.</p><p><strong>Palavras chave: </strong>escaner, intra oral, digital, transformação, odontologia, scanner</p>						</div>
				</div>
				<div class="elementor-element elementor-element-db011a8 elementor-widget elementor-widget-shortcode" data-id="db011a8" data-element_type="widget" data-widget_type="shortcode.default">
				<div class="elementor-widget-container">
					<div class="elementor-shortcode"><a href="javascript:history.back(1)" target="_self"><img decoding="async" src="../wp-content/uploads/2023/05/bot-voltar.png" widht="103" height="28" border="0"></a> </div>
				</div>
				</div>
				</div>
		<div class="elementor-element elementor-element-5487bcb9 e-con-full e-flex e-con" data-id="5487bcb9" data-element_type="container" data-settings="{&quot;content_width&quot;:&quot;full&quot;}">
				</div>
				</div>
							</div>

<p>Menu Neoent, Caso Clínico Transformação digital no consultório. As mudanças na rotina de quem avança para esta opção ID Trabalho: 1108942 Autores: RODRIGO VIANNA SALINAS (Rodrigo<span class="excerpt-hellip"> […]</span></p>
