{"id":636,"date":"2023-05-11T17:37:12","date_gmt":"2023-05-11T20:37:12","guid":{"rendered":"https:\/\/anaisneodentcongress.com.br\/2023\/?page_id=636"},"modified":"2023-05-17T17:08:17","modified_gmt":"2023-05-17T20:08:17","slug":"implantes-imediato-com-carga-imediata-em-tabagista","status":"publish","type":"page","link":"https:\/\/anaisneodentcongress.com.br\/2023\/implantes-imediato-com-carga-imediata-em-tabagista\/","title":{"rendered":"Implantes imediato com carga imediata em tabagista"},"content":{"rendered":"\t\t<div data-elementor-type=\"wp-page\" data-elementor-id=\"636\" class=\"elementor elementor-636\">\n\t\t\t\t\t\t\t<div class=\"elementor-element elementor-element-399fc5fc e-con-full e-flex e-con\" data-id=\"399fc5fc\" data-element_type=\"container\" data-settings=\"{&quot;content_width&quot;:&quot;full&quot;,&quot;background_background&quot;:&quot;classic&quot;}\">\n\t\t<div class=\"elementor-element elementor-element-ca6e135 e-con-full e-flex e-con\" data-id=\"ca6e135\" data-element_type=\"container\" data-settings=\"{&quot;content_width&quot;:&quot;full&quot;}\">\n\t\t\t\t<\/div>\n\t\t<div class=\"elementor-element elementor-element-50c29491 e-con-full e-flex e-con\" data-id=\"50c29491\" data-element_type=\"container\" data-settings=\"{&quot;content_width&quot;:&quot;full&quot;,&quot;background_background&quot;:&quot;classic&quot;}\">\n\t\t<div class=\"elementor-element elementor-element-632b279e e-con-boxed e-flex e-con\" data-id=\"632b279e\" data-element_type=\"container\" data-settings=\"{&quot;content_width&quot;:&quot;boxed&quot;}\">\n\t\t\t\t\t<div class=\"e-con-inner\">\n\t\t\t\t<div class=\"elementor-element elementor-element-408f06ce elementor-widget elementor-widget-heading\" data-id=\"408f06ce\" data-element_type=\"widget\" data-widget_type=\"heading.default\">\n\t\t\t\t<div class=\"elementor-widget-container\">\n\t\t\t<style>\/*! elementor - v3.13.2 - 11-05-2023 *\/\n.elementor-heading-title{padding:0;margin:0;line-height:1}.elementor-widget-heading .elementor-heading-title[class*=elementor-size-]>a{color:inherit;font-size:inherit;line-height:inherit}.elementor-widget-heading .elementor-heading-title.elementor-size-small{font-size:15px}.elementor-widget-heading .elementor-heading-title.elementor-size-medium{font-size:19px}.elementor-widget-heading .elementor-heading-title.elementor-size-large{font-size:29px}.elementor-widget-heading .elementor-heading-title.elementor-size-xl{font-size:39px}.elementor-widget-heading .elementor-heading-title.elementor-size-xxl{font-size:59px}<\/style><h2 class=\"elementor-heading-title elementor-size-default\"><a href=\"\/2023\/menu-neodent-caso-clinico\/\">Menu<\/a><\/h2>\t\t<\/div>\n\t\t\t\t<\/div>\n\t\t\t\t<div class=\"elementor-element elementor-element-731b7b58 elementor-widget elementor-widget-heading\" data-id=\"731b7b58\" data-element_type=\"widget\" data-widget_type=\"heading.default\">\n\t\t\t\t<div class=\"elementor-widget-container\">\n\t\t\t<h2 class=\"elementor-heading-title elementor-size-default\"><a href=\"\/2023\/menu-neodent-caso-clinico\/\">Neodent, Caso Cl\u00ednico<\/a><\/h2>\t\t<\/div>\n\t\t\t\t<\/div>\n\t\t\t\t\t<\/div>\n\t\t\t\t<\/div>\n\t\t<div class=\"elementor-element elementor-element-4b68fe23 e-con-boxed e-flex e-con\" data-id=\"4b68fe23\" data-element_type=\"container\" data-settings=\"{&quot;content_width&quot;:&quot;boxed&quot;}\">\n\t\t\t\t\t<div class=\"e-con-inner\">\n\t\t\t\t<div class=\"elementor-element elementor-element-44e26f63 elementor-widget elementor-widget-heading\" data-id=\"44e26f63\" data-element_type=\"widget\" data-widget_type=\"heading.default\">\n\t\t\t\t<div class=\"elementor-widget-container\">\n\t\t\t<h2 class=\"elementor-heading-title elementor-size-default\">Implantes imediato com carga imediata em tabagista<\/h2>\t\t<\/div>\n\t\t\t\t<\/div>\n\t\t\t\t\t<\/div>\n\t\t\t\t<\/div>\n\t\t\t\t<div class=\"elementor-element elementor-element-3e529e9a elementor-widget elementor-widget-text-editor\" data-id=\"3e529e9a\" data-element_type=\"widget\" data-widget_type=\"text-editor.default\">\n\t\t\t\t<div class=\"elementor-widget-container\">\n\t\t\t<style>\/*! elementor - v3.13.2 - 11-05-2023 *\/\n.elementor-widget-text-editor.elementor-drop-cap-view-stacked .elementor-drop-cap{background-color:#69727d;color:#fff}.elementor-widget-text-editor.elementor-drop-cap-view-framed .elementor-drop-cap{color:#69727d;border:3px solid;background-color:transparent}.elementor-widget-text-editor:not(.elementor-drop-cap-view-default) .elementor-drop-cap{margin-top:8px}.elementor-widget-text-editor:not(.elementor-drop-cap-view-default) .elementor-drop-cap-letter{width:1em;height:1em}.elementor-widget-text-editor .elementor-drop-cap{float:left;text-align:center;line-height:1;font-size:50px}.elementor-widget-text-editor .elementor-drop-cap-letter{display:inline-block}<\/style>\t\t\t\t<p><span style=\"color: #e8307c;\"><strong>ID Trabalho:<\/strong> 1108913<\/span><\/p><p><strong>Autores: <\/strong>ANDRESSA FREIRE GOMES (Universidade Federal de Sergipe &#8211; Paulo Afonso &#8211; BA &#8211; Brasil)<\/p><p><strong>Institui\u00e7\u00f5es dos autores:<\/strong> Universidade Federal de Sergipe &#8211; Paulo Afonso &#8211; BA &#8211; Brasil<\/p><p><strong>Introdu\u00e7\u00e3o: <\/strong>A reabilita\u00e7\u00e3o oral com implantes t\u00eam permitido melhor qualidade de vida aos pacientes em um curto per\u00edodo. A t\u00e9cnica de implante imediato p\u00f3s-exodontia preserva as cristas marginais \u00f3sseas e papilas, j\u00e1 a carga imediata faz com que os implantes recebam carga mastigat\u00f3ria sem a necessidade de esperar pelo processo de osseointegra\u00e7\u00e3o. A principal fun\u00e7\u00e3o do uso dessa t\u00e9cnica \u00e9 simplificar o procedimento, reduzindo o tempo de tratamento e o per\u00edodo de repara\u00e7\u00e3o mesmo em pacientes tabagistas.<\/p><p><strong>Relato do caso: <\/strong>Paciente AEG, sexo feminino, 41 anos de idade, tabagista, apresentando fratura de pr\u00f3tese fixa superior anterior que foi colada pela mesma com cola tipo super bonder. Em uma an\u00e1lise inicial, o caso parecia ser bastante desfavor\u00e1vel, paciente \u00e9 tabagista e higiene oral prec\u00e1ria, ap\u00f3s avalia\u00e7\u00e3o intra oral e da tomografia da maxila foi observado tecido \u00f3sseo e tecido mole de boa qualidade. Os dentes 14 a 24 removidos e instalados os implantes NEODENT\u00ae cone morse de 4.0x 11mm, 4.3x 11.5mm, 4.3 x 13mm e 4.3x 11.5mm, no alv\u00e9olo fresco p\u00f3s-extra\u00e7\u00e3o com torque superior a 50N.cm, enxerto \u00f3sseo tipo Straumman cerabone \u00ae granules 1-2mm dentro do alv\u00e9olo, e na plataforma parafusados quatro mini pilares reto, 2&#215;2.5mm e 2&#215;3.5mm. Foi colocado pr\u00f3tese provis\u00f3ria parafusada sob fun\u00e7\u00e3o imediata ap\u00f3s a implanta\u00e7\u00e3o. O provis\u00f3rio em resina acr\u00edlica ficou bem adaptado, com oclus\u00e3o est\u00e1vel e mantendo a anatomia e o contorno gengival pr\u00e9vio \u00e0 extra\u00e7\u00e3o. Ap\u00f3s 90 dias foi realizado reabilita\u00e7\u00e3o definitiva com pr\u00f3tese fixa sobre implantes em cer\u00e2mica.<\/p><p><strong>Conclus\u00e3o ou considera\u00e7\u00f5es finais: <\/strong>Implantes carga imediata melhoram a qualidade de vida.<\/p><p><strong>Palavras chave: <\/strong>Implantes imediato; carga imediata;\u00a0 tabagista<\/p>\t\t\t\t\t\t<\/div>\n\t\t\t\t<\/div>\n\t\t\t\t<div class=\"elementor-element elementor-element-591c7b96 elementor-widget elementor-widget-shortcode\" data-id=\"591c7b96\" data-element_type=\"widget\" data-widget_type=\"shortcode.default\">\n\t\t\t\t<div class=\"elementor-widget-container\">\n\t\t\t\t\t<div class=\"elementor-shortcode\"><a href=\"javascript:history.back(1)\" target=\"_self\"><img decoding=\"async\" src=\"..\/wp-content\/uploads\/2023\/05\/bot-voltar.png\" widht=\"103\" height=\"28\" border=\"0\"><\/a> <\/div>\n\t\t\t\t<\/div>\n\t\t\t\t<\/div>\n\t\t\t\t<\/div>\n\t\t<div class=\"elementor-element elementor-element-26c50746 e-con-full e-flex e-con\" data-id=\"26c50746\" data-element_type=\"container\" data-settings=\"{&quot;content_width&quot;:&quot;full&quot;}\">\n\t\t\t\t<\/div>\n\t\t\t\t<\/div>\n\t\t\t\t\t\t\t<\/div>\n\t\t","protected":false},"excerpt":{"rendered":"<p>Menu Neodent, Caso Cl\u00ednico Implantes imediato com carga imediata em tabagista ID Trabalho: 1108913 Autores: ANDRESSA FREIRE GOMES (Universidade Federal de Sergipe &#8211; Paulo Afonso &#8211;<span class=\"excerpt-hellip\"> [\u2026]<\/span><\/p>\n","protected":false},"author":1,"featured_media":0,"parent":0,"menu_order":0,"comment_status":"closed","ping_status":"closed","template":"","meta":[],"_links":{"self":[{"href":"https:\/\/anaisneodentcongress.com.br\/2023\/wp-json\/wp\/v2\/pages\/636"}],"collection":[{"href":"https:\/\/anaisneodentcongress.com.br\/2023\/wp-json\/wp\/v2\/pages"}],"about":[{"href":"https:\/\/anaisneodentcongress.com.br\/2023\/wp-json\/wp\/v2\/types\/page"}],"author":[{"embeddable":true,"href":"https:\/\/anaisneodentcongress.com.br\/2023\/wp-json\/wp\/v2\/users\/1"}],"replies":[{"embeddable":true,"href":"https:\/\/anaisneodentcongress.com.br\/2023\/wp-json\/wp\/v2\/comments?post=636"}],"version-history":[{"count":10,"href":"https:\/\/anaisneodentcongress.com.br\/2023\/wp-json\/wp\/v2\/pages\/636\/revisions"}],"predecessor-version":[{"id":1632,"href":"https:\/\/anaisneodentcongress.com.br\/2023\/wp-json\/wp\/v2\/pages\/636\/revisions\/1632"}],"wp:attachment":[{"href":"https:\/\/anaisneodentcongress.com.br\/2023\/wp-json\/wp\/v2\/media?parent=636"}],"curies":[{"name":"wp","href":"https:\/\/api.w.org\/{rel}","templated":true}]}}