{"id":624,"date":"2023-05-11T17:35:21","date_gmt":"2023-05-11T20:35:21","guid":{"rendered":"https:\/\/anaisneodentcongress.com.br\/2023\/?page_id=624"},"modified":"2023-05-17T16:59:16","modified_gmt":"2023-05-17T19:59:16","slug":"epitese-gengival-em-caso-de-reabilitacao-total-da-maxila-deficiente","status":"publish","type":"page","link":"https:\/\/anaisneodentcongress.com.br\/2023\/epitese-gengival-em-caso-de-reabilitacao-total-da-maxila-deficiente\/","title":{"rendered":"Ep\u00edtese Gengival em caso de reabilita\u00e7\u00e3o total da maxila deficiente"},"content":{"rendered":"\t\t<div data-elementor-type=\"wp-page\" data-elementor-id=\"624\" class=\"elementor elementor-624\">\n\t\t\t\t\t\t\t<div class=\"elementor-element elementor-element-c51a960 e-con-full e-flex e-con\" data-id=\"c51a960\" data-element_type=\"container\" data-settings=\"{&quot;content_width&quot;:&quot;full&quot;,&quot;background_background&quot;:&quot;classic&quot;}\">\n\t\t<div class=\"elementor-element elementor-element-4449d8b e-con-full e-flex e-con\" data-id=\"4449d8b\" data-element_type=\"container\" data-settings=\"{&quot;content_width&quot;:&quot;full&quot;}\">\n\t\t\t\t<\/div>\n\t\t<div class=\"elementor-element elementor-element-5a1cb44b e-con-full e-flex e-con\" data-id=\"5a1cb44b\" data-element_type=\"container\" data-settings=\"{&quot;content_width&quot;:&quot;full&quot;,&quot;background_background&quot;:&quot;classic&quot;}\">\n\t\t<div class=\"elementor-element elementor-element-2759c251 e-con-boxed e-flex e-con\" data-id=\"2759c251\" data-element_type=\"container\" data-settings=\"{&quot;content_width&quot;:&quot;boxed&quot;}\">\n\t\t\t\t\t<div class=\"e-con-inner\">\n\t\t\t\t<div class=\"elementor-element elementor-element-331e0206 elementor-widget elementor-widget-heading\" data-id=\"331e0206\" data-element_type=\"widget\" data-widget_type=\"heading.default\">\n\t\t\t\t<div class=\"elementor-widget-container\">\n\t\t\t<style>\/*! elementor - v3.13.2 - 11-05-2023 *\/\n.elementor-heading-title{padding:0;margin:0;line-height:1}.elementor-widget-heading .elementor-heading-title[class*=elementor-size-]>a{color:inherit;font-size:inherit;line-height:inherit}.elementor-widget-heading .elementor-heading-title.elementor-size-small{font-size:15px}.elementor-widget-heading .elementor-heading-title.elementor-size-medium{font-size:19px}.elementor-widget-heading .elementor-heading-title.elementor-size-large{font-size:29px}.elementor-widget-heading .elementor-heading-title.elementor-size-xl{font-size:39px}.elementor-widget-heading .elementor-heading-title.elementor-size-xxl{font-size:59px}<\/style><h2 class=\"elementor-heading-title elementor-size-default\"><a href=\"\/2023\/menu-neodent-caso-clinico\/\">Menu<\/a><\/h2>\t\t<\/div>\n\t\t\t\t<\/div>\n\t\t\t\t<div class=\"elementor-element elementor-element-26ab8c47 elementor-widget elementor-widget-heading\" data-id=\"26ab8c47\" data-element_type=\"widget\" data-widget_type=\"heading.default\">\n\t\t\t\t<div class=\"elementor-widget-container\">\n\t\t\t<h2 class=\"elementor-heading-title elementor-size-default\"><a href=\"\/2023\/menu-neodent-caso-clinico\/\">Neodent, Caso Cl\u00ednico<\/a><\/h2>\t\t<\/div>\n\t\t\t\t<\/div>\n\t\t\t\t\t<\/div>\n\t\t\t\t<\/div>\n\t\t<div class=\"elementor-element elementor-element-7cd87078 e-con-boxed e-flex e-con\" data-id=\"7cd87078\" data-element_type=\"container\" data-settings=\"{&quot;content_width&quot;:&quot;boxed&quot;}\">\n\t\t\t\t\t<div class=\"e-con-inner\">\n\t\t\t\t<div class=\"elementor-element elementor-element-1651426a elementor-widget elementor-widget-heading\" data-id=\"1651426a\" data-element_type=\"widget\" data-widget_type=\"heading.default\">\n\t\t\t\t<div class=\"elementor-widget-container\">\n\t\t\t<h2 class=\"elementor-heading-title elementor-size-default\">Ep\u00edtese Gengival em caso de reabilita\u00e7\u00e3o total da maxila deficiente <\/h2>\t\t<\/div>\n\t\t\t\t<\/div>\n\t\t\t\t\t<\/div>\n\t\t\t\t<\/div>\n\t\t\t\t<div class=\"elementor-element elementor-element-59031779 elementor-widget elementor-widget-text-editor\" data-id=\"59031779\" data-element_type=\"widget\" data-widget_type=\"text-editor.default\">\n\t\t\t\t<div class=\"elementor-widget-container\">\n\t\t\t<style>\/*! elementor - v3.13.2 - 11-05-2023 *\/\n.elementor-widget-text-editor.elementor-drop-cap-view-stacked .elementor-drop-cap{background-color:#69727d;color:#fff}.elementor-widget-text-editor.elementor-drop-cap-view-framed .elementor-drop-cap{color:#69727d;border:3px solid;background-color:transparent}.elementor-widget-text-editor:not(.elementor-drop-cap-view-default) .elementor-drop-cap{margin-top:8px}.elementor-widget-text-editor:not(.elementor-drop-cap-view-default) .elementor-drop-cap-letter{width:1em;height:1em}.elementor-widget-text-editor .elementor-drop-cap{float:left;text-align:center;line-height:1;font-size:50px}.elementor-widget-text-editor .elementor-drop-cap-letter{display:inline-block}<\/style>\t\t\t\t<p><span style=\"color: #e8307c;\"><strong>ID Trabalho:<\/strong> 1108911<\/span><\/p><p><strong>Autores: <\/strong>OSVALDO BREDA JUNIOR (Faculdade Ilapeo &#8211; Curitiba &#8211; PR &#8211; Brasil)<\/p><p><strong>Institui\u00e7\u00f5es dos autores:<\/strong> Faculdade Ilapeo &#8211; Curitiba &#8211; PR &#8211; Brasil<\/p><p><strong>Introdu\u00e7\u00e3o: <\/strong>A exposi\u00e7\u00e3o da linha de transi\u00e7\u00e3o entre gengiva e a pr\u00f3tese durante a reabilita\u00e7\u00e3o com implantes da maxila \u00e9 um problema desafiador para o reabilitador oral. A causa dessa exposi\u00e7\u00e3o pode ocorrer devido uma atresia maxilar, m\u00e1 posi\u00e7\u00e3o tridimensional da maxila, perdas de altura gengival e papilas devido problemas periodontais, posi\u00e7\u00e3o do l\u00e1bio superior, entre outros fatores, ocasionando um alto comprometimento est\u00e9tico ao paciente. O objetivo deste trabalho \u00e9 mostrar a utiliza\u00e7\u00e3o de um dispositivo remov\u00edvel denominado ep\u00edtese gengival para solucionar esses problemas de forma simples menos traum\u00e1tica e economicamente vi\u00e1vel.<\/p><p><strong>Relato do caso: <\/strong>Paciente do sexo feminino, 53 anos, chegou para tratamento com a queixa de j\u00e1 ter os implantes instalados em maxila e estava descontente com a pr\u00f3tese realizada, e com inten\u00e7\u00e3o em ter os dentes individuais sobre esses implantes. Ap\u00f3s an\u00e1lise cl\u00ednica e radiogr\u00e1fica observamos implantes j\u00e1 instalados e uma pr\u00f3tese do tipo protocolo insatisfat\u00f3ria. Planejamos este tratamento instalando mais dois implantes Grand-Morse Neodent, na inten\u00e7\u00e3o da individualiza\u00e7\u00e3o, com uma pr\u00f3tese fixa metalo-cer\u00e2mica substituindo os dentes ausentes, e uma ep\u00edtese gengival remov\u00edvel para substitui\u00e7\u00e3o do volume \u00f3sseo e gengival perdido no sentido vertical e horizontal.<\/p><p><strong>Conclus\u00e3o ou considera\u00e7\u00f5es finais: <\/strong>Considerando as condi\u00e7\u00f5es iniciais da paciente, realizamos um tratamento mais conservador com previsibilidade do caso cl\u00ednico, envolvendo um planejamento consistente com a ep\u00edtese gengival remov\u00edvel obtendo sucesso, devolvendo a paciente uma melhora significativa em sua vida social.<\/p><p><strong>Palavras chave: <\/strong>Implantes, Implantes \u00f3sseo-integrados, Est\u00e9tica periimplantar, Pr\u00f3tese sobre implante<\/p>\t\t\t\t\t\t<\/div>\n\t\t\t\t<\/div>\n\t\t\t\t<div class=\"elementor-element elementor-element-20b4556f elementor-widget elementor-widget-shortcode\" data-id=\"20b4556f\" data-element_type=\"widget\" data-widget_type=\"shortcode.default\">\n\t\t\t\t<div class=\"elementor-widget-container\">\n\t\t\t\t\t<div class=\"elementor-shortcode\"><a href=\"javascript:history.back(1)\" target=\"_self\"><img decoding=\"async\" src=\"..\/wp-content\/uploads\/2023\/05\/bot-voltar.png\" widht=\"103\" height=\"28\" border=\"0\"><\/a> <\/div>\n\t\t\t\t<\/div>\n\t\t\t\t<\/div>\n\t\t\t\t<\/div>\n\t\t<div class=\"elementor-element elementor-element-78089d0e e-con-full e-flex e-con\" data-id=\"78089d0e\" data-element_type=\"container\" data-settings=\"{&quot;content_width&quot;:&quot;full&quot;}\">\n\t\t\t\t<\/div>\n\t\t\t\t<\/div>\n\t\t\t\t\t\t\t<\/div>\n\t\t","protected":false},"excerpt":{"rendered":"<p>Menu Neodent, Caso Cl\u00ednico Ep\u00edtese Gengival em caso de reabilita\u00e7\u00e3o total da maxila deficiente ID Trabalho: 1108911 Autores: OSVALDO BREDA JUNIOR (Faculdade Ilapeo &#8211; Curitiba &#8211;<span class=\"excerpt-hellip\"> [\u2026]<\/span><\/p>\n","protected":false},"author":1,"featured_media":0,"parent":0,"menu_order":0,"comment_status":"closed","ping_status":"closed","template":"","meta":[],"_links":{"self":[{"href":"https:\/\/anaisneodentcongress.com.br\/2023\/wp-json\/wp\/v2\/pages\/624"}],"collection":[{"href":"https:\/\/anaisneodentcongress.com.br\/2023\/wp-json\/wp\/v2\/pages"}],"about":[{"href":"https:\/\/anaisneodentcongress.com.br\/2023\/wp-json\/wp\/v2\/types\/page"}],"author":[{"embeddable":true,"href":"https:\/\/anaisneodentcongress.com.br\/2023\/wp-json\/wp\/v2\/users\/1"}],"replies":[{"embeddable":true,"href":"https:\/\/anaisneodentcongress.com.br\/2023\/wp-json\/wp\/v2\/comments?post=624"}],"version-history":[{"count":10,"href":"https:\/\/anaisneodentcongress.com.br\/2023\/wp-json\/wp\/v2\/pages\/624\/revisions"}],"predecessor-version":[{"id":1605,"href":"https:\/\/anaisneodentcongress.com.br\/2023\/wp-json\/wp\/v2\/pages\/624\/revisions\/1605"}],"wp:attachment":[{"href":"https:\/\/anaisneodentcongress.com.br\/2023\/wp-json\/wp\/v2\/media?parent=624"}],"curies":[{"name":"wp","href":"https:\/\/api.w.org\/{rel}","templated":true}]}}

Epítese Gengival em caso de reabilitação total da maxila deficiente

<div data-elementor-type="wp-page" data-elementor-id="624" class="elementor elementor-624">
							<div class="elementor-element elementor-element-c51a960 e-con-full e-flex e-con" data-id="c51a960" data-element_type="container" data-settings="{&quot;content_width&quot;:&quot;full&quot;,&quot;background_background&quot;:&quot;classic&quot;}">
		<div class="elementor-element elementor-element-4449d8b e-con-full e-flex e-con" data-id="4449d8b" data-element_type="container" data-settings="{&quot;content_width&quot;:&quot;full&quot;}">
				</div>
		<div class="elementor-element elementor-element-5a1cb44b e-con-full e-flex e-con" data-id="5a1cb44b" data-element_type="container" data-settings="{&quot;content_width&quot;:&quot;full&quot;,&quot;background_background&quot;:&quot;classic&quot;}">
		<div class="elementor-element elementor-element-2759c251 e-con-boxed e-flex e-con" data-id="2759c251" data-element_type="container" data-settings="{&quot;content_width&quot;:&quot;boxed&quot;}">
					<div class="e-con-inner">
				<div class="elementor-element elementor-element-331e0206 elementor-widget elementor-widget-heading" data-id="331e0206" data-element_type="widget" data-widget_type="heading.default">
				<div class="elementor-widget-container">
			<style>/*! elementor - v3.13.2 - 11-05-2023 */
.elementor-heading-title{padding:0;margin:0;line-height:1}.elementor-widget-heading .elementor-heading-title[class*=elementor-size-]>a{color:inherit;font-size:inherit;line-height:inherit}.elementor-widget-heading .elementor-heading-title.elementor-size-small{font-size:15px}.elementor-widget-heading .elementor-heading-title.elementor-size-medium{font-size:19px}.elementor-widget-heading .elementor-heading-title.elementor-size-large{font-size:29px}.elementor-widget-heading .elementor-heading-title.elementor-size-xl{font-size:39px}.elementor-widget-heading .elementor-heading-title.elementor-size-xxl{font-size:59px}</style><h2 class="elementor-heading-title elementor-size-default"><a href="/2023/menu-neodent-caso-clinico/">Menu</a></h2>		</div>
				</div>
				<div class="elementor-element elementor-element-26ab8c47 elementor-widget elementor-widget-heading" data-id="26ab8c47" data-element_type="widget" data-widget_type="heading.default">
				<div class="elementor-widget-container">
			<h2 class="elementor-heading-title elementor-size-default"><a href="/2023/menu-neodent-caso-clinico/">Neodent, Caso Clínico</a></h2>		</div>
				</div>
					</div>
				</div>
		<div class="elementor-element elementor-element-7cd87078 e-con-boxed e-flex e-con" data-id="7cd87078" data-element_type="container" data-settings="{&quot;content_width&quot;:&quot;boxed&quot;}">
					<div class="e-con-inner">
				<div class="elementor-element elementor-element-1651426a elementor-widget elementor-widget-heading" data-id="1651426a" data-element_type="widget" data-widget_type="heading.default">
				<div class="elementor-widget-container">
			<h2 class="elementor-heading-title elementor-size-default">Epítese Gengival em caso de reabilitação total da maxila deficiente </h2>		</div>
				</div>
					</div>
				</div>
				<div class="elementor-element elementor-element-59031779 elementor-widget elementor-widget-text-editor" data-id="59031779" data-element_type="widget" data-widget_type="text-editor.default">
				<div class="elementor-widget-container">
			<style>/*! elementor - v3.13.2 - 11-05-2023 */
.elementor-widget-text-editor.elementor-drop-cap-view-stacked .elementor-drop-cap{background-color:#69727d;color:#fff}.elementor-widget-text-editor.elementor-drop-cap-view-framed .elementor-drop-cap{color:#69727d;border:3px solid;background-color:transparent}.elementor-widget-text-editor:not(.elementor-drop-cap-view-default) .elementor-drop-cap{margin-top:8px}.elementor-widget-text-editor:not(.elementor-drop-cap-view-default) .elementor-drop-cap-letter{width:1em;height:1em}.elementor-widget-text-editor .elementor-drop-cap{float:left;text-align:center;line-height:1;font-size:50px}.elementor-widget-text-editor .elementor-drop-cap-letter{display:inline-block}</style>				<p><span style="color: #e8307c;"><strong>ID Trabalho:</strong> 1108911</span></p><p><strong>Autores: </strong>OSVALDO BREDA JUNIOR (Faculdade Ilapeo &#8211; Curitiba &#8211; PR &#8211; Brasil)</p><p><strong>Instituições dos autores:</strong> Faculdade Ilapeo &#8211; Curitiba &#8211; PR &#8211; Brasil</p><p><strong>Introdução: </strong>A exposição da linha de transição entre gengiva e a prótese durante a reabilitação com implantes da maxila é um problema desafiador para o reabilitador oral. A causa dessa exposição pode ocorrer devido uma atresia maxilar, má posição tridimensional da maxila, perdas de altura gengival e papilas devido problemas periodontais, posição do lábio superior, entre outros fatores, ocasionando um alto comprometimento estético ao paciente. O objetivo deste trabalho é mostrar a utilização de um dispositivo removível denominado epítese gengival para solucionar esses problemas de forma simples menos traumática e economicamente viável.</p><p><strong>Relato do caso: </strong>Paciente do sexo feminino, 53 anos, chegou para tratamento com a queixa de já ter os implantes instalados em maxila e estava descontente com a prótese realizada, e com intenção em ter os dentes individuais sobre esses implantes. Após análise clínica e radiográfica observamos implantes já instalados e uma prótese do tipo protocolo insatisfatória. Planejamos este tratamento instalando mais dois implantes Grand-Morse Neodent, na intenção da individualização, com uma prótese fixa metalo-cerâmica substituindo os dentes ausentes, e uma epítese gengival removível para substituição do volume ósseo e gengival perdido no sentido vertical e horizontal.</p><p><strong>Conclusão ou considerações finais: </strong>Considerando as condições iniciais da paciente, realizamos um tratamento mais conservador com previsibilidade do caso clínico, envolvendo um planejamento consistente com a epítese gengival removível obtendo sucesso, devolvendo a paciente uma melhora significativa em sua vida social.</p><p><strong>Palavras chave: </strong>Implantes, Implantes ósseo-integrados, Estética periimplantar, Prótese sobre implante</p>						</div>
				</div>
				<div class="elementor-element elementor-element-20b4556f elementor-widget elementor-widget-shortcode" data-id="20b4556f" data-element_type="widget" data-widget_type="shortcode.default">
				<div class="elementor-widget-container">
					<div class="elementor-shortcode"><a href="javascript:history.back(1)" target="_self"><img decoding="async" src="../wp-content/uploads/2023/05/bot-voltar.png" widht="103" height="28" border="0"></a> </div>
				</div>
				</div>
				</div>
		<div class="elementor-element elementor-element-78089d0e e-con-full e-flex e-con" data-id="78089d0e" data-element_type="container" data-settings="{&quot;content_width&quot;:&quot;full&quot;}">
				</div>
				</div>
							</div>

<p>Menu Neodent, Caso Clínico Epítese Gengival em caso de reabilitação total da maxila deficiente ID Trabalho: 1108911 Autores: OSVALDO BREDA JUNIOR (Faculdade Ilapeo &#8211; Curitiba &#8211;<span class="excerpt-hellip"> […]</span></p>
