{"id":576,"date":"2023-05-11T17:27:45","date_gmt":"2023-05-11T20:27:45","guid":{"rendered":"https:\/\/anaisneodentcongress.com.br\/2023\/?page_id=576"},"modified":"2023-05-17T17:12:20","modified_gmt":"2023-05-17T20:12:20","slug":"manobras-cirurgicas-e-proteticas-para-se-obter-estetica-com-implantes-imediatos-e-reconstrucao-alveolar","status":"publish","type":"page","link":"https:\/\/anaisneodentcongress.com.br\/2023\/manobras-cirurgicas-e-proteticas-para-se-obter-estetica-com-implantes-imediatos-e-reconstrucao-alveolar\/","title":{"rendered":"Manobras cir\u00fargicas e prot\u00e9ticas para se obter est\u00e9tica com implantes imediatos e reconstru\u00e7\u00e3o alveolar"},"content":{"rendered":"\t\t<div data-elementor-type=\"wp-page\" data-elementor-id=\"576\" class=\"elementor elementor-576\">\n\t\t\t\t\t\t\t<div class=\"elementor-element elementor-element-691cb4ad e-con-full e-flex e-con\" data-id=\"691cb4ad\" data-element_type=\"container\" data-settings=\"{&quot;content_width&quot;:&quot;full&quot;,&quot;background_background&quot;:&quot;classic&quot;}\">\n\t\t<div class=\"elementor-element elementor-element-193301f9 e-con-full e-flex e-con\" data-id=\"193301f9\" data-element_type=\"container\" data-settings=\"{&quot;content_width&quot;:&quot;full&quot;}\">\n\t\t\t\t<\/div>\n\t\t<div class=\"elementor-element elementor-element-5036c655 e-con-full e-flex e-con\" data-id=\"5036c655\" data-element_type=\"container\" data-settings=\"{&quot;content_width&quot;:&quot;full&quot;,&quot;background_background&quot;:&quot;classic&quot;}\">\n\t\t<div class=\"elementor-element elementor-element-22720920 e-con-boxed e-flex e-con\" data-id=\"22720920\" data-element_type=\"container\" data-settings=\"{&quot;content_width&quot;:&quot;boxed&quot;}\">\n\t\t\t\t\t<div class=\"e-con-inner\">\n\t\t\t\t<div class=\"elementor-element elementor-element-205ddea elementor-widget elementor-widget-heading\" data-id=\"205ddea\" data-element_type=\"widget\" data-widget_type=\"heading.default\">\n\t\t\t\t<div class=\"elementor-widget-container\">\n\t\t\t<style>\/*! elementor - v3.13.2 - 11-05-2023 *\/\n.elementor-heading-title{padding:0;margin:0;line-height:1}.elementor-widget-heading .elementor-heading-title[class*=elementor-size-]>a{color:inherit;font-size:inherit;line-height:inherit}.elementor-widget-heading .elementor-heading-title.elementor-size-small{font-size:15px}.elementor-widget-heading .elementor-heading-title.elementor-size-medium{font-size:19px}.elementor-widget-heading .elementor-heading-title.elementor-size-large{font-size:29px}.elementor-widget-heading .elementor-heading-title.elementor-size-xl{font-size:39px}.elementor-widget-heading .elementor-heading-title.elementor-size-xxl{font-size:59px}<\/style><h2 class=\"elementor-heading-title elementor-size-default\"><a href=\"\/2023\/menu-neodent-caso-clinico\/\">Menu<\/a><\/h2>\t\t<\/div>\n\t\t\t\t<\/div>\n\t\t\t\t<div class=\"elementor-element elementor-element-24b9c3c8 elementor-widget elementor-widget-heading\" data-id=\"24b9c3c8\" data-element_type=\"widget\" data-widget_type=\"heading.default\">\n\t\t\t\t<div class=\"elementor-widget-container\">\n\t\t\t<h2 class=\"elementor-heading-title elementor-size-default\"><a href=\"\/2023\/menu-neodent-caso-clinico\/\">Neodent, Caso Cl\u00ednico<\/a><\/h2>\t\t<\/div>\n\t\t\t\t<\/div>\n\t\t\t\t\t<\/div>\n\t\t\t\t<\/div>\n\t\t<div class=\"elementor-element elementor-element-f1b0912 e-con-boxed e-flex e-con\" data-id=\"f1b0912\" data-element_type=\"container\" data-settings=\"{&quot;content_width&quot;:&quot;boxed&quot;}\">\n\t\t\t\t\t<div class=\"e-con-inner\">\n\t\t\t\t<div class=\"elementor-element elementor-element-362d54d1 elementor-widget elementor-widget-heading\" data-id=\"362d54d1\" data-element_type=\"widget\" data-widget_type=\"heading.default\">\n\t\t\t\t<div class=\"elementor-widget-container\">\n\t\t\t<h2 class=\"elementor-heading-title elementor-size-default\">Manobras cir\u00fargicas e prot\u00e9ticas para se obter est\u00e9tica com implantes imediatos e reconstru\u00e7\u00e3o alveolar<\/h2>\t\t<\/div>\n\t\t\t\t<\/div>\n\t\t\t\t\t<\/div>\n\t\t\t\t<\/div>\n\t\t\t\t<div class=\"elementor-element elementor-element-6972cc81 elementor-widget elementor-widget-text-editor\" data-id=\"6972cc81\" data-element_type=\"widget\" data-widget_type=\"text-editor.default\">\n\t\t\t\t<div class=\"elementor-widget-container\">\n\t\t\t<style>\/*! elementor - v3.13.2 - 11-05-2023 *\/\n.elementor-widget-text-editor.elementor-drop-cap-view-stacked .elementor-drop-cap{background-color:#69727d;color:#fff}.elementor-widget-text-editor.elementor-drop-cap-view-framed .elementor-drop-cap{color:#69727d;border:3px solid;background-color:transparent}.elementor-widget-text-editor:not(.elementor-drop-cap-view-default) .elementor-drop-cap{margin-top:8px}.elementor-widget-text-editor:not(.elementor-drop-cap-view-default) .elementor-drop-cap-letter{width:1em;height:1em}.elementor-widget-text-editor .elementor-drop-cap{float:left;text-align:center;line-height:1;font-size:50px}.elementor-widget-text-editor .elementor-drop-cap-letter{display:inline-block}<\/style>\t\t\t\t<p><span style=\"color: #e8307c;\"><strong>ID Trabalho:<\/strong> 1108896<\/span><\/p><p><strong>Autores: <\/strong>LUIZ ANTONIO BORELLI BARROS (Unesp Araraquara\u00a0 &#8211; Ja\u00fa &#8211; SP &#8211; Brasil)<\/p><p><strong>Institui\u00e7\u00f5es dos autores:<\/strong> Unesp Araraquara\u00a0 &#8211; Ja\u00fa &#8211; SP &#8211; Brasil<\/p><p><strong>Introdu\u00e7\u00e3o: <\/strong>Na moderna odontologia, os implantes dent\u00e1rios s\u00e3o fundamentais para devolu\u00e7\u00e3o da fun\u00e7\u00e3o e est\u00e9tica, proporcionando bem estar, melhoria da auto estima e a alegria de um sorriso adequado. Diante de dentes comprometidos ou com progn\u00f3stico desfavor\u00e1vel, uma exodontia conservadora com preserva\u00e7\u00e3o dos tecidos e a instala\u00e7\u00e3o imediata de implantes \u00e9 a forma mais adequada de resolu\u00e7\u00e3o, mantendo a arquitetura local e devolvendo com maior rapidez a est\u00e9tica e fun\u00e7\u00e3o al\u00e9m de um melhor p\u00f3s operat\u00f3rio.<\/p><p><strong>Relato do caso: <\/strong>Este caso cl\u00ednico mostra o planejamento e execu\u00e7\u00e3o das etapas cir\u00fargicas e prot\u00e9ticas na substitui\u00e7\u00e3o de 4 incisivos superiores com progn\u00f3stico desfavor\u00e1vel por implantes imediatos p\u00f3s extra\u00e7\u00e3o e tamb\u00e9m a realiza\u00e7\u00e3o de preserva\u00e7\u00e3o alveolar e manipula\u00e7\u00e3o de tecidos moles. As exodontias e os implantes foram realizados em 2 etapas para manuten\u00e7\u00e3o do osso proximal e papilar. Foi realizada cirurgia guiada para otimizar a posi\u00e7\u00e3o dos implantes e equil\u00edbrio est\u00e9tico.<\/p><p><strong>Conclus\u00e3o ou considera\u00e7\u00f5es finais: <\/strong>O objetivo desta apresenta\u00e7\u00e3o \u00e9 mostrar o planejamento e as t\u00e9cnicas cir\u00fargicas e prot\u00e9ticas com implantes p\u00f3s extra\u00e7\u00e3o para obten\u00e7\u00e3o da est\u00e9tica envolvendo tamb\u00e9m odontologia multidisciplinar. Algumas an\u00e1lises devem ser feitas em abordagens alveolares com exodontia e instala\u00e7\u00e3o de implantes imediatos, como avalia\u00e7\u00e3o do osso residual, n\u00edvel da margem gengival, presen\u00e7a de defeito vestibular, fen\u00f3tipo gengival e grau de infec\u00e7\u00e3o das ra\u00edzes. Os provis\u00f3rios s\u00e3o fundamentais neste processo principalmente quando instalados ap\u00f3s a coloca\u00e7\u00e3o dos implantes pois definem o perfil de emerg\u00eancia peri implantar.<\/p><p><strong>Palavras chave: <\/strong>Implante imediato; Preserva\u00e7\u00e3o alveolar; Implante carga imediata<\/p>\t\t\t\t\t\t<\/div>\n\t\t\t\t<\/div>\n\t\t\t\t<div class=\"elementor-element elementor-element-3faf6666 elementor-widget elementor-widget-shortcode\" data-id=\"3faf6666\" data-element_type=\"widget\" data-widget_type=\"shortcode.default\">\n\t\t\t\t<div class=\"elementor-widget-container\">\n\t\t\t\t\t<div class=\"elementor-shortcode\"><a href=\"javascript:history.back(1)\" target=\"_self\"><img decoding=\"async\" src=\"..\/wp-content\/uploads\/2023\/05\/bot-voltar.png\" widht=\"103\" height=\"28\" border=\"0\"><\/a> <\/div>\n\t\t\t\t<\/div>\n\t\t\t\t<\/div>\n\t\t\t\t<\/div>\n\t\t<div class=\"elementor-element elementor-element-1a816fb8 e-con-full e-flex e-con\" data-id=\"1a816fb8\" data-element_type=\"container\" data-settings=\"{&quot;content_width&quot;:&quot;full&quot;}\">\n\t\t\t\t<\/div>\n\t\t\t\t<\/div>\n\t\t\t\t\t\t\t<\/div>\n\t\t","protected":false},"excerpt":{"rendered":"<p>Menu Neodent, Caso Cl\u00ednico Manobras cir\u00fargicas e prot\u00e9ticas para se obter est\u00e9tica com implantes imediatos e reconstru\u00e7\u00e3o alveolar ID Trabalho: 1108896 Autores: LUIZ ANTONIO BORELLI BARROS<span class=\"excerpt-hellip\"> [\u2026]<\/span><\/p>\n","protected":false},"author":1,"featured_media":0,"parent":0,"menu_order":0,"comment_status":"closed","ping_status":"closed","template":"","meta":[],"_links":{"self":[{"href":"https:\/\/anaisneodentcongress.com.br\/2023\/wp-json\/wp\/v2\/pages\/576"}],"collection":[{"href":"https:\/\/anaisneodentcongress.com.br\/2023\/wp-json\/wp\/v2\/pages"}],"about":[{"href":"https:\/\/anaisneodentcongress.com.br\/2023\/wp-json\/wp\/v2\/types\/page"}],"author":[{"embeddable":true,"href":"https:\/\/anaisneodentcongress.com.br\/2023\/wp-json\/wp\/v2\/users\/1"}],"replies":[{"embeddable":true,"href":"https:\/\/anaisneodentcongress.com.br\/2023\/wp-json\/wp\/v2\/comments?post=576"}],"version-history":[{"count":10,"href":"https:\/\/anaisneodentcongress.com.br\/2023\/wp-json\/wp\/v2\/pages\/576\/revisions"}],"predecessor-version":[{"id":1647,"href":"https:\/\/anaisneodentcongress.com.br\/2023\/wp-json\/wp\/v2\/pages\/576\/revisions\/1647"}],"wp:attachment":[{"href":"https:\/\/anaisneodentcongress.com.br\/2023\/wp-json\/wp\/v2\/media?parent=576"}],"curies":[{"name":"wp","href":"https:\/\/api.w.org\/{rel}","templated":true}]}}