{"id":551,"date":"2023-05-11T17:23:26","date_gmt":"2023-05-11T20:23:26","guid":{"rendered":"https:\/\/anaisneodentcongress.com.br\/2023\/?page_id=551"},"modified":"2023-05-17T17:09:40","modified_gmt":"2023-05-17T20:09:40","slug":"implantes-zigomaticos-grand-morse-reabilitacao-oral-utilizando-o-componente-protetico-de-60-graus","status":"publish","type":"page","link":"https:\/\/anaisneodentcongress.com.br\/2023\/implantes-zigomaticos-grand-morse-reabilitacao-oral-utilizando-o-componente-protetico-de-60-graus\/","title":{"rendered":"Implantes Zigom\u00e1ticos Grand Morse: Reabilita\u00e7\u00e3o oral utilizando o componente prot\u00e9tico de 60\u00b0 graus"},"content":{"rendered":"\t\t<div data-elementor-type=\"wp-page\" data-elementor-id=\"551\" class=\"elementor elementor-551\">\n\t\t\t\t\t\t\t<div class=\"elementor-element elementor-element-7d44c0f7 e-con-full e-flex e-con\" data-id=\"7d44c0f7\" data-element_type=\"container\" data-settings=\"{&quot;content_width&quot;:&quot;full&quot;,&quot;background_background&quot;:&quot;classic&quot;}\">\n\t\t<div class=\"elementor-element elementor-element-520dfd15 e-con-full e-flex e-con\" data-id=\"520dfd15\" data-element_type=\"container\" data-settings=\"{&quot;content_width&quot;:&quot;full&quot;}\">\n\t\t\t\t<\/div>\n\t\t<div class=\"elementor-element elementor-element-51af5678 e-con-full e-flex e-con\" data-id=\"51af5678\" data-element_type=\"container\" data-settings=\"{&quot;content_width&quot;:&quot;full&quot;,&quot;background_background&quot;:&quot;classic&quot;}\">\n\t\t<div class=\"elementor-element elementor-element-7878f27c e-con-boxed e-flex e-con\" data-id=\"7878f27c\" data-element_type=\"container\" data-settings=\"{&quot;content_width&quot;:&quot;boxed&quot;}\">\n\t\t\t\t\t<div class=\"e-con-inner\">\n\t\t\t\t<div class=\"elementor-element elementor-element-2dc7b942 elementor-widget elementor-widget-heading\" data-id=\"2dc7b942\" data-element_type=\"widget\" data-widget_type=\"heading.default\">\n\t\t\t\t<div class=\"elementor-widget-container\">\n\t\t\t<style>\/*! elementor - v3.13.2 - 11-05-2023 *\/\n.elementor-heading-title{padding:0;margin:0;line-height:1}.elementor-widget-heading .elementor-heading-title[class*=elementor-size-]>a{color:inherit;font-size:inherit;line-height:inherit}.elementor-widget-heading .elementor-heading-title.elementor-size-small{font-size:15px}.elementor-widget-heading .elementor-heading-title.elementor-size-medium{font-size:19px}.elementor-widget-heading .elementor-heading-title.elementor-size-large{font-size:29px}.elementor-widget-heading .elementor-heading-title.elementor-size-xl{font-size:39px}.elementor-widget-heading .elementor-heading-title.elementor-size-xxl{font-size:59px}<\/style><h2 class=\"elementor-heading-title elementor-size-default\"><a href=\"\/2023\/menu-neodent-expertise\/\">Menu<\/a><\/h2>\t\t<\/div>\n\t\t\t\t<\/div>\n\t\t\t\t<div class=\"elementor-element elementor-element-71c2fa2 elementor-widget elementor-widget-heading\" data-id=\"71c2fa2\" data-element_type=\"widget\" data-widget_type=\"heading.default\">\n\t\t\t\t<div class=\"elementor-widget-container\">\n\t\t\t<h2 class=\"elementor-heading-title elementor-size-default\"><a href=\"\/2023\/menu-neodent-expertise\/\">Neodent, Expertise<\/a><\/h2>\t\t<\/div>\n\t\t\t\t<\/div>\n\t\t\t\t\t<\/div>\n\t\t\t\t<\/div>\n\t\t<div class=\"elementor-element elementor-element-58f21af7 e-con-boxed e-flex e-con\" data-id=\"58f21af7\" data-element_type=\"container\" data-settings=\"{&quot;content_width&quot;:&quot;boxed&quot;}\">\n\t\t\t\t\t<div class=\"e-con-inner\">\n\t\t\t\t<div class=\"elementor-element elementor-element-68fc8a92 elementor-widget elementor-widget-heading\" data-id=\"68fc8a92\" data-element_type=\"widget\" data-widget_type=\"heading.default\">\n\t\t\t\t<div class=\"elementor-widget-container\">\n\t\t\t<h2 class=\"elementor-heading-title elementor-size-default\">Implantes Zigom\u00e1ticos Grand Morse: Reabilita\u00e7\u00e3o oral utilizando o componente prot\u00e9tico de 60\u00b0 graus<\/h2>\t\t<\/div>\n\t\t\t\t<\/div>\n\t\t\t\t\t<\/div>\n\t\t\t\t<\/div>\n\t\t\t\t<div class=\"elementor-element elementor-element-22b95867 elementor-widget elementor-widget-text-editor\" data-id=\"22b95867\" data-element_type=\"widget\" data-widget_type=\"text-editor.default\">\n\t\t\t\t<div class=\"elementor-widget-container\">\n\t\t\t<style>\/*! elementor - v3.13.2 - 11-05-2023 *\/\n.elementor-widget-text-editor.elementor-drop-cap-view-stacked .elementor-drop-cap{background-color:#69727d;color:#fff}.elementor-widget-text-editor.elementor-drop-cap-view-framed .elementor-drop-cap{color:#69727d;border:3px solid;background-color:transparent}.elementor-widget-text-editor:not(.elementor-drop-cap-view-default) .elementor-drop-cap{margin-top:8px}.elementor-widget-text-editor:not(.elementor-drop-cap-view-default) .elementor-drop-cap-letter{width:1em;height:1em}.elementor-widget-text-editor .elementor-drop-cap{float:left;text-align:center;line-height:1;font-size:50px}.elementor-widget-text-editor .elementor-drop-cap-letter{display:inline-block}<\/style>\t\t\t\t<p><span style=\"color: #e8307c;\"><strong>ID Trabalho:<\/strong> 1108885<\/span><\/p><p><strong>Autores: <\/strong>JOAO PAULO LAVAGNOLI MANFRINATO (FACULDADE ILAPEO &#8211; CURITIBA &#8211; PR &#8211; Brasil)<\/p><p><strong>Institui\u00e7\u00f5es dos autores:<\/strong> FACULDADE ILAPEO &#8211; CURITIBA &#8211; PR &#8211; Brasil<\/p><p><strong>Introdu\u00e7\u00e3o: <\/strong>A reabilita\u00e7\u00e3o da maxila severamente atr\u00f3fica utilizando implantes zigom\u00e1ticos tornou-se difundida entre os especialistas em odontologia e um foco de crescente interesse devido ao envelhecimento da popula\u00e7\u00e3o e \u00e0 vontade de preservar a qualidade de vida. V\u00e1rios estudos retrospectivos relataram consistentemente altas taxas de sobrevida para implantes zigom\u00e1ticos.<\/p><p><strong>Relato do caso: <\/strong>Um grande desafio na implantodontia \u00e9 minimizar a perda de osso crestal ao redor dos implantes, uma vez que isso provou ser essencial para a estabilidade dos tecidos moles e sucesso dos implantes a longo prazo. O design e a localiza\u00e7\u00e3o da interface implante-pilar em rela\u00e7\u00e3o \u00e0 crista \u00f3ssea, a quantidade de mucosa queratinizada e espessura de tecidos moles foram sugeridas como impacto direto na perda \u00f3ssea marginal do implante. Na literatura, diferentes componentes prot\u00e9ticos, geometrias e desenhos de implantes foram propostos para facilitar o posicionamento ideal da pr\u00f3tese e da fixa\u00e7\u00e3o zigom\u00e1tica, otimizando a manuten\u00e7\u00e3o a longo prazo da osseointegra\u00e7\u00e3o dos implantes. O componente prot\u00e9tico de 60\u00b0 graus apresenta potencial para garantir a estabilidade da crista \u00f3ssea na interface implante-pilar e facilitar a inser\u00e7\u00e3o da pr\u00f3tese. Al\u00e9m de tornar poss\u00edvel a reabilita\u00e7\u00e3o de maxilas extremamente atr\u00f3ficas que antes n\u00e3o era poss\u00edvel, mesmo com o uso da consagrada t\u00e9cnica de ancoragem de implantes zigom\u00e1ticos.<\/p><p><strong>Conclus\u00e3o ou considera\u00e7\u00f5es finais: <\/strong>A proposta deste relato de caso \u00e9 mostrar o novo conceito de reabilita\u00e7\u00e3o oral com implantes zigom\u00e1ticos, utilizando-se o componente prot\u00e9tico de 60\u00b0 graus.<\/p><p><strong>Palavras chave: <\/strong>maxila atr\u00f3fica; implantes zigom\u00e1ticos; pr\u00f3tese dent\u00e1ria.<\/p>\t\t\t\t\t\t<\/div>\n\t\t\t\t<\/div>\n\t\t\t\t<div class=\"elementor-element elementor-element-34b8f69f elementor-widget elementor-widget-shortcode\" data-id=\"34b8f69f\" data-element_type=\"widget\" data-widget_type=\"shortcode.default\">\n\t\t\t\t<div class=\"elementor-widget-container\">\n\t\t\t\t\t<div class=\"elementor-shortcode\"><a href=\"javascript:history.back(1)\" target=\"_self\"><img decoding=\"async\" src=\"..\/wp-content\/uploads\/2023\/05\/bot-voltar.png\" widht=\"103\" height=\"28\" border=\"0\"><\/a> <\/div>\n\t\t\t\t<\/div>\n\t\t\t\t<\/div>\n\t\t\t\t<\/div>\n\t\t<div class=\"elementor-element elementor-element-33860814 e-con-full e-flex e-con\" data-id=\"33860814\" data-element_type=\"container\" data-settings=\"{&quot;content_width&quot;:&quot;full&quot;}\">\n\t\t\t\t<\/div>\n\t\t\t\t<\/div>\n\t\t\t\t\t\t\t<\/div>\n\t\t","protected":false},"excerpt":{"rendered":"<p>Menu Neodent, Expertise Implantes Zigom\u00e1ticos Grand Morse: Reabilita\u00e7\u00e3o oral utilizando o componente prot\u00e9tico de 60\u00b0 graus ID Trabalho: 1108885 Autores: JOAO PAULO LAVAGNOLI MANFRINATO (FACULDADE ILAPEO<span class=\"excerpt-hellip\"> [\u2026]<\/span><\/p>\n","protected":false},"author":1,"featured_media":0,"parent":0,"menu_order":0,"comment_status":"closed","ping_status":"closed","template":"","meta":[],"_links":{"self":[{"href":"https:\/\/anaisneodentcongress.com.br\/2023\/wp-json\/wp\/v2\/pages\/551"}],"collection":[{"href":"https:\/\/anaisneodentcongress.com.br\/2023\/wp-json\/wp\/v2\/pages"}],"about":[{"href":"https:\/\/anaisneodentcongress.com.br\/2023\/wp-json\/wp\/v2\/types\/page"}],"author":[{"embeddable":true,"href":"https:\/\/anaisneodentcongress.com.br\/2023\/wp-json\/wp\/v2\/users\/1"}],"replies":[{"embeddable":true,"href":"https:\/\/anaisneodentcongress.com.br\/2023\/wp-json\/wp\/v2\/comments?post=551"}],"version-history":[{"count":10,"href":"https:\/\/anaisneodentcongress.com.br\/2023\/wp-json\/wp\/v2\/pages\/551\/revisions"}],"predecessor-version":[{"id":1638,"href":"https:\/\/anaisneodentcongress.com.br\/2023\/wp-json\/wp\/v2\/pages\/551\/revisions\/1638"}],"wp:attachment":[{"href":"https:\/\/anaisneodentcongress.com.br\/2023\/wp-json\/wp\/v2\/media?parent=551"}],"curies":[{"name":"wp","href":"https:\/\/api.w.org\/{rel}","templated":true}]}}