{"id":518,"date":"2023-05-11T17:17:35","date_gmt":"2023-05-11T20:17:35","guid":{"rendered":"https:\/\/anaisneodentcongress.com.br\/2023\/?page_id=518"},"modified":"2023-05-17T17:03:55","modified_gmt":"2023-05-17T20:03:55","slug":"fluxo-digital-na-reabilitacao-de-maxilas-importancia-da-associacao-dos-conceitos-analogico","status":"publish","type":"page","link":"https:\/\/anaisneodentcongress.com.br\/2023\/fluxo-digital-na-reabilitacao-de-maxilas-importancia-da-associacao-dos-conceitos-analogico\/","title":{"rendered":"Fluxo digital na reabilita\u00e7\u00e3o de maxilas:\u00a0 import\u00e2ncia da associa\u00e7\u00e3o dos conceitos anal\u00f3gico"},"content":{"rendered":"\t\t<div data-elementor-type=\"wp-page\" data-elementor-id=\"518\" class=\"elementor elementor-518\">\n\t\t\t\t\t\t\t<div class=\"elementor-element elementor-element-642ef26c e-con-full e-flex e-con\" data-id=\"642ef26c\" data-element_type=\"container\" data-settings=\"{&quot;content_width&quot;:&quot;full&quot;,&quot;background_background&quot;:&quot;classic&quot;}\">\n\t\t<div class=\"elementor-element elementor-element-27e4557a e-con-full e-flex e-con\" data-id=\"27e4557a\" data-element_type=\"container\" data-settings=\"{&quot;content_width&quot;:&quot;full&quot;}\">\n\t\t\t\t<\/div>\n\t\t<div class=\"elementor-element elementor-element-4c8fba12 e-con-full e-flex e-con\" data-id=\"4c8fba12\" data-element_type=\"container\" data-settings=\"{&quot;content_width&quot;:&quot;full&quot;,&quot;background_background&quot;:&quot;classic&quot;}\">\n\t\t<div class=\"elementor-element elementor-element-306053d1 e-con-boxed e-flex e-con\" data-id=\"306053d1\" data-element_type=\"container\" data-settings=\"{&quot;content_width&quot;:&quot;boxed&quot;}\">\n\t\t\t\t\t<div class=\"e-con-inner\">\n\t\t\t\t<div class=\"elementor-element elementor-element-19037f8b elementor-widget elementor-widget-heading\" data-id=\"19037f8b\" data-element_type=\"widget\" data-widget_type=\"heading.default\">\n\t\t\t\t<div class=\"elementor-widget-container\">\n\t\t\t<style>\/*! elementor - v3.13.2 - 11-05-2023 *\/\n.elementor-heading-title{padding:0;margin:0;line-height:1}.elementor-widget-heading .elementor-heading-title[class*=elementor-size-]>a{color:inherit;font-size:inherit;line-height:inherit}.elementor-widget-heading .elementor-heading-title.elementor-size-small{font-size:15px}.elementor-widget-heading .elementor-heading-title.elementor-size-medium{font-size:19px}.elementor-widget-heading .elementor-heading-title.elementor-size-large{font-size:29px}.elementor-widget-heading .elementor-heading-title.elementor-size-xl{font-size:39px}.elementor-widget-heading .elementor-heading-title.elementor-size-xxl{font-size:59px}<\/style><h2 class=\"elementor-heading-title elementor-size-default\"><a href=\"\/2023\/menu-neodent-expertise\/\">Menu<\/a><\/h2>\t\t<\/div>\n\t\t\t\t<\/div>\n\t\t\t\t<div class=\"elementor-element elementor-element-19f2b2f5 elementor-widget elementor-widget-heading\" data-id=\"19f2b2f5\" data-element_type=\"widget\" data-widget_type=\"heading.default\">\n\t\t\t\t<div class=\"elementor-widget-container\">\n\t\t\t<h2 class=\"elementor-heading-title elementor-size-default\"><a href=\"\/2023\/menu-neodent-expertise\/\">Neodent, Expertise<\/a><\/h2>\t\t<\/div>\n\t\t\t\t<\/div>\n\t\t\t\t\t<\/div>\n\t\t\t\t<\/div>\n\t\t<div class=\"elementor-element elementor-element-19a03091 e-con-boxed e-flex e-con\" data-id=\"19a03091\" data-element_type=\"container\" data-settings=\"{&quot;content_width&quot;:&quot;boxed&quot;}\">\n\t\t\t\t\t<div class=\"e-con-inner\">\n\t\t\t\t<div class=\"elementor-element elementor-element-764a4993 elementor-widget elementor-widget-heading\" data-id=\"764a4993\" data-element_type=\"widget\" data-widget_type=\"heading.default\">\n\t\t\t\t<div class=\"elementor-widget-container\">\n\t\t\t<h2 class=\"elementor-heading-title elementor-size-default\">Fluxo digital na reabilita\u00e7\u00e3o de maxilas:  import\u00e2ncia da associa\u00e7\u00e3o dos conceitos anal\u00f3gico<\/h2>\t\t<\/div>\n\t\t\t\t<\/div>\n\t\t\t\t\t<\/div>\n\t\t\t\t<\/div>\n\t\t\t\t<div class=\"elementor-element elementor-element-19e509e2 elementor-widget elementor-widget-text-editor\" data-id=\"19e509e2\" data-element_type=\"widget\" data-widget_type=\"text-editor.default\">\n\t\t\t\t<div class=\"elementor-widget-container\">\n\t\t\t<style>\/*! elementor - v3.13.2 - 11-05-2023 *\/\n.elementor-widget-text-editor.elementor-drop-cap-view-stacked .elementor-drop-cap{background-color:#69727d;color:#fff}.elementor-widget-text-editor.elementor-drop-cap-view-framed .elementor-drop-cap{color:#69727d;border:3px solid;background-color:transparent}.elementor-widget-text-editor:not(.elementor-drop-cap-view-default) .elementor-drop-cap{margin-top:8px}.elementor-widget-text-editor:not(.elementor-drop-cap-view-default) .elementor-drop-cap-letter{width:1em;height:1em}.elementor-widget-text-editor .elementor-drop-cap{float:left;text-align:center;line-height:1;font-size:50px}.elementor-widget-text-editor .elementor-drop-cap-letter{display:inline-block}<\/style>\t\t\t\t<p><span style=\"color: #e8307c;\"><strong>ID Trabalho:<\/strong> 1108865<\/span><\/p><p><strong>Autores: <\/strong>ERIKA DE SOUZA ROMANINI (Faculdade Ilapeo &#8211; CURITIBA &#8211; PR &#8211; Brasil)<\/p><p><strong>Institui\u00e7\u00f5es dos autores:<\/strong> Faculdade Ilapeo &#8211; CURITIBA &#8211; PR &#8211; Brasil<\/p><p><strong>Introdu\u00e7\u00e3o: <\/strong>A reabilita\u00e7ao de maxila \u00e9 desafiadora e grande reabsor\u00e7\u00e3o do osso alveolar influencia neste processo.O uso do fluxo digital para planejamento cirurgico e prot\u00e9tico trouxe previsibilidade do ato cir\u00fargico e da est\u00e9tica final.<\/p><p><strong>Relato do caso: <\/strong>Paciente masculino, 69, ASA I e aus\u00eancias dent\u00e1rias que dificultavam a mastiga\u00e7\u00e3o e nutri\u00e7\u00e3o apresentou dentes superiores em estado residual generalizado, colapso oclusal e perda de DVO. A an\u00e1lise radiogr\u00e1fica e est\u00e9tica definiu reabilita\u00e7\u00e3o total da maxila. Moldagem para planejamento reverso realizada e modelo obtido para confec\u00e7\u00e3o da base de prova e plano de cera superior. Dentes montados no plano de cera e enviado para prova cl\u00ednica onde foi determnado que a reabilita\u00e7\u00e3o indicada seria uma prot\u00e9se fixa do tipo dent\u00e1ria visto que o suporte de l\u00e1bio era satisfat\u00f3rio e boa rela\u00e7\u00e3o dentes \/rebordo, tanto em an\u00e1lise horizontal como vertical.\u00a0 Escamento do rebordo com Virtuo Vivo na\u00a0 ferramenta \u201cPr\u00e9-Tratamento\u201d foi realizado seguido de novo escaneamento da montagem de dentes em posi\u00e7\u00e3o. O planejamento cir\u00fargico realizado no Codiagnostix e confeccionado guia cir\u00fargico prototipado e guia multifuncional impresso.Implantes Neodent Helix GM com alturas e di\u00e2metros diversos conforme planejamento pr\u00e9vio foram instalados com torque de inser\u00e7\u00e3o igual ou superior a 45Ncm permitindo\u00a0 instala\u00e7\u00e3o imediata da pr\u00f3tese sobre minipilares.Pr\u00f3tese provis\u00f3ria fresada foi confeccionada sem compensa\u00e7\u00e3o gengival como previsto no planejamento inicial e instalada 48 ap\u00f3s.<\/p><p><strong>Conclus\u00e3o ou considera\u00e7\u00f5es finais: <\/strong>A cirurgia guiada \u00e9 ferramenta no planejamento e, orientado pelo Planejamento Reverso, pode ser fator decisivo na defini\u00e7\u00e3o do plano de tratamento.<\/p><p><strong>Palavras chave: \u00a0&#8211;<\/strong><\/p>\t\t\t\t\t\t<\/div>\n\t\t\t\t<\/div>\n\t\t\t\t<div class=\"elementor-element elementor-element-445f2010 elementor-widget elementor-widget-shortcode\" data-id=\"445f2010\" data-element_type=\"widget\" data-widget_type=\"shortcode.default\">\n\t\t\t\t<div class=\"elementor-widget-container\">\n\t\t\t\t\t<div class=\"elementor-shortcode\"><a href=\"javascript:history.back(1)\" target=\"_self\"><img decoding=\"async\" src=\"..\/wp-content\/uploads\/2023\/05\/bot-voltar.png\" widht=\"103\" height=\"28\" border=\"0\"><\/a> <\/div>\n\t\t\t\t<\/div>\n\t\t\t\t<\/div>\n\t\t\t\t<\/div>\n\t\t<div class=\"elementor-element elementor-element-2715b5f4 e-con-full e-flex e-con\" data-id=\"2715b5f4\" data-element_type=\"container\" data-settings=\"{&quot;content_width&quot;:&quot;full&quot;}\">\n\t\t\t\t<\/div>\n\t\t\t\t<\/div>\n\t\t\t\t\t\t\t<\/div>\n\t\t","protected":false},"excerpt":{"rendered":"<p>Menu Neodent, Expertise Fluxo digital na reabilita\u00e7\u00e3o de maxilas: import\u00e2ncia da associa\u00e7\u00e3o dos conceitos anal\u00f3gico ID Trabalho: 1108865 Autores: ERIKA DE SOUZA ROMANINI (Faculdade Ilapeo &#8211;<span class=\"excerpt-hellip\"> [\u2026]<\/span><\/p>\n","protected":false},"author":1,"featured_media":0,"parent":0,"menu_order":0,"comment_status":"closed","ping_status":"closed","template":"","meta":[],"_links":{"self":[{"href":"https:\/\/anaisneodentcongress.com.br\/2023\/wp-json\/wp\/v2\/pages\/518"}],"collection":[{"href":"https:\/\/anaisneodentcongress.com.br\/2023\/wp-json\/wp\/v2\/pages"}],"about":[{"href":"https:\/\/anaisneodentcongress.com.br\/2023\/wp-json\/wp\/v2\/types\/page"}],"author":[{"embeddable":true,"href":"https:\/\/anaisneodentcongress.com.br\/2023\/wp-json\/wp\/v2\/users\/1"}],"replies":[{"embeddable":true,"href":"https:\/\/anaisneodentcongress.com.br\/2023\/wp-json\/wp\/v2\/comments?post=518"}],"version-history":[{"count":10,"href":"https:\/\/anaisneodentcongress.com.br\/2023\/wp-json\/wp\/v2\/pages\/518\/revisions"}],"predecessor-version":[{"id":1620,"href":"https:\/\/anaisneodentcongress.com.br\/2023\/wp-json\/wp\/v2\/pages\/518\/revisions\/1620"}],"wp:attachment":[{"href":"https:\/\/anaisneodentcongress.com.br\/2023\/wp-json\/wp\/v2\/media?parent=518"}],"curies":[{"name":"wp","href":"https:\/\/api.w.org\/{rel}","templated":true}]}}

Fluxo digital na reabilitação de maxilas:  importância da associação dos conceitos analógico

<div data-elementor-type="wp-page" data-elementor-id="518" class="elementor elementor-518">
							<div class="elementor-element elementor-element-642ef26c e-con-full e-flex e-con" data-id="642ef26c" data-element_type="container" data-settings="{&quot;content_width&quot;:&quot;full&quot;,&quot;background_background&quot;:&quot;classic&quot;}">
		<div class="elementor-element elementor-element-27e4557a e-con-full e-flex e-con" data-id="27e4557a" data-element_type="container" data-settings="{&quot;content_width&quot;:&quot;full&quot;}">
				</div>
		<div class="elementor-element elementor-element-4c8fba12 e-con-full e-flex e-con" data-id="4c8fba12" data-element_type="container" data-settings="{&quot;content_width&quot;:&quot;full&quot;,&quot;background_background&quot;:&quot;classic&quot;}">
		<div class="elementor-element elementor-element-306053d1 e-con-boxed e-flex e-con" data-id="306053d1" data-element_type="container" data-settings="{&quot;content_width&quot;:&quot;boxed&quot;}">
					<div class="e-con-inner">
				<div class="elementor-element elementor-element-19037f8b elementor-widget elementor-widget-heading" data-id="19037f8b" data-element_type="widget" data-widget_type="heading.default">
				<div class="elementor-widget-container">
			<style>/*! elementor - v3.13.2 - 11-05-2023 */
.elementor-heading-title{padding:0;margin:0;line-height:1}.elementor-widget-heading .elementor-heading-title[class*=elementor-size-]>a{color:inherit;font-size:inherit;line-height:inherit}.elementor-widget-heading .elementor-heading-title.elementor-size-small{font-size:15px}.elementor-widget-heading .elementor-heading-title.elementor-size-medium{font-size:19px}.elementor-widget-heading .elementor-heading-title.elementor-size-large{font-size:29px}.elementor-widget-heading .elementor-heading-title.elementor-size-xl{font-size:39px}.elementor-widget-heading .elementor-heading-title.elementor-size-xxl{font-size:59px}</style><h2 class="elementor-heading-title elementor-size-default"><a href="/2023/menu-neodent-expertise/">Menu</a></h2>		</div>
				</div>
				<div class="elementor-element elementor-element-19f2b2f5 elementor-widget elementor-widget-heading" data-id="19f2b2f5" data-element_type="widget" data-widget_type="heading.default">
				<div class="elementor-widget-container">
			<h2 class="elementor-heading-title elementor-size-default"><a href="/2023/menu-neodent-expertise/">Neodent, Expertise</a></h2>		</div>
				</div>
					</div>
				</div>
		<div class="elementor-element elementor-element-19a03091 e-con-boxed e-flex e-con" data-id="19a03091" data-element_type="container" data-settings="{&quot;content_width&quot;:&quot;boxed&quot;}">
					<div class="e-con-inner">
				<div class="elementor-element elementor-element-764a4993 elementor-widget elementor-widget-heading" data-id="764a4993" data-element_type="widget" data-widget_type="heading.default">
				<div class="elementor-widget-container">
			<h2 class="elementor-heading-title elementor-size-default">Fluxo digital na reabilitação de maxilas:  importância da associação dos conceitos analógico</h2>		</div>
				</div>
					</div>
				</div>
				<div class="elementor-element elementor-element-19e509e2 elementor-widget elementor-widget-text-editor" data-id="19e509e2" data-element_type="widget" data-widget_type="text-editor.default">
				<div class="elementor-widget-container">
			<style>/*! elementor - v3.13.2 - 11-05-2023 */
.elementor-widget-text-editor.elementor-drop-cap-view-stacked .elementor-drop-cap{background-color:#69727d;color:#fff}.elementor-widget-text-editor.elementor-drop-cap-view-framed .elementor-drop-cap{color:#69727d;border:3px solid;background-color:transparent}.elementor-widget-text-editor:not(.elementor-drop-cap-view-default) .elementor-drop-cap{margin-top:8px}.elementor-widget-text-editor:not(.elementor-drop-cap-view-default) .elementor-drop-cap-letter{width:1em;height:1em}.elementor-widget-text-editor .elementor-drop-cap{float:left;text-align:center;line-height:1;font-size:50px}.elementor-widget-text-editor .elementor-drop-cap-letter{display:inline-block}</style>				<p><span style="color: #e8307c;"><strong>ID Trabalho:</strong> 1108865</span></p><p><strong>Autores: </strong>ERIKA DE SOUZA ROMANINI (Faculdade Ilapeo &#8211; CURITIBA &#8211; PR &#8211; Brasil)</p><p><strong>Instituições dos autores:</strong> Faculdade Ilapeo &#8211; CURITIBA &#8211; PR &#8211; Brasil</p><p><strong>Introdução: </strong>A reabilitaçao de maxila é desafiadora e grande reabsorção do osso alveolar influencia neste processo.O uso do fluxo digital para planejamento cirurgico e protético trouxe previsibilidade do ato cirúrgico e da estética final.</p><p><strong>Relato do caso: </strong>Paciente masculino, 69, ASA I e ausências dentárias que dificultavam a mastigação e nutrição apresentou dentes superiores em estado residual generalizado, colapso oclusal e perda de DVO. A análise radiográfica e estética definiu reabilitação total da maxila. Moldagem para planejamento reverso realizada e modelo obtido para confecção da base de prova e plano de cera superior. Dentes montados no plano de cera e enviado para prova clínica onde foi determnado que a reabilitação indicada seria uma protése fixa do tipo dentária visto que o suporte de lábio era satisfatório e boa relação dentes /rebordo, tanto em análise horizontal como vertical.  Escamento do rebordo com Virtuo Vivo na  ferramenta “Pré-Tratamento” foi realizado seguido de novo escaneamento da montagem de dentes em posição. O planejamento cirúrgico realizado no Codiagnostix e confeccionado guia cirúrgico prototipado e guia multifuncional impresso.Implantes Neodent Helix GM com alturas e diâmetros diversos conforme planejamento prévio foram instalados com torque de inserção igual ou superior a 45Ncm permitindo  instalação imediata da prótese sobre minipilares.Prótese provisória fresada foi confeccionada sem compensação gengival como previsto no planejamento inicial e instalada 48 após.</p><p><strong>Conclusão ou considerações finais: </strong>A cirurgia guiada é ferramenta no planejamento e, orientado pelo Planejamento Reverso, pode ser fator decisivo na definição do plano de tratamento.</p><p><strong>Palavras chave:  &#8211;</strong></p>						</div>
				</div>
				<div class="elementor-element elementor-element-445f2010 elementor-widget elementor-widget-shortcode" data-id="445f2010" data-element_type="widget" data-widget_type="shortcode.default">
				<div class="elementor-widget-container">
					<div class="elementor-shortcode"><a href="javascript:history.back(1)" target="_self"><img decoding="async" src="../wp-content/uploads/2023/05/bot-voltar.png" widht="103" height="28" border="0"></a> </div>
				</div>
				</div>
				</div>
		<div class="elementor-element elementor-element-2715b5f4 e-con-full e-flex e-con" data-id="2715b5f4" data-element_type="container" data-settings="{&quot;content_width&quot;:&quot;full&quot;}">
				</div>
				</div>
							</div>

<p>Menu Neodent, Expertise Fluxo digital na reabilitação de maxilas: importância da associação dos conceitos analógico ID Trabalho: 1108865 Autores: ERIKA DE SOUZA ROMANINI (Faculdade Ilapeo &#8211;<span class="excerpt-hellip"> […]</span></p>
