{"id":429,"date":"2023-05-11T16:17:05","date_gmt":"2023-05-11T19:17:05","guid":{"rendered":"https:\/\/anaisneodentcongress.com.br\/2023\/?page_id=429"},"modified":"2023-05-17T17:20:47","modified_gmt":"2023-05-17T20:20:47","slug":"reabilitacao-de-maxila-com-implantes-e-carga-imediata-em-paciente-portador-da-doenca-de-parkinson-relato-de-caso","status":"publish","type":"page","link":"https:\/\/anaisneodentcongress.com.br\/2023\/reabilitacao-de-maxila-com-implantes-e-carga-imediata-em-paciente-portador-da-doenca-de-parkinson-relato-de-caso\/","title":{"rendered":"Reabilita\u00e7\u00e3o de maxila com implantes e carga imediata em paciente portador da doen\u00e7a de Parkinson: relato de caso"},"content":{"rendered":"\t\t<div data-elementor-type=\"wp-page\" data-elementor-id=\"429\" class=\"elementor elementor-429\">\n\t\t\t\t\t\t\t<div class=\"elementor-element elementor-element-2b3b2ff5 e-con-full e-flex e-con\" data-id=\"2b3b2ff5\" data-element_type=\"container\" data-settings=\"{&quot;content_width&quot;:&quot;full&quot;,&quot;background_background&quot;:&quot;classic&quot;}\">\n\t\t<div class=\"elementor-element elementor-element-7ae956 e-con-full e-flex e-con\" data-id=\"7ae956\" data-element_type=\"container\" data-settings=\"{&quot;content_width&quot;:&quot;full&quot;}\">\n\t\t\t\t<\/div>\n\t\t<div class=\"elementor-element elementor-element-72158755 e-con-full e-flex e-con\" data-id=\"72158755\" data-element_type=\"container\" data-settings=\"{&quot;content_width&quot;:&quot;full&quot;,&quot;background_background&quot;:&quot;classic&quot;}\">\n\t\t<div class=\"elementor-element elementor-element-6dc2d594 e-con-boxed e-flex e-con\" data-id=\"6dc2d594\" data-element_type=\"container\" data-settings=\"{&quot;content_width&quot;:&quot;boxed&quot;}\">\n\t\t\t\t\t<div class=\"e-con-inner\">\n\t\t\t\t<div class=\"elementor-element elementor-element-703d9f55 elementor-widget elementor-widget-heading\" data-id=\"703d9f55\" data-element_type=\"widget\" data-widget_type=\"heading.default\">\n\t\t\t\t<div class=\"elementor-widget-container\">\n\t\t\t<style>\/*! elementor - v3.13.2 - 11-05-2023 *\/\n.elementor-heading-title{padding:0;margin:0;line-height:1}.elementor-widget-heading .elementor-heading-title[class*=elementor-size-]>a{color:inherit;font-size:inherit;line-height:inherit}.elementor-widget-heading .elementor-heading-title.elementor-size-small{font-size:15px}.elementor-widget-heading .elementor-heading-title.elementor-size-medium{font-size:19px}.elementor-widget-heading .elementor-heading-title.elementor-size-large{font-size:29px}.elementor-widget-heading .elementor-heading-title.elementor-size-xl{font-size:39px}.elementor-widget-heading .elementor-heading-title.elementor-size-xxl{font-size:59px}<\/style><h2 class=\"elementor-heading-title elementor-size-default\"><a href=\"\/2023\/menu-neodent-caso-clinico\/\">Menu<\/a><\/h2>\t\t<\/div>\n\t\t\t\t<\/div>\n\t\t\t\t<div class=\"elementor-element elementor-element-23603bde elementor-widget elementor-widget-heading\" data-id=\"23603bde\" data-element_type=\"widget\" data-widget_type=\"heading.default\">\n\t\t\t\t<div class=\"elementor-widget-container\">\n\t\t\t<h2 class=\"elementor-heading-title elementor-size-default\"><a href=\"\/2023\/menu-neodent-caso-clinico\/\">Neodent, Caso Cl\u00ednico<\/a><\/h2>\t\t<\/div>\n\t\t\t\t<\/div>\n\t\t\t\t\t<\/div>\n\t\t\t\t<\/div>\n\t\t<div class=\"elementor-element elementor-element-647f4351 e-con-boxed e-flex e-con\" data-id=\"647f4351\" data-element_type=\"container\" data-settings=\"{&quot;content_width&quot;:&quot;boxed&quot;}\">\n\t\t\t\t\t<div class=\"e-con-inner\">\n\t\t\t\t<div class=\"elementor-element elementor-element-2713ea43 elementor-widget elementor-widget-heading\" data-id=\"2713ea43\" data-element_type=\"widget\" data-widget_type=\"heading.default\">\n\t\t\t\t<div class=\"elementor-widget-container\">\n\t\t\t<h2 class=\"elementor-heading-title elementor-size-default\">Reabilita\u00e7\u00e3o de maxila com implantes e carga imediata em paciente portador da doen\u00e7a de Parkinson: relato de caso<\/h2>\t\t<\/div>\n\t\t\t\t<\/div>\n\t\t\t\t\t<\/div>\n\t\t\t\t<\/div>\n\t\t\t\t<div class=\"elementor-element elementor-element-34f3b527 elementor-widget elementor-widget-text-editor\" data-id=\"34f3b527\" data-element_type=\"widget\" data-widget_type=\"text-editor.default\">\n\t\t\t\t<div class=\"elementor-widget-container\">\n\t\t\t<style>\/*! elementor - v3.13.2 - 11-05-2023 *\/\n.elementor-widget-text-editor.elementor-drop-cap-view-stacked .elementor-drop-cap{background-color:#69727d;color:#fff}.elementor-widget-text-editor.elementor-drop-cap-view-framed .elementor-drop-cap{color:#69727d;border:3px solid;background-color:transparent}.elementor-widget-text-editor:not(.elementor-drop-cap-view-default) .elementor-drop-cap{margin-top:8px}.elementor-widget-text-editor:not(.elementor-drop-cap-view-default) .elementor-drop-cap-letter{width:1em;height:1em}.elementor-widget-text-editor .elementor-drop-cap{float:left;text-align:center;line-height:1;font-size:50px}.elementor-widget-text-editor .elementor-drop-cap-letter{display:inline-block}<\/style>\t\t\t\t<p><span style=\"color: #e8307c;\"><strong>ID Trabalho:<\/strong> 1108826<\/span><\/p><p><strong>Autores: <\/strong>STEFANY BOMM (ILAPEO &#8211; CURITIBA &#8211; PR &#8211; Brasil)<\/p><p><strong>Institui\u00e7\u00f5es dos autores:<\/strong> ILAPEO &#8211; CURITIBA &#8211; PR &#8211; Brasil<\/p><p><strong>Introdu\u00e7\u00e3o: <\/strong>Doen\u00e7a de Parkinson \u00e9 uma doen\u00e7a degenerativa, progressiva e incur\u00e1vel, de etiologia desconhecida, que atinge principalmente indiv\u00edduos entre 40 e 65 anos. Pacientes com Parkinson apresentam manifesta\u00e7\u00f5es orais, dentais e maxilo-faciais, como sialorreia, xerostomia, dificuldade de adapta\u00e7\u00e3o ou uso de pr\u00f3teses dent\u00e1rias e altera\u00e7\u00f5es cognitivas, entre outros. O objetivo desse trabalho foi demostrar por meio de apresenta\u00e7\u00e3o de caso cl\u00ednico, a conduta e o protocolo usado de acordo com todas as etapas cir\u00fargicas e n\u00e3o cir\u00fargicas, em um paciente com doen\u00e7a de Parkinson para a implanta\u00e7\u00e3o e carga imediata, e verificar se h\u00e1 ganho de qualidade de vida do paciente.<\/p><p><strong>Relato do caso: <\/strong>Paciente G.C. sexo masculino, 58 anos, portador da doen\u00e7a de Parkinson, compareceu a cl\u00ednica com queixa de grande mobilidade dent\u00e1ria na arcada superior, com expressivo comprometimento na alimenta\u00e7\u00e3o, fala e qualidade de vida. Foram realizados exames pr\u00e9-operat\u00f3rios, planejamento prot\u00e9tico reverso, a cirurgia foi realizado mediante anestesia local em combina\u00e7\u00e3o com seda\u00e7\u00e3o intravenosa, para a ent\u00e3o instala\u00e7\u00e3o de 6 implantes Neodent na regi\u00e3o de maxila com carga imediata de pr\u00f3tese implantossuportada.<\/p><p><strong>Conclus\u00e3o ou considera\u00e7\u00f5es finais: <\/strong>A reabilita\u00e7\u00e3o oral com implantes em paciente com doen\u00e7a de Parkinson apresenta muitos benef\u00edcios, \u00e9 uma op\u00e7\u00e3o a ser considerada para esses pacientes. O paciente com doen\u00e7a de Parkinson foi tratado com sucesso na instala\u00e7\u00e3o de implantes e pr\u00f3tese implantossuportada. De acordo com o tratamento fornecido, foi verificado que o paciente voltou a se alimentar de maneira eficaz, conferindo a ele ganho em qualidade de vida.<\/p><p><strong>Palavras chave: <\/strong>reabilita\u00e7\u00e3o de maxila; doen\u00e7a de parkinson; qualidade de vida<\/p>\t\t\t\t\t\t<\/div>\n\t\t\t\t<\/div>\n\t\t\t\t<div class=\"elementor-element elementor-element-96b5977 elementor-widget elementor-widget-shortcode\" data-id=\"96b5977\" data-element_type=\"widget\" data-widget_type=\"shortcode.default\">\n\t\t\t\t<div class=\"elementor-widget-container\">\n\t\t\t\t\t<div class=\"elementor-shortcode\"><a href=\"javascript:history.back(1)\" target=\"_self\"><img decoding=\"async\" src=\"..\/wp-content\/uploads\/2023\/05\/bot-voltar.png\" widht=\"103\" height=\"28\" border=\"0\"><\/a> <\/div>\n\t\t\t\t<\/div>\n\t\t\t\t<\/div>\n\t\t\t\t<\/div>\n\t\t<div class=\"elementor-element elementor-element-18e4336d e-con-full e-flex e-con\" data-id=\"18e4336d\" data-element_type=\"container\" data-settings=\"{&quot;content_width&quot;:&quot;full&quot;}\">\n\t\t\t\t<\/div>\n\t\t\t\t<\/div>\n\t\t\t\t\t\t\t<\/div>\n\t\t","protected":false},"excerpt":{"rendered":"<p>Menu Neodent, Caso Cl\u00ednico Reabilita\u00e7\u00e3o de maxila com implantes e carga imediata em paciente portador da doen\u00e7a de Parkinson: relato de caso ID Trabalho: 1108826 Autores:<span class=\"excerpt-hellip\"> [\u2026]<\/span><\/p>\n","protected":false},"author":1,"featured_media":0,"parent":0,"menu_order":0,"comment_status":"closed","ping_status":"closed","template":"","meta":[],"_links":{"self":[{"href":"https:\/\/anaisneodentcongress.com.br\/2023\/wp-json\/wp\/v2\/pages\/429"}],"collection":[{"href":"https:\/\/anaisneodentcongress.com.br\/2023\/wp-json\/wp\/v2\/pages"}],"about":[{"href":"https:\/\/anaisneodentcongress.com.br\/2023\/wp-json\/wp\/v2\/types\/page"}],"author":[{"embeddable":true,"href":"https:\/\/anaisneodentcongress.com.br\/2023\/wp-json\/wp\/v2\/users\/1"}],"replies":[{"embeddable":true,"href":"https:\/\/anaisneodentcongress.com.br\/2023\/wp-json\/wp\/v2\/comments?post=429"}],"version-history":[{"count":7,"href":"https:\/\/anaisneodentcongress.com.br\/2023\/wp-json\/wp\/v2\/pages\/429\/revisions"}],"predecessor-version":[{"id":1668,"href":"https:\/\/anaisneodentcongress.com.br\/2023\/wp-json\/wp\/v2\/pages\/429\/revisions\/1668"}],"wp:attachment":[{"href":"https:\/\/anaisneodentcongress.com.br\/2023\/wp-json\/wp\/v2\/media?parent=429"}],"curies":[{"name":"wp","href":"https:\/\/api.w.org\/{rel}","templated":true}]}}

Reabilitação de maxila com implantes e carga imediata em paciente portador da doença de Parkinson: relato de caso

<div data-elementor-type="wp-page" data-elementor-id="429" class="elementor elementor-429">
							<div class="elementor-element elementor-element-2b3b2ff5 e-con-full e-flex e-con" data-id="2b3b2ff5" data-element_type="container" data-settings="{&quot;content_width&quot;:&quot;full&quot;,&quot;background_background&quot;:&quot;classic&quot;}">
		<div class="elementor-element elementor-element-7ae956 e-con-full e-flex e-con" data-id="7ae956" data-element_type="container" data-settings="{&quot;content_width&quot;:&quot;full&quot;}">
				</div>
		<div class="elementor-element elementor-element-72158755 e-con-full e-flex e-con" data-id="72158755" data-element_type="container" data-settings="{&quot;content_width&quot;:&quot;full&quot;,&quot;background_background&quot;:&quot;classic&quot;}">
		<div class="elementor-element elementor-element-6dc2d594 e-con-boxed e-flex e-con" data-id="6dc2d594" data-element_type="container" data-settings="{&quot;content_width&quot;:&quot;boxed&quot;}">
					<div class="e-con-inner">
				<div class="elementor-element elementor-element-703d9f55 elementor-widget elementor-widget-heading" data-id="703d9f55" data-element_type="widget" data-widget_type="heading.default">
				<div class="elementor-widget-container">
			<style>/*! elementor - v3.13.2 - 11-05-2023 */
.elementor-heading-title{padding:0;margin:0;line-height:1}.elementor-widget-heading .elementor-heading-title[class*=elementor-size-]>a{color:inherit;font-size:inherit;line-height:inherit}.elementor-widget-heading .elementor-heading-title.elementor-size-small{font-size:15px}.elementor-widget-heading .elementor-heading-title.elementor-size-medium{font-size:19px}.elementor-widget-heading .elementor-heading-title.elementor-size-large{font-size:29px}.elementor-widget-heading .elementor-heading-title.elementor-size-xl{font-size:39px}.elementor-widget-heading .elementor-heading-title.elementor-size-xxl{font-size:59px}</style><h2 class="elementor-heading-title elementor-size-default"><a href="/2023/menu-neodent-caso-clinico/">Menu</a></h2>		</div>
				</div>
				<div class="elementor-element elementor-element-23603bde elementor-widget elementor-widget-heading" data-id="23603bde" data-element_type="widget" data-widget_type="heading.default">
				<div class="elementor-widget-container">
			<h2 class="elementor-heading-title elementor-size-default"><a href="/2023/menu-neodent-caso-clinico/">Neodent, Caso Clínico</a></h2>		</div>
				</div>
					</div>
				</div>
		<div class="elementor-element elementor-element-647f4351 e-con-boxed e-flex e-con" data-id="647f4351" data-element_type="container" data-settings="{&quot;content_width&quot;:&quot;boxed&quot;}">
					<div class="e-con-inner">
				<div class="elementor-element elementor-element-2713ea43 elementor-widget elementor-widget-heading" data-id="2713ea43" data-element_type="widget" data-widget_type="heading.default">
				<div class="elementor-widget-container">
			<h2 class="elementor-heading-title elementor-size-default">Reabilitação de maxila com implantes e carga imediata em paciente portador da doença de Parkinson: relato de caso</h2>		</div>
				</div>
					</div>
				</div>
				<div class="elementor-element elementor-element-34f3b527 elementor-widget elementor-widget-text-editor" data-id="34f3b527" data-element_type="widget" data-widget_type="text-editor.default">
				<div class="elementor-widget-container">
			<style>/*! elementor - v3.13.2 - 11-05-2023 */
.elementor-widget-text-editor.elementor-drop-cap-view-stacked .elementor-drop-cap{background-color:#69727d;color:#fff}.elementor-widget-text-editor.elementor-drop-cap-view-framed .elementor-drop-cap{color:#69727d;border:3px solid;background-color:transparent}.elementor-widget-text-editor:not(.elementor-drop-cap-view-default) .elementor-drop-cap{margin-top:8px}.elementor-widget-text-editor:not(.elementor-drop-cap-view-default) .elementor-drop-cap-letter{width:1em;height:1em}.elementor-widget-text-editor .elementor-drop-cap{float:left;text-align:center;line-height:1;font-size:50px}.elementor-widget-text-editor .elementor-drop-cap-letter{display:inline-block}</style>				<p><span style="color: #e8307c;"><strong>ID Trabalho:</strong> 1108826</span></p><p><strong>Autores: </strong>STEFANY BOMM (ILAPEO &#8211; CURITIBA &#8211; PR &#8211; Brasil)</p><p><strong>Instituições dos autores:</strong> ILAPEO &#8211; CURITIBA &#8211; PR &#8211; Brasil</p><p><strong>Introdução: </strong>Doença de Parkinson é uma doença degenerativa, progressiva e incurável, de etiologia desconhecida, que atinge principalmente indivíduos entre 40 e 65 anos. Pacientes com Parkinson apresentam manifestações orais, dentais e maxilo-faciais, como sialorreia, xerostomia, dificuldade de adaptação ou uso de próteses dentárias e alterações cognitivas, entre outros. O objetivo desse trabalho foi demostrar por meio de apresentação de caso clínico, a conduta e o protocolo usado de acordo com todas as etapas cirúrgicas e não cirúrgicas, em um paciente com doença de Parkinson para a implantação e carga imediata, e verificar se há ganho de qualidade de vida do paciente.</p><p><strong>Relato do caso: </strong>Paciente G.C. sexo masculino, 58 anos, portador da doença de Parkinson, compareceu a clínica com queixa de grande mobilidade dentária na arcada superior, com expressivo comprometimento na alimentação, fala e qualidade de vida. Foram realizados exames pré-operatórios, planejamento protético reverso, a cirurgia foi realizado mediante anestesia local em combinação com sedação intravenosa, para a então instalação de 6 implantes Neodent na região de maxila com carga imediata de prótese implantossuportada.</p><p><strong>Conclusão ou considerações finais: </strong>A reabilitação oral com implantes em paciente com doença de Parkinson apresenta muitos benefícios, é uma opção a ser considerada para esses pacientes. O paciente com doença de Parkinson foi tratado com sucesso na instalação de implantes e prótese implantossuportada. De acordo com o tratamento fornecido, foi verificado que o paciente voltou a se alimentar de maneira eficaz, conferindo a ele ganho em qualidade de vida.</p><p><strong>Palavras chave: </strong>reabilitação de maxila; doença de parkinson; qualidade de vida</p>						</div>
				</div>
				<div class="elementor-element elementor-element-96b5977 elementor-widget elementor-widget-shortcode" data-id="96b5977" data-element_type="widget" data-widget_type="shortcode.default">
				<div class="elementor-widget-container">
					<div class="elementor-shortcode"><a href="javascript:history.back(1)" target="_self"><img decoding="async" src="../wp-content/uploads/2023/05/bot-voltar.png" widht="103" height="28" border="0"></a> </div>
				</div>
				</div>
				</div>
		<div class="elementor-element elementor-element-18e4336d e-con-full e-flex e-con" data-id="18e4336d" data-element_type="container" data-settings="{&quot;content_width&quot;:&quot;full&quot;}">
				</div>
				</div>
							</div>

<p>Menu Neodent, Caso Clínico Reabilitação de maxila com implantes e carga imediata em paciente portador da doença de Parkinson: relato de caso ID Trabalho: 1108826 Autores:<span class="excerpt-hellip"> […]</span></p>
