{"id":298,"date":"2023-05-11T14:44:50","date_gmt":"2023-05-11T17:44:50","guid":{"rendered":"https:\/\/anaisneodentcongress.com.br\/2023\/?page_id=298"},"modified":"2023-05-17T17:27:50","modified_gmt":"2023-05-17T20:27:50","slug":"substituicao-de-um-pre-molar-inferior-com-implante-ceramico-de-duas-pecas-relato-de-caso","status":"publish","type":"page","link":"https:\/\/anaisneodentcongress.com.br\/2023\/substituicao-de-um-pre-molar-inferior-com-implante-ceramico-de-duas-pecas-relato-de-caso\/","title":{"rendered":"Substitui\u00e7\u00e3o de um pr\u00e9-molar inferior com Implante cer\u00e2mico de duas pe\u00e7as: relato de caso"},"content":{"rendered":"\t\t<div data-elementor-type=\"wp-page\" data-elementor-id=\"298\" class=\"elementor elementor-298\">\n\t\t\t\t\t\t\t<div class=\"elementor-element elementor-element-1ebd0593 e-con-full e-flex e-con\" data-id=\"1ebd0593\" data-element_type=\"container\" data-settings=\"{&quot;content_width&quot;:&quot;full&quot;,&quot;background_background&quot;:&quot;classic&quot;}\">\n\t\t<div class=\"elementor-element elementor-element-3c0cf24a e-con-full e-flex e-con\" data-id=\"3c0cf24a\" data-element_type=\"container\" data-settings=\"{&quot;content_width&quot;:&quot;full&quot;}\">\n\t\t\t\t<\/div>\n\t\t<div class=\"elementor-element elementor-element-4a0bf62c e-con-full e-flex e-con\" data-id=\"4a0bf62c\" data-element_type=\"container\" data-settings=\"{&quot;content_width&quot;:&quot;full&quot;,&quot;background_background&quot;:&quot;classic&quot;}\">\n\t\t<div class=\"elementor-element elementor-element-6cb73c06 e-con-boxed e-flex e-con\" data-id=\"6cb73c06\" data-element_type=\"container\" data-settings=\"{&quot;content_width&quot;:&quot;boxed&quot;}\">\n\t\t\t\t\t<div class=\"e-con-inner\">\n\t\t\t\t<div class=\"elementor-element elementor-element-21b9e2f elementor-widget elementor-widget-heading\" data-id=\"21b9e2f\" data-element_type=\"widget\" data-widget_type=\"heading.default\">\n\t\t\t\t<div class=\"elementor-widget-container\">\n\t\t\t<style>\/*! elementor - v3.13.2 - 11-05-2023 *\/\n.elementor-heading-title{padding:0;margin:0;line-height:1}.elementor-widget-heading .elementor-heading-title[class*=elementor-size-]>a{color:inherit;font-size:inherit;line-height:inherit}.elementor-widget-heading .elementor-heading-title.elementor-size-small{font-size:15px}.elementor-widget-heading .elementor-heading-title.elementor-size-medium{font-size:19px}.elementor-widget-heading .elementor-heading-title.elementor-size-large{font-size:29px}.elementor-widget-heading .elementor-heading-title.elementor-size-xl{font-size:39px}.elementor-widget-heading .elementor-heading-title.elementor-size-xxl{font-size:59px}<\/style><h2 class=\"elementor-heading-title elementor-size-default\"><a href=\"\/2023\/menu-neodent-caso-clinico\/\">Menu<\/a><\/h2>\t\t<\/div>\n\t\t\t\t<\/div>\n\t\t\t\t<div class=\"elementor-element elementor-element-281a681e elementor-widget elementor-widget-heading\" data-id=\"281a681e\" data-element_type=\"widget\" data-widget_type=\"heading.default\">\n\t\t\t\t<div class=\"elementor-widget-container\">\n\t\t\t<h2 class=\"elementor-heading-title elementor-size-default\"><a href=\"\/2023\/menu-neodent-caso-clinico\/\">Neodent, Caso Cl\u00ednico<\/a><\/h2>\t\t<\/div>\n\t\t\t\t<\/div>\n\t\t\t\t\t<\/div>\n\t\t\t\t<\/div>\n\t\t<div class=\"elementor-element elementor-element-49199a6f e-con-boxed e-flex e-con\" data-id=\"49199a6f\" data-element_type=\"container\" data-settings=\"{&quot;content_width&quot;:&quot;boxed&quot;}\">\n\t\t\t\t\t<div class=\"e-con-inner\">\n\t\t\t\t<div class=\"elementor-element elementor-element-24a9661f elementor-widget elementor-widget-heading\" data-id=\"24a9661f\" data-element_type=\"widget\" data-widget_type=\"heading.default\">\n\t\t\t\t<div class=\"elementor-widget-container\">\n\t\t\t<h2 class=\"elementor-heading-title elementor-size-default\">Substitui\u00e7\u00e3o de um pr\u00e9-molar inferior com Implante cer\u00e2mico de duas pe\u00e7as: relato de caso<\/h2>\t\t<\/div>\n\t\t\t\t<\/div>\n\t\t\t\t\t<\/div>\n\t\t\t\t<\/div>\n\t\t\t\t<div class=\"elementor-element elementor-element-33fd6e45 elementor-widget elementor-widget-text-editor\" data-id=\"33fd6e45\" data-element_type=\"widget\" data-widget_type=\"text-editor.default\">\n\t\t\t\t<div class=\"elementor-widget-container\">\n\t\t\t<style>\/*! elementor - v3.13.2 - 11-05-2023 *\/\n.elementor-widget-text-editor.elementor-drop-cap-view-stacked .elementor-drop-cap{background-color:#69727d;color:#fff}.elementor-widget-text-editor.elementor-drop-cap-view-framed .elementor-drop-cap{color:#69727d;border:3px solid;background-color:transparent}.elementor-widget-text-editor:not(.elementor-drop-cap-view-default) .elementor-drop-cap{margin-top:8px}.elementor-widget-text-editor:not(.elementor-drop-cap-view-default) .elementor-drop-cap-letter{width:1em;height:1em}.elementor-widget-text-editor .elementor-drop-cap{float:left;text-align:center;line-height:1;font-size:50px}.elementor-widget-text-editor .elementor-drop-cap-letter{display:inline-block}<\/style>\t\t\t\t<p><span style=\"color: #e8307c;\"><strong>ID Trabalho:<\/strong> 1108819<\/span><\/p><p><strong>Autores: <\/strong>Alexandre\u00a0 Marques Paes\u00a0 Silva (UERJ &#8211; Rio de janeiro &#8211; RJ &#8211; Brasil), Ana Paula\u00a0 Marques Paes da Silva (UNESA &#8211; RJ &#8211; 2 &#8211; RJ &#8211; Brasil), Dennis\u00a0 de Carvalho Ferreira (UNESA-RJ &#8211; Rio de Janeiro &#8211; RJ &#8211; Brasil), Francisco Augusto Horta\u00a0 dos Santos (UVA &#8211; RJ &#8211; Rio de Janeiro &#8211; RJ &#8211; Brasil), Lissya\u00a0 Tomaz da Costa\u00a0 Gon\u00e7alves (UERJ &#8211; Rio de Janeiro &#8211; RJ &#8211; Brasil), Eduardo\u00a0 Jos\u00e9 Veras Louren\u00e7o (UERJ &#8211; Rio de Janeiro &#8211; RJ &#8211; Brasil)<\/p><p><strong>Institui\u00e7\u00f5es dos autores:<\/strong> UERJ &#8211; Rio de janeiro &#8211; RJ &#8211; Brasil,UNESA &#8211; RJ &#8211; 2 &#8211; RJ &#8211; Brasil,UNESA-RJ &#8211; Rio de Janeiro &#8211; RJ &#8211; Brasil,UVA &#8211; RJ &#8211; Rio de Janeiro &#8211; RJ &#8211; Brasil<\/p><p><strong>Introdu\u00e7\u00e3o: <\/strong>A possibilidade de alternativas mais est\u00e9ticas, livre de metais e com resist\u00eancia capaz de suportar as for\u00e7as mastigat\u00f3rias em regi\u00e3o de pr\u00e9-molares, fez com que o uso de implantes de zirc\u00f4nia aumentasse nos \u00faltimos anos. O objetivo do presente relato de caso foi analisar o desempenho cl\u00ednico e radiogr\u00e1fico de um implante cer\u00e2mico de duas pe\u00e7as na substitui\u00e7\u00e3o de um pr\u00e9-molar inferior com carga imediata (CAAE: 60496822.7.0000.5259).<\/p><p><strong>Relato de caso:<\/strong> Mulher de 38 anos, saud\u00e1vel, compareceu a cl\u00ednica odontol\u00f3gica relatando mobilidade dent\u00e1ria na regi\u00e3o de pr\u00e9-molar inferior esquerdo. Ao exame cl\u00ednico\u00a0 e radiogr\u00e1fico foi observada a presen\u00e7a do segundo molar dec\u00edduo com reabsor\u00e7\u00e3o radicular e mobilidade, al\u00e9m de agenesia do segundo pr\u00e9-molar inferior esquerdo.\u00a0 Foi realizada a exodontia sob anestesia local (Artica\u00edna 1:100.000) seguida da instala\u00e7\u00e3o de um implante de zirc\u00f4nia 4.3&#215;11,5mm (Neodent Zi )\u00a0 de acordo com as orienta\u00e7\u00f5es do fabricante. O torque de inser\u00e7\u00e3o foi de 50Ncm, viabilizando a confec\u00e7\u00e3o de uma provis\u00f3ria imediata sobre um Pilar CR Zi\u00a0 4,5&#215;5,0x1,5mm. Ap\u00f3s 4 meses, uma coroa de dissilicato de l\u00edtio foi confeccionada e cimentada sobre o implante com cimento resinoso(RelyX\u2122).<\/p><p><strong>Conclus\u00e3o ou considera\u00e7\u00f5es finais:<\/strong> Em seis meses de acompanhamento, nenhum tipo de complica\u00e7\u00e3o foi observada. Com um planejamento reverso rigoroso, o novo sistema de implante de zirc\u00f4nia de duas pe\u00e7as\u00a0 permite uma maior flexibilidade prot\u00e9tica, quando compar\u00e1vel aos implantes de zirc\u00f4nia de corpo \u00fanico.<\/p><p><strong>Palavras chave:<\/strong> Agenesia; Zirc\u00f4nia; Carga imediata<\/p>\t\t\t\t\t\t<\/div>\n\t\t\t\t<\/div>\n\t\t\t\t<div class=\"elementor-element elementor-element-1b4e0ac1 elementor-widget elementor-widget-shortcode\" data-id=\"1b4e0ac1\" data-element_type=\"widget\" data-widget_type=\"shortcode.default\">\n\t\t\t\t<div class=\"elementor-widget-container\">\n\t\t\t\t\t<div class=\"elementor-shortcode\"><a href=\"javascript:history.back(1)\" target=\"_self\"><img decoding=\"async\" src=\"..\/wp-content\/uploads\/2023\/05\/bot-voltar.png\" widht=\"103\" height=\"28\" border=\"0\"><\/a> <\/div>\n\t\t\t\t<\/div>\n\t\t\t\t<\/div>\n\t\t\t\t<\/div>\n\t\t<div class=\"elementor-element elementor-element-61248453 e-con-full e-flex e-con\" data-id=\"61248453\" data-element_type=\"container\" data-settings=\"{&quot;content_width&quot;:&quot;full&quot;}\">\n\t\t\t\t<\/div>\n\t\t\t\t<\/div>\n\t\t\t\t\t\t\t<\/div>\n\t\t","protected":false},"excerpt":{"rendered":"<p>Menu Neodent, Caso Cl\u00ednico Substitui\u00e7\u00e3o de um pr\u00e9-molar inferior com Implante cer\u00e2mico de duas pe\u00e7as: relato de caso ID Trabalho: 1108819 Autores: Alexandre\u00a0 Marques Paes\u00a0 Silva<span class=\"excerpt-hellip\"> [\u2026]<\/span><\/p>\n","protected":false},"author":1,"featured_media":0,"parent":0,"menu_order":0,"comment_status":"closed","ping_status":"closed","template":"","meta":[],"_links":{"self":[{"href":"https:\/\/anaisneodentcongress.com.br\/2023\/wp-json\/wp\/v2\/pages\/298"}],"collection":[{"href":"https:\/\/anaisneodentcongress.com.br\/2023\/wp-json\/wp\/v2\/pages"}],"about":[{"href":"https:\/\/anaisneodentcongress.com.br\/2023\/wp-json\/wp\/v2\/types\/page"}],"author":[{"embeddable":true,"href":"https:\/\/anaisneodentcongress.com.br\/2023\/wp-json\/wp\/v2\/users\/1"}],"replies":[{"embeddable":true,"href":"https:\/\/anaisneodentcongress.com.br\/2023\/wp-json\/wp\/v2\/comments?post=298"}],"version-history":[{"count":14,"href":"https:\/\/anaisneodentcongress.com.br\/2023\/wp-json\/wp\/v2\/pages\/298\/revisions"}],"predecessor-version":[{"id":1689,"href":"https:\/\/anaisneodentcongress.com.br\/2023\/wp-json\/wp\/v2\/pages\/298\/revisions\/1689"}],"wp:attachment":[{"href":"https:\/\/anaisneodentcongress.com.br\/2023\/wp-json\/wp\/v2\/media?parent=298"}],"curies":[{"name":"wp","href":"https:\/\/api.w.org\/{rel}","templated":true}]}}

Substituição de um pré-molar inferior com Implante cerâmico de duas peças: relato de caso

<div data-elementor-type="wp-page" data-elementor-id="298" class="elementor elementor-298">
							<div class="elementor-element elementor-element-1ebd0593 e-con-full e-flex e-con" data-id="1ebd0593" data-element_type="container" data-settings="{&quot;content_width&quot;:&quot;full&quot;,&quot;background_background&quot;:&quot;classic&quot;}">
		<div class="elementor-element elementor-element-3c0cf24a e-con-full e-flex e-con" data-id="3c0cf24a" data-element_type="container" data-settings="{&quot;content_width&quot;:&quot;full&quot;}">
				</div>
		<div class="elementor-element elementor-element-4a0bf62c e-con-full e-flex e-con" data-id="4a0bf62c" data-element_type="container" data-settings="{&quot;content_width&quot;:&quot;full&quot;,&quot;background_background&quot;:&quot;classic&quot;}">
		<div class="elementor-element elementor-element-6cb73c06 e-con-boxed e-flex e-con" data-id="6cb73c06" data-element_type="container" data-settings="{&quot;content_width&quot;:&quot;boxed&quot;}">
					<div class="e-con-inner">
				<div class="elementor-element elementor-element-21b9e2f elementor-widget elementor-widget-heading" data-id="21b9e2f" data-element_type="widget" data-widget_type="heading.default">
				<div class="elementor-widget-container">
			<style>/*! elementor - v3.13.2 - 11-05-2023 */
.elementor-heading-title{padding:0;margin:0;line-height:1}.elementor-widget-heading .elementor-heading-title[class*=elementor-size-]>a{color:inherit;font-size:inherit;line-height:inherit}.elementor-widget-heading .elementor-heading-title.elementor-size-small{font-size:15px}.elementor-widget-heading .elementor-heading-title.elementor-size-medium{font-size:19px}.elementor-widget-heading .elementor-heading-title.elementor-size-large{font-size:29px}.elementor-widget-heading .elementor-heading-title.elementor-size-xl{font-size:39px}.elementor-widget-heading .elementor-heading-title.elementor-size-xxl{font-size:59px}</style><h2 class="elementor-heading-title elementor-size-default"><a href="/2023/menu-neodent-caso-clinico/">Menu</a></h2>		</div>
				</div>
				<div class="elementor-element elementor-element-281a681e elementor-widget elementor-widget-heading" data-id="281a681e" data-element_type="widget" data-widget_type="heading.default">
				<div class="elementor-widget-container">
			<h2 class="elementor-heading-title elementor-size-default"><a href="/2023/menu-neodent-caso-clinico/">Neodent, Caso Clínico</a></h2>		</div>
				</div>
					</div>
				</div>
		<div class="elementor-element elementor-element-49199a6f e-con-boxed e-flex e-con" data-id="49199a6f" data-element_type="container" data-settings="{&quot;content_width&quot;:&quot;boxed&quot;}">
					<div class="e-con-inner">
				<div class="elementor-element elementor-element-24a9661f elementor-widget elementor-widget-heading" data-id="24a9661f" data-element_type="widget" data-widget_type="heading.default">
				<div class="elementor-widget-container">
			<h2 class="elementor-heading-title elementor-size-default">Substituição de um pré-molar inferior com Implante cerâmico de duas peças: relato de caso</h2>		</div>
				</div>
					</div>
				</div>
				<div class="elementor-element elementor-element-33fd6e45 elementor-widget elementor-widget-text-editor" data-id="33fd6e45" data-element_type="widget" data-widget_type="text-editor.default">
				<div class="elementor-widget-container">
			<style>/*! elementor - v3.13.2 - 11-05-2023 */
.elementor-widget-text-editor.elementor-drop-cap-view-stacked .elementor-drop-cap{background-color:#69727d;color:#fff}.elementor-widget-text-editor.elementor-drop-cap-view-framed .elementor-drop-cap{color:#69727d;border:3px solid;background-color:transparent}.elementor-widget-text-editor:not(.elementor-drop-cap-view-default) .elementor-drop-cap{margin-top:8px}.elementor-widget-text-editor:not(.elementor-drop-cap-view-default) .elementor-drop-cap-letter{width:1em;height:1em}.elementor-widget-text-editor .elementor-drop-cap{float:left;text-align:center;line-height:1;font-size:50px}.elementor-widget-text-editor .elementor-drop-cap-letter{display:inline-block}</style>				<p><span style="color: #e8307c;"><strong>ID Trabalho:</strong> 1108819</span></p><p><strong>Autores: </strong>Alexandre  Marques Paes  Silva (UERJ &#8211; Rio de janeiro &#8211; RJ &#8211; Brasil), Ana Paula  Marques Paes da Silva (UNESA &#8211; RJ &#8211; 2 &#8211; RJ &#8211; Brasil), Dennis  de Carvalho Ferreira (UNESA-RJ &#8211; Rio de Janeiro &#8211; RJ &#8211; Brasil), Francisco Augusto Horta  dos Santos (UVA &#8211; RJ &#8211; Rio de Janeiro &#8211; RJ &#8211; Brasil), Lissya  Tomaz da Costa  Gonçalves (UERJ &#8211; Rio de Janeiro &#8211; RJ &#8211; Brasil), Eduardo  José Veras Lourenço (UERJ &#8211; Rio de Janeiro &#8211; RJ &#8211; Brasil)</p><p><strong>Instituições dos autores:</strong> UERJ &#8211; Rio de janeiro &#8211; RJ &#8211; Brasil,UNESA &#8211; RJ &#8211; 2 &#8211; RJ &#8211; Brasil,UNESA-RJ &#8211; Rio de Janeiro &#8211; RJ &#8211; Brasil,UVA &#8211; RJ &#8211; Rio de Janeiro &#8211; RJ &#8211; Brasil</p><p><strong>Introdução: </strong>A possibilidade de alternativas mais estéticas, livre de metais e com resistência capaz de suportar as forças mastigatórias em região de pré-molares, fez com que o uso de implantes de zircônia aumentasse nos últimos anos. O objetivo do presente relato de caso foi analisar o desempenho clínico e radiográfico de um implante cerâmico de duas peças na substituição de um pré-molar inferior com carga imediata (CAAE: 60496822.7.0000.5259).</p><p><strong>Relato de caso:</strong> Mulher de 38 anos, saudável, compareceu a clínica odontológica relatando mobilidade dentária na região de pré-molar inferior esquerdo. Ao exame clínico  e radiográfico foi observada a presença do segundo molar decíduo com reabsorção radicular e mobilidade, além de agenesia do segundo pré-molar inferior esquerdo.  Foi realizada a exodontia sob anestesia local (Articaína 1:100.000) seguida da instalação de um implante de zircônia 4.3&#215;11,5mm (Neodent Zi )  de acordo com as orientações do fabricante. O torque de inserção foi de 50Ncm, viabilizando a confecção de uma provisória imediata sobre um Pilar CR Zi  4,5&#215;5,0x1,5mm. Após 4 meses, uma coroa de dissilicato de lítio foi confeccionada e cimentada sobre o implante com cimento resinoso(RelyX™).</p><p><strong>Conclusão ou considerações finais:</strong> Em seis meses de acompanhamento, nenhum tipo de complicação foi observada. Com um planejamento reverso rigoroso, o novo sistema de implante de zircônia de duas peças  permite uma maior flexibilidade protética, quando comparável aos implantes de zircônia de corpo único.</p><p><strong>Palavras chave:</strong> Agenesia; Zircônia; Carga imediata</p>						</div>
				</div>
				<div class="elementor-element elementor-element-1b4e0ac1 elementor-widget elementor-widget-shortcode" data-id="1b4e0ac1" data-element_type="widget" data-widget_type="shortcode.default">
				<div class="elementor-widget-container">
					<div class="elementor-shortcode"><a href="javascript:history.back(1)" target="_self"><img decoding="async" src="../wp-content/uploads/2023/05/bot-voltar.png" widht="103" height="28" border="0"></a> </div>
				</div>
				</div>
				</div>
		<div class="elementor-element elementor-element-61248453 e-con-full e-flex e-con" data-id="61248453" data-element_type="container" data-settings="{&quot;content_width&quot;:&quot;full&quot;}">
				</div>
				</div>
							</div>

<p>Menu Neodent, Caso Clínico Substituição de um pré-molar inferior com Implante cerâmico de duas peças: relato de caso ID Trabalho: 1108819 Autores: Alexandre  Marques Paes  Silva<span class="excerpt-hellip"> […]</span></p>
