{"id":1747,"date":"2023-05-18T09:14:26","date_gmt":"2023-05-18T12:14:26","guid":{"rendered":"https:\/\/anaisneodentcongress.com.br\/2023\/?page_id=1747"},"modified":"2023-05-18T09:37:14","modified_gmt":"2023-05-18T12:37:14","slug":"reabilitacao-oral-sobre-implantes-em-paciente-com-severa-deformidade-dento-facial-esqueletica","status":"publish","type":"page","link":"https:\/\/anaisneodentcongress.com.br\/2023\/reabilitacao-oral-sobre-implantes-em-paciente-com-severa-deformidade-dento-facial-esqueletica\/","title":{"rendered":"Reabilita\u00e7\u00e3o Oral sobre implantes em paciente com severa deformidade dento-facial esquel\u00e9tica"},"content":{"rendered":"\t\t<div data-elementor-type=\"wp-page\" data-elementor-id=\"1747\" class=\"elementor elementor-1747\">\n\t\t\t\t\t\t\t<div class=\"elementor-element elementor-element-1055f6e6 e-con-full e-flex e-con\" data-id=\"1055f6e6\" data-element_type=\"container\" data-settings=\"{&quot;content_width&quot;:&quot;full&quot;,&quot;background_background&quot;:&quot;classic&quot;}\">\n\t\t<div class=\"elementor-element elementor-element-117537c4 e-con-full e-flex e-con\" data-id=\"117537c4\" data-element_type=\"container\" data-settings=\"{&quot;content_width&quot;:&quot;full&quot;}\">\n\t\t\t\t<\/div>\n\t\t<div class=\"elementor-element elementor-element-572acf7a e-con-full e-flex e-con\" data-id=\"572acf7a\" data-element_type=\"container\" data-settings=\"{&quot;content_width&quot;:&quot;full&quot;,&quot;background_background&quot;:&quot;classic&quot;}\">\n\t\t<div class=\"elementor-element elementor-element-519b823b e-con-boxed e-flex e-con\" data-id=\"519b823b\" data-element_type=\"container\" data-settings=\"{&quot;content_width&quot;:&quot;boxed&quot;}\">\n\t\t\t\t\t<div class=\"e-con-inner\">\n\t\t\t\t<div class=\"elementor-element elementor-element-62efb7a9 elementor-widget elementor-widget-heading\" data-id=\"62efb7a9\" data-element_type=\"widget\" data-widget_type=\"heading.default\">\n\t\t\t\t<div class=\"elementor-widget-container\">\n\t\t\t<style>\/*! elementor - v3.13.2 - 11-05-2023 *\/\n.elementor-heading-title{padding:0;margin:0;line-height:1}.elementor-widget-heading .elementor-heading-title[class*=elementor-size-]>a{color:inherit;font-size:inherit;line-height:inherit}.elementor-widget-heading .elementor-heading-title.elementor-size-small{font-size:15px}.elementor-widget-heading .elementor-heading-title.elementor-size-medium{font-size:19px}.elementor-widget-heading .elementor-heading-title.elementor-size-large{font-size:29px}.elementor-widget-heading .elementor-heading-title.elementor-size-xl{font-size:39px}.elementor-widget-heading .elementor-heading-title.elementor-size-xxl{font-size:59px}<\/style><h2 class=\"elementor-heading-title elementor-size-default\"><a href=\"\/2023\/menu-neodent-caso-clinico\/\">Menu<\/a><\/h2>\t\t<\/div>\n\t\t\t\t<\/div>\n\t\t\t\t<div class=\"elementor-element elementor-element-7a5333a elementor-widget elementor-widget-heading\" data-id=\"7a5333a\" data-element_type=\"widget\" data-widget_type=\"heading.default\">\n\t\t\t\t<div class=\"elementor-widget-container\">\n\t\t\t<h2 class=\"elementor-heading-title elementor-size-default\"><a href=\"\/2023\/menu-neodent-caso-clinico\/\">Neodent, Casos Cl\u00ednicos<\/a><\/h2>\t\t<\/div>\n\t\t\t\t<\/div>\n\t\t\t\t\t<\/div>\n\t\t\t\t<\/div>\n\t\t<div class=\"elementor-element elementor-element-53a3d92 e-con-boxed e-flex e-con\" data-id=\"53a3d92\" data-element_type=\"container\" data-settings=\"{&quot;content_width&quot;:&quot;boxed&quot;}\">\n\t\t\t\t\t<div class=\"e-con-inner\">\n\t\t\t\t<div class=\"elementor-element elementor-element-231cd9f0 elementor-widget elementor-widget-heading\" data-id=\"231cd9f0\" data-element_type=\"widget\" data-widget_type=\"heading.default\">\n\t\t\t\t<div class=\"elementor-widget-container\">\n\t\t\t<h2 class=\"elementor-heading-title elementor-size-default\">Reabilita\u00e7\u00e3o Oral sobre implantes em paciente com severa deformidade dento-facial esquel\u00e9tica<\/h2>\t\t<\/div>\n\t\t\t\t<\/div>\n\t\t\t\t\t<\/div>\n\t\t\t\t<\/div>\n\t\t\t\t<div class=\"elementor-element elementor-element-514007ae elementor-widget elementor-widget-text-editor\" data-id=\"514007ae\" data-element_type=\"widget\" data-widget_type=\"text-editor.default\">\n\t\t\t\t<div class=\"elementor-widget-container\">\n\t\t\t<style>\/*! elementor - v3.13.2 - 11-05-2023 *\/\n.elementor-widget-text-editor.elementor-drop-cap-view-stacked .elementor-drop-cap{background-color:#69727d;color:#fff}.elementor-widget-text-editor.elementor-drop-cap-view-framed .elementor-drop-cap{color:#69727d;border:3px solid;background-color:transparent}.elementor-widget-text-editor:not(.elementor-drop-cap-view-default) .elementor-drop-cap{margin-top:8px}.elementor-widget-text-editor:not(.elementor-drop-cap-view-default) .elementor-drop-cap-letter{width:1em;height:1em}.elementor-widget-text-editor .elementor-drop-cap{float:left;text-align:center;line-height:1;font-size:50px}.elementor-widget-text-editor .elementor-drop-cap-letter{display:inline-block}<\/style>\t\t\t\t<p><span style=\"color: #e8307c;\"><strong>ID Trabalho:<\/strong> 1108963<\/span><\/p>\n<p><strong>Autores: <\/strong>Esteban Arroyo (Faculdade ILAPEO &#8211; CURITIBA &#8211; PA &#8211; Brasil), Hugo Nary Filho (Instituto Br\u00e5nemark &#8211; BAURU &#8211; SP &#8211; Brasil), Eduardo Gonz\u00e1lez (Faculdade de Odontologia, Universidade de S\u00e3o Paulo &#8211; BAURU &#8211; SP &#8211; Brasil), Luis Eduardo Marques Padovan (Faculdade ILAPEO &#8211; CURITIBA &#8211; PA &#8211; Brasil), Elisa Matias Sartori (Faculdade ILAPEO &#8211; CURITIBA &#8211; PA &#8211; Brasil), Paulo Domingos Ribeiro-Junior (Hospital Santa Casa de Ja\u00fa &#8211; Ja\u00fa &#8211; SP &#8211; Brasil)<strong><br><\/strong><\/p>\n<p><strong>Institui\u00e7\u00f5es dos autores: <\/strong>Faculdade de Odontologia, Universidade de S\u00e3o Paulo &#8211; BAURU &#8211; SP &#8211; Brasil,Faculdade ILAPEO &#8211; CURITIBA &#8211; PA &#8211; Brasil,Hospital Santa Casa de Ja\u00fa &#8211; Ja\u00fa &#8211; SP &#8211; Brasil,Instituto Br\u00e5nemark &#8211; BAURU &#8211; SP &#8211; Brasil<\/p>\n<p><b>Introdu\u00e7\u00e3o:<\/b>&nbsp;<span style=\"text-align: var(--text-align);\">A deformidade dento-facial esquel\u00e9tica (DDFE) \u00e9 definida pelo desenvolvimento anormal dos ossos maxilares. Associa\u00e7\u00e3o da DDFE e a atrofia maxilar em pacientes ed\u00eantulos podem provocar uma severa perda de funcionalidade dos maxilares com implic\u00e2ncias biol\u00f3gicas e sociais.&nbsp;<\/span><\/p>\n<p><strong>Relato do caso:&nbsp;<\/strong><span style=\"text-align: var(--text-align);\">Paciente compareceu ao servi\u00e7o de Cirurgia e Traumatologia Buco-Maxilo-Facial da Santa Casa de Ja\u00fa com a queixa de impossibilidade utilizar as dentaduras ap\u00f3s as extra\u00e7\u00f5es. Ao exame cl\u00ednico foi constatado ser portadora de uma DDFE com severo prognatismo mandibular e atrofia maxilar. Foram realizados exames de imagens e laboratoriais, e elaborado o plano de tratamento que consistiu na sequencia de: corre\u00e7\u00e3o transversal de maxila; reconstru\u00e7\u00e3o \u00f3ssea dos maxilares atrav\u00e9s de enxerto \u00f3sseo de calota craniana; instala\u00e7\u00e3o de implantes osseointegrados;&nbsp; reabilita\u00e7\u00e3o provis\u00f3ria com pr\u00f3teses dento gengivais; cirurgia ortognatica bimaxilar; e por fim reabilita\u00e7\u00e3o oral atrav\u00e9s de pr\u00f3teses protocolo 1 e 2 tipo Br\u00e4nemark. Paciente encontra-se com 14 anos de acompanhamento p\u00f3s-operat\u00f3rio, sem intercorr\u00eancias e apresentando estabilidade dos bons resultados reabilitadores e est\u00e9ticos.<\/span><\/p>\n<p><strong>Conclus\u00e3o ou considera\u00e7\u00f5es finais:&nbsp;<\/strong><span style=\"text-align: var(--text-align);\">O caso descrito exemplifica como em situa\u00e7\u00f5es de severa DDFE as pr\u00f3teses remov\u00edveis n\u00e3o s\u00e3o uma alternativa vi\u00e1vel para reabilitar esses pacientes. Desta forma a inclus\u00e3o do tratamento conjunto entre cirurgia ortogn\u00e1tica e implantes osseointegr\u00e1veis podem ser uma alternativa para os pacientes com severa DDFE ed\u00eantulos.&nbsp;<\/span><\/p>\n<p><strong>Discuss\u00e3o e conclus\u00f5es: <\/strong><\/p>\n<p><strong>Palavras chave:&nbsp;<\/strong><span style=\"text-align: var(--text-align);\">Cirurgia Ortogn\u00e1tica, Implante Dent\u00e1rio, Maxila Atr\u00f3fica<\/span><\/p>\t\t\t\t\t\t<\/div>\n\t\t\t\t<\/div>\n\t\t\t\t<div class=\"elementor-element elementor-element-6918ae07 elementor-widget elementor-widget-shortcode\" data-id=\"6918ae07\" data-element_type=\"widget\" data-widget_type=\"shortcode.default\">\n\t\t\t\t<div class=\"elementor-widget-container\">\n\t\t\t\t\t<div class=\"elementor-shortcode\"><a href=\"javascript:history.back(1)\" target=\"_self\"><img decoding=\"async\" src=\"..\/wp-content\/uploads\/2023\/05\/bot-voltar.png\" widht=\"103\" height=\"28\" border=\"0\"><\/a> <\/div>\n\t\t\t\t<\/div>\n\t\t\t\t<\/div>\n\t\t\t\t<\/div>\n\t\t<div class=\"elementor-element elementor-element-1920c1ba e-con-full e-flex e-con\" data-id=\"1920c1ba\" data-element_type=\"container\" data-settings=\"{&quot;content_width&quot;:&quot;full&quot;}\">\n\t\t\t\t<\/div>\n\t\t\t\t<\/div>\n\t\t\t\t\t\t\t<\/div>\n\t\t","protected":false},"excerpt":{"rendered":"<p>Menu Neodent, Casos Cl\u00ednicos Reabilita\u00e7\u00e3o Oral sobre implantes em paciente com severa deformidade dento-facial esquel\u00e9tica ID Trabalho: 1108963 Autores: Esteban Arroyo (Faculdade ILAPEO &#8211; CURITIBA &#8211;<span class=\"excerpt-hellip\"> [\u2026]<\/span><\/p>\n","protected":false},"author":1,"featured_media":0,"parent":0,"menu_order":0,"comment_status":"closed","ping_status":"closed","template":"","meta":[],"_links":{"self":[{"href":"https:\/\/anaisneodentcongress.com.br\/2023\/wp-json\/wp\/v2\/pages\/1747"}],"collection":[{"href":"https:\/\/anaisneodentcongress.com.br\/2023\/wp-json\/wp\/v2\/pages"}],"about":[{"href":"https:\/\/anaisneodentcongress.com.br\/2023\/wp-json\/wp\/v2\/types\/page"}],"author":[{"embeddable":true,"href":"https:\/\/anaisneodentcongress.com.br\/2023\/wp-json\/wp\/v2\/users\/1"}],"replies":[{"embeddable":true,"href":"https:\/\/anaisneodentcongress.com.br\/2023\/wp-json\/wp\/v2\/comments?post=1747"}],"version-history":[{"count":4,"href":"https:\/\/anaisneodentcongress.com.br\/2023\/wp-json\/wp\/v2\/pages\/1747\/revisions"}],"predecessor-version":[{"id":1752,"href":"https:\/\/anaisneodentcongress.com.br\/2023\/wp-json\/wp\/v2\/pages\/1747\/revisions\/1752"}],"wp:attachment":[{"href":"https:\/\/anaisneodentcongress.com.br\/2023\/wp-json\/wp\/v2\/media?parent=1747"}],"curies":[{"name":"wp","href":"https:\/\/api.w.org\/{rel}","templated":true}]}}

Reabilitação Oral sobre implantes em paciente com severa deformidade dento-facial esquelética

<div data-elementor-type="wp-page" data-elementor-id="1747" class="elementor elementor-1747">
							<div class="elementor-element elementor-element-1055f6e6 e-con-full e-flex e-con" data-id="1055f6e6" data-element_type="container" data-settings="{&quot;content_width&quot;:&quot;full&quot;,&quot;background_background&quot;:&quot;classic&quot;}">
		<div class="elementor-element elementor-element-117537c4 e-con-full e-flex e-con" data-id="117537c4" data-element_type="container" data-settings="{&quot;content_width&quot;:&quot;full&quot;}">
				</div>
		<div class="elementor-element elementor-element-572acf7a e-con-full e-flex e-con" data-id="572acf7a" data-element_type="container" data-settings="{&quot;content_width&quot;:&quot;full&quot;,&quot;background_background&quot;:&quot;classic&quot;}">
		<div class="elementor-element elementor-element-519b823b e-con-boxed e-flex e-con" data-id="519b823b" data-element_type="container" data-settings="{&quot;content_width&quot;:&quot;boxed&quot;}">
					<div class="e-con-inner">
				<div class="elementor-element elementor-element-62efb7a9 elementor-widget elementor-widget-heading" data-id="62efb7a9" data-element_type="widget" data-widget_type="heading.default">
				<div class="elementor-widget-container">
			<style>/*! elementor - v3.13.2 - 11-05-2023 */
.elementor-heading-title{padding:0;margin:0;line-height:1}.elementor-widget-heading .elementor-heading-title[class*=elementor-size-]>a{color:inherit;font-size:inherit;line-height:inherit}.elementor-widget-heading .elementor-heading-title.elementor-size-small{font-size:15px}.elementor-widget-heading .elementor-heading-title.elementor-size-medium{font-size:19px}.elementor-widget-heading .elementor-heading-title.elementor-size-large{font-size:29px}.elementor-widget-heading .elementor-heading-title.elementor-size-xl{font-size:39px}.elementor-widget-heading .elementor-heading-title.elementor-size-xxl{font-size:59px}</style><h2 class="elementor-heading-title elementor-size-default"><a href="/2023/menu-neodent-caso-clinico/">Menu</a></h2>		</div>
				</div>
				<div class="elementor-element elementor-element-7a5333a elementor-widget elementor-widget-heading" data-id="7a5333a" data-element_type="widget" data-widget_type="heading.default">
				<div class="elementor-widget-container">
			<h2 class="elementor-heading-title elementor-size-default"><a href="/2023/menu-neodent-caso-clinico/">Neodent, Casos Clínicos</a></h2>		</div>
				</div>
					</div>
				</div>
		<div class="elementor-element elementor-element-53a3d92 e-con-boxed e-flex e-con" data-id="53a3d92" data-element_type="container" data-settings="{&quot;content_width&quot;:&quot;boxed&quot;}">
					<div class="e-con-inner">
				<div class="elementor-element elementor-element-231cd9f0 elementor-widget elementor-widget-heading" data-id="231cd9f0" data-element_type="widget" data-widget_type="heading.default">
				<div class="elementor-widget-container">
			<h2 class="elementor-heading-title elementor-size-default">Reabilitação Oral sobre implantes em paciente com severa deformidade dento-facial esquelética</h2>		</div>
				</div>
					</div>
				</div>
				<div class="elementor-element elementor-element-514007ae elementor-widget elementor-widget-text-editor" data-id="514007ae" data-element_type="widget" data-widget_type="text-editor.default">
				<div class="elementor-widget-container">
			<style>/*! elementor - v3.13.2 - 11-05-2023 */
.elementor-widget-text-editor.elementor-drop-cap-view-stacked .elementor-drop-cap{background-color:#69727d;color:#fff}.elementor-widget-text-editor.elementor-drop-cap-view-framed .elementor-drop-cap{color:#69727d;border:3px solid;background-color:transparent}.elementor-widget-text-editor:not(.elementor-drop-cap-view-default) .elementor-drop-cap{margin-top:8px}.elementor-widget-text-editor:not(.elementor-drop-cap-view-default) .elementor-drop-cap-letter{width:1em;height:1em}.elementor-widget-text-editor .elementor-drop-cap{float:left;text-align:center;line-height:1;font-size:50px}.elementor-widget-text-editor .elementor-drop-cap-letter{display:inline-block}</style>				<p><span style="color: #e8307c;"><strong>ID Trabalho:</strong> 1108963</span></p>
<p><strong>Autores: </strong>Esteban Arroyo (Faculdade ILAPEO &#8211; CURITIBA &#8211; PA &#8211; Brasil), Hugo Nary Filho (Instituto Brånemark &#8211; BAURU &#8211; SP &#8211; Brasil), Eduardo González (Faculdade de Odontologia, Universidade de São Paulo &#8211; BAURU &#8211; SP &#8211; Brasil), Luis Eduardo Marques Padovan (Faculdade ILAPEO &#8211; CURITIBA &#8211; PA &#8211; Brasil), Elisa Matias Sartori (Faculdade ILAPEO &#8211; CURITIBA &#8211; PA &#8211; Brasil), Paulo Domingos Ribeiro-Junior (Hospital Santa Casa de Jaú &#8211; Jaú &#8211; SP &#8211; Brasil)<strong><br></strong></p>
<p><strong>Instituições dos autores: </strong>Faculdade de Odontologia, Universidade de São Paulo &#8211; BAURU &#8211; SP &#8211; Brasil,Faculdade ILAPEO &#8211; CURITIBA &#8211; PA &#8211; Brasil,Hospital Santa Casa de Jaú &#8211; Jaú &#8211; SP &#8211; Brasil,Instituto Brånemark &#8211; BAURU &#8211; SP &#8211; Brasil</p>
<p><b>Introdução:</b>&nbsp;<span style="text-align: var(--text-align);">A deformidade dento-facial esquelética (DDFE) é definida pelo desenvolvimento anormal dos ossos maxilares. Associação da DDFE e a atrofia maxilar em pacientes edêntulos podem provocar uma severa perda de funcionalidade dos maxilares com implicâncias biológicas e sociais.&nbsp;</span></p>
<p><strong>Relato do caso:&nbsp;</strong><span style="text-align: var(--text-align);">Paciente compareceu ao serviço de Cirurgia e Traumatologia Buco-Maxilo-Facial da Santa Casa de Jaú com a queixa de impossibilidade utilizar as dentaduras após as extrações. Ao exame clínico foi constatado ser portadora de uma DDFE com severo prognatismo mandibular e atrofia maxilar. Foram realizados exames de imagens e laboratoriais, e elaborado o plano de tratamento que consistiu na sequencia de: correção transversal de maxila; reconstrução óssea dos maxilares através de enxerto ósseo de calota craniana; instalação de implantes osseointegrados;&nbsp; reabilitação provisória com próteses dento gengivais; cirurgia ortognatica bimaxilar; e por fim reabilitação oral através de próteses protocolo 1 e 2 tipo Bränemark. Paciente encontra-se com 14 anos de acompanhamento pós-operatório, sem intercorrências e apresentando estabilidade dos bons resultados reabilitadores e estéticos.</span></p>
<p><strong>Conclusão ou considerações finais:&nbsp;</strong><span style="text-align: var(--text-align);">O caso descrito exemplifica como em situações de severa DDFE as próteses removíveis não são uma alternativa viável para reabilitar esses pacientes. Desta forma a inclusão do tratamento conjunto entre cirurgia ortognática e implantes osseointegráveis podem ser uma alternativa para os pacientes com severa DDFE edêntulos.&nbsp;</span></p>
<p><strong>Discussão e conclusões: </strong></p>
<p><strong>Palavras chave:&nbsp;</strong><span style="text-align: var(--text-align);">Cirurgia Ortognática, Implante Dentário, Maxila Atrófica</span></p>						</div>
				</div>
				<div class="elementor-element elementor-element-6918ae07 elementor-widget elementor-widget-shortcode" data-id="6918ae07" data-element_type="widget" data-widget_type="shortcode.default">
				<div class="elementor-widget-container">
					<div class="elementor-shortcode"><a href="javascript:history.back(1)" target="_self"><img decoding="async" src="../wp-content/uploads/2023/05/bot-voltar.png" widht="103" height="28" border="0"></a> </div>
				</div>
				</div>
				</div>
		<div class="elementor-element elementor-element-1920c1ba e-con-full e-flex e-con" data-id="1920c1ba" data-element_type="container" data-settings="{&quot;content_width&quot;:&quot;full&quot;}">
				</div>
				</div>
							</div>

<p>Menu Neodent, Casos Clínicos Reabilitação Oral sobre implantes em paciente com severa deformidade dento-facial esquelética ID Trabalho: 1108963 Autores: Esteban Arroyo (Faculdade ILAPEO &#8211; CURITIBA &#8211;<span class="excerpt-hellip"> […]</span></p>
