{"id":1363,"date":"2023-05-12T17:42:10","date_gmt":"2023-05-12T20:42:10","guid":{"rendered":"https:\/\/anaisneodentcongress.com.br\/2023\/?page_id=1363"},"modified":"2023-05-12T17:43:04","modified_gmt":"2023-05-12T20:43:04","slug":"uso-de-implante-de-ceramica-como-opcao-para-reabilitacao-com-excelencia-estetica-relato-de-caso","status":"publish","type":"page","link":"https:\/\/anaisneodentcongress.com.br\/2023\/uso-de-implante-de-ceramica-como-opcao-para-reabilitacao-com-excelencia-estetica-relato-de-caso\/","title":{"rendered":"Uso de Implante de Cer\u00e2mica como Op\u00e7\u00e3o para Reabilita\u00e7\u00e3o com Excel\u00eancia Est\u00e9tica: relato de caso"},"content":{"rendered":"\t\t<div data-elementor-type=\"wp-page\" data-elementor-id=\"1363\" class=\"elementor elementor-1363\">\n\t\t\t\t\t\t\t<div class=\"elementor-element elementor-element-103e83e9 e-con-full e-flex e-con\" data-id=\"103e83e9\" data-element_type=\"container\" data-settings=\"{&quot;content_width&quot;:&quot;full&quot;,&quot;background_background&quot;:&quot;classic&quot;}\">\n\t\t<div class=\"elementor-element elementor-element-580baf0e e-con-full e-flex e-con\" data-id=\"580baf0e\" data-element_type=\"container\" data-settings=\"{&quot;content_width&quot;:&quot;full&quot;}\">\n\t\t\t\t<\/div>\n\t\t<div class=\"elementor-element elementor-element-6c47c6d8 e-con-full e-flex e-con\" data-id=\"6c47c6d8\" data-element_type=\"container\" data-settings=\"{&quot;content_width&quot;:&quot;full&quot;,&quot;background_background&quot;:&quot;classic&quot;}\">\n\t\t<div class=\"elementor-element elementor-element-252cd02c e-con-boxed e-flex e-con\" data-id=\"252cd02c\" data-element_type=\"container\" data-settings=\"{&quot;content_width&quot;:&quot;boxed&quot;}\">\n\t\t\t\t\t<div class=\"e-con-inner\">\n\t\t\t\t<div class=\"elementor-element elementor-element-7304b143 elementor-widget elementor-widget-heading\" data-id=\"7304b143\" data-element_type=\"widget\" data-widget_type=\"heading.default\">\n\t\t\t\t<div class=\"elementor-widget-container\">\n\t\t\t<style>\/*! elementor - v3.13.2 - 11-05-2023 *\/\n.elementor-heading-title{padding:0;margin:0;line-height:1}.elementor-widget-heading .elementor-heading-title[class*=elementor-size-]>a{color:inherit;font-size:inherit;line-height:inherit}.elementor-widget-heading .elementor-heading-title.elementor-size-small{font-size:15px}.elementor-widget-heading .elementor-heading-title.elementor-size-medium{font-size:19px}.elementor-widget-heading .elementor-heading-title.elementor-size-large{font-size:29px}.elementor-widget-heading .elementor-heading-title.elementor-size-xl{font-size:39px}.elementor-widget-heading .elementor-heading-title.elementor-size-xxl{font-size:59px}<\/style><h2 class=\"elementor-heading-title elementor-size-default\"><a href=\"\/2023\/menu-neodent-caso-clinico\/\">Menu<\/a><\/h2>\t\t<\/div>\n\t\t\t\t<\/div>\n\t\t\t\t<div class=\"elementor-element elementor-element-6d0d083c elementor-widget elementor-widget-heading\" data-id=\"6d0d083c\" data-element_type=\"widget\" data-widget_type=\"heading.default\">\n\t\t\t\t<div class=\"elementor-widget-container\">\n\t\t\t<h2 class=\"elementor-heading-title elementor-size-default\"><a href=\"\/2023\/menu-neodent-caso-clinico\/\">Neodent, Caso Cl\u00ednico<\/a><\/h2>\t\t<\/div>\n\t\t\t\t<\/div>\n\t\t\t\t\t<\/div>\n\t\t\t\t<\/div>\n\t\t<div class=\"elementor-element elementor-element-70bc1790 e-con-boxed e-flex e-con\" data-id=\"70bc1790\" data-element_type=\"container\" data-settings=\"{&quot;content_width&quot;:&quot;boxed&quot;}\">\n\t\t\t\t\t<div class=\"e-con-inner\">\n\t\t\t\t<div class=\"elementor-element elementor-element-151ddadb elementor-widget elementor-widget-heading\" data-id=\"151ddadb\" data-element_type=\"widget\" data-widget_type=\"heading.default\">\n\t\t\t\t<div class=\"elementor-widget-container\">\n\t\t\t<h2 class=\"elementor-heading-title elementor-size-default\">Uso de Implante de Cer\u00e2mica como Op\u00e7\u00e3o para Reabilita\u00e7\u00e3o com Excel\u00eancia Est\u00e9tica: relato de caso<\/h2>\t\t<\/div>\n\t\t\t\t<\/div>\n\t\t\t\t\t<\/div>\n\t\t\t\t<\/div>\n\t\t\t\t<div class=\"elementor-element elementor-element-6449846b elementor-widget elementor-widget-text-editor\" data-id=\"6449846b\" data-element_type=\"widget\" data-widget_type=\"text-editor.default\">\n\t\t\t\t<div class=\"elementor-widget-container\">\n\t\t\t<style>\/*! elementor - v3.13.2 - 11-05-2023 *\/\n.elementor-widget-text-editor.elementor-drop-cap-view-stacked .elementor-drop-cap{background-color:#69727d;color:#fff}.elementor-widget-text-editor.elementor-drop-cap-view-framed .elementor-drop-cap{color:#69727d;border:3px solid;background-color:transparent}.elementor-widget-text-editor:not(.elementor-drop-cap-view-default) .elementor-drop-cap{margin-top:8px}.elementor-widget-text-editor:not(.elementor-drop-cap-view-default) .elementor-drop-cap-letter{width:1em;height:1em}.elementor-widget-text-editor .elementor-drop-cap{float:left;text-align:center;line-height:1;font-size:50px}.elementor-widget-text-editor .elementor-drop-cap-letter{display:inline-block}<\/style>\t\t\t\t<p><span style=\"color: #e8307c;\"><strong>ID Trabalho:<\/strong> 1108979<\/span><\/p><p><strong>Autores: <\/strong>Ana Cec\u00edlia\u00a0\u00a0 Alencar\u00a0 Silva\u00a0 Leite (N\u00facleo de Odontologia das Am\u00e9ricas &#8211; Macei\u00f3 &#8211; AL &#8211; Brasil), Elisa\u00a0\u00a0 Mattias Sartori\u202f (Faculdade Ilapeo &#8211; Curitiba &#8211; PR &#8211; Brasil), Pedro Henrique\u00a0 Alencar Silva Leite (N\u00facleo de Odontologia das Am\u00e9ricas &#8211; Macei\u00f3 &#8211; AL &#8211; Brasil), Ivete\u00a0 Aparecida Mattias Sartori (Faculdade Ilapeo &#8211; Curitiba &#8211; PR &#8211; Brasil)<\/p><p><strong>Institui\u00e7\u00f5es dos autores:<\/strong> Faculdade Ilapeo &#8211; Curitiba &#8211; PR &#8211; Brasil,N\u00facleo de Odontologia das Am\u00e9ricas &#8211; Macei\u00f3 &#8211; AL &#8211; Brasil<\/p><p><strong>Introdu\u00e7\u00e3o: <\/strong>Nos \u00faltimos anos, os implantes cer\u00e2micos t\u00eam ganhado uma posi\u00e7\u00e3o de destaque em rela\u00e7\u00e3o aos implantes fabricados em tit\u00e2nio, conquista baseada a partir de novas pesquisas, estabelecendo evid\u00eancias cient\u00edficas que descrevem experi\u00eancias cl\u00ednicas positivas com o uso destes implantes. Assim, surge uma nova possibilidade livre de metal, o que pode claramente favorecer resultados biol\u00f3gicos e est\u00e9ticos.<\/p><p><strong>Relato do caso: <\/strong>Paciente, sexo masculino, 45 anos de idade, apresentando \u00e1rea desdentada na regi\u00e3o do elemento 24, com sorriso gengival alto. Devido a necessidade de restabelecimento n\u00e3o somente da fun\u00e7\u00e3o, mas tamb\u00e9m est\u00e9tica, optou-se pela instala\u00e7\u00e3o de um implante ZI (Neodent) 4.3 x 11.5 mm. Como foi obtido um travamento inicial de 20Ncm, foi instalado um parafuso de cobertura e aguardou-se um per\u00edodo de 60 dias. Na reabertura foi realizado a manipula\u00e7\u00e3o do tecido gengival e instala\u00e7\u00e3o de cicatrizador por 15 dias. A coroa provis\u00f3ria parafusada foi confeccionada sobre um munh\u00e3o CR Peek e ap\u00f3s o condicionamento gengival foi realizado o escaneamento intra-oral e a instala\u00e7\u00e3o da coroa de zirc\u00f4nia sobre uma Base ZI.<\/p><p><strong>Conclus\u00e3o ou considera\u00e7\u00f5es finais: <\/strong>Diante dos acompanhamentos cl\u00ednicos e radiogr\u00e1ficos constatou-se aus\u00eancia de complica\u00e7\u00f5es biol\u00f3gicas e mec\u00e2nicas; sa\u00fade peri-implantar &#8211; sinais de osseointegra\u00e7\u00e3o satisfat\u00f3ria, com preserva\u00e7\u00e3o de n\u00edvel \u00f3sseo marginal; e manuten\u00e7\u00e3o e excel\u00eancia est\u00e9tica dos tecidos moles circunvizinhos. Essas condi\u00e7\u00f5es descritas aumentam a previsibilidade, tendo sido uma alternativa de sucesso para a\u202freabilita\u00e7\u00e3o\u202fcom implantes cer\u00e2micos em \u00e1reas de grande demanda est\u00e9tica.<\/p><p><strong>Discuss\u00e3o e conclus\u00f5es: <\/strong><\/p><p><strong>Palavras chave: <\/strong>Implantes cer\u00e2micos; Reabilita\u00e7\u00e3o Oral; Zirc\u00f4nia; Perfil periimplantar<\/p>\t\t\t\t\t\t<\/div>\n\t\t\t\t<\/div>\n\t\t\t\t<div class=\"elementor-element elementor-element-1ba97f42 elementor-widget elementor-widget-shortcode\" data-id=\"1ba97f42\" data-element_type=\"widget\" data-widget_type=\"shortcode.default\">\n\t\t\t\t<div class=\"elementor-widget-container\">\n\t\t\t\t\t<div class=\"elementor-shortcode\"><a href=\"javascript:history.back(1)\" target=\"_self\"><img decoding=\"async\" src=\"..\/wp-content\/uploads\/2023\/05\/bot-voltar.png\" widht=\"103\" height=\"28\" border=\"0\"><\/a> <\/div>\n\t\t\t\t<\/div>\n\t\t\t\t<\/div>\n\t\t\t\t<\/div>\n\t\t<div class=\"elementor-element elementor-element-73f545af e-con-full e-flex e-con\" data-id=\"73f545af\" data-element_type=\"container\" data-settings=\"{&quot;content_width&quot;:&quot;full&quot;}\">\n\t\t\t\t<\/div>\n\t\t\t\t<\/div>\n\t\t\t\t\t\t\t<\/div>\n\t\t","protected":false},"excerpt":{"rendered":"<p>Menu Neodent, Caso Cl\u00ednico Uso de Implante de Cer\u00e2mica como Op\u00e7\u00e3o para Reabilita\u00e7\u00e3o com Excel\u00eancia Est\u00e9tica: relato de caso ID Trabalho: 1108979 Autores: Ana Cec\u00edlia\u00a0\u00a0 Alencar\u00a0<span class=\"excerpt-hellip\"> [\u2026]<\/span><\/p>\n","protected":false},"author":1,"featured_media":0,"parent":0,"menu_order":0,"comment_status":"closed","ping_status":"closed","template":"","meta":[],"_links":{"self":[{"href":"https:\/\/anaisneodentcongress.com.br\/2023\/wp-json\/wp\/v2\/pages\/1363"}],"collection":[{"href":"https:\/\/anaisneodentcongress.com.br\/2023\/wp-json\/wp\/v2\/pages"}],"about":[{"href":"https:\/\/anaisneodentcongress.com.br\/2023\/wp-json\/wp\/v2\/types\/page"}],"author":[{"embeddable":true,"href":"https:\/\/anaisneodentcongress.com.br\/2023\/wp-json\/wp\/v2\/users\/1"}],"replies":[{"embeddable":true,"href":"https:\/\/anaisneodentcongress.com.br\/2023\/wp-json\/wp\/v2\/comments?post=1363"}],"version-history":[{"count":7,"href":"https:\/\/anaisneodentcongress.com.br\/2023\/wp-json\/wp\/v2\/pages\/1363\/revisions"}],"predecessor-version":[{"id":1371,"href":"https:\/\/anaisneodentcongress.com.br\/2023\/wp-json\/wp\/v2\/pages\/1363\/revisions\/1371"}],"wp:attachment":[{"href":"https:\/\/anaisneodentcongress.com.br\/2023\/wp-json\/wp\/v2\/media?parent=1363"}],"curies":[{"name":"wp","href":"https:\/\/api.w.org\/{rel}","templated":true}]}}

Uso de Implante de Cerâmica como Opção para Reabilitação com Excelência Estética: relato de caso

<div data-elementor-type="wp-page" data-elementor-id="1363" class="elementor elementor-1363">
							<div class="elementor-element elementor-element-103e83e9 e-con-full e-flex e-con" data-id="103e83e9" data-element_type="container" data-settings="{&quot;content_width&quot;:&quot;full&quot;,&quot;background_background&quot;:&quot;classic&quot;}">
		<div class="elementor-element elementor-element-580baf0e e-con-full e-flex e-con" data-id="580baf0e" data-element_type="container" data-settings="{&quot;content_width&quot;:&quot;full&quot;}">
				</div>
		<div class="elementor-element elementor-element-6c47c6d8 e-con-full e-flex e-con" data-id="6c47c6d8" data-element_type="container" data-settings="{&quot;content_width&quot;:&quot;full&quot;,&quot;background_background&quot;:&quot;classic&quot;}">
		<div class="elementor-element elementor-element-252cd02c e-con-boxed e-flex e-con" data-id="252cd02c" data-element_type="container" data-settings="{&quot;content_width&quot;:&quot;boxed&quot;}">
					<div class="e-con-inner">
				<div class="elementor-element elementor-element-7304b143 elementor-widget elementor-widget-heading" data-id="7304b143" data-element_type="widget" data-widget_type="heading.default">
				<div class="elementor-widget-container">
			<style>/*! elementor - v3.13.2 - 11-05-2023 */
.elementor-heading-title{padding:0;margin:0;line-height:1}.elementor-widget-heading .elementor-heading-title[class*=elementor-size-]>a{color:inherit;font-size:inherit;line-height:inherit}.elementor-widget-heading .elementor-heading-title.elementor-size-small{font-size:15px}.elementor-widget-heading .elementor-heading-title.elementor-size-medium{font-size:19px}.elementor-widget-heading .elementor-heading-title.elementor-size-large{font-size:29px}.elementor-widget-heading .elementor-heading-title.elementor-size-xl{font-size:39px}.elementor-widget-heading .elementor-heading-title.elementor-size-xxl{font-size:59px}</style><h2 class="elementor-heading-title elementor-size-default"><a href="/2023/menu-neodent-caso-clinico/">Menu</a></h2>		</div>
				</div>
				<div class="elementor-element elementor-element-6d0d083c elementor-widget elementor-widget-heading" data-id="6d0d083c" data-element_type="widget" data-widget_type="heading.default">
				<div class="elementor-widget-container">
			<h2 class="elementor-heading-title elementor-size-default"><a href="/2023/menu-neodent-caso-clinico/">Neodent, Caso Clínico</a></h2>		</div>
				</div>
					</div>
				</div>
		<div class="elementor-element elementor-element-70bc1790 e-con-boxed e-flex e-con" data-id="70bc1790" data-element_type="container" data-settings="{&quot;content_width&quot;:&quot;boxed&quot;}">
					<div class="e-con-inner">
				<div class="elementor-element elementor-element-151ddadb elementor-widget elementor-widget-heading" data-id="151ddadb" data-element_type="widget" data-widget_type="heading.default">
				<div class="elementor-widget-container">
			<h2 class="elementor-heading-title elementor-size-default">Uso de Implante de Cerâmica como Opção para Reabilitação com Excelência Estética: relato de caso</h2>		</div>
				</div>
					</div>
				</div>
				<div class="elementor-element elementor-element-6449846b elementor-widget elementor-widget-text-editor" data-id="6449846b" data-element_type="widget" data-widget_type="text-editor.default">
				<div class="elementor-widget-container">
			<style>/*! elementor - v3.13.2 - 11-05-2023 */
.elementor-widget-text-editor.elementor-drop-cap-view-stacked .elementor-drop-cap{background-color:#69727d;color:#fff}.elementor-widget-text-editor.elementor-drop-cap-view-framed .elementor-drop-cap{color:#69727d;border:3px solid;background-color:transparent}.elementor-widget-text-editor:not(.elementor-drop-cap-view-default) .elementor-drop-cap{margin-top:8px}.elementor-widget-text-editor:not(.elementor-drop-cap-view-default) .elementor-drop-cap-letter{width:1em;height:1em}.elementor-widget-text-editor .elementor-drop-cap{float:left;text-align:center;line-height:1;font-size:50px}.elementor-widget-text-editor .elementor-drop-cap-letter{display:inline-block}</style>				<p><span style="color: #e8307c;"><strong>ID Trabalho:</strong> 1108979</span></p><p><strong>Autores: </strong>Ana Cecília   Alencar  Silva  Leite (Núcleo de Odontologia das Américas &#8211; Maceió &#8211; AL &#8211; Brasil), Elisa   Mattias Sartori  (Faculdade Ilapeo &#8211; Curitiba &#8211; PR &#8211; Brasil), Pedro Henrique  Alencar Silva Leite (Núcleo de Odontologia das Américas &#8211; Maceió &#8211; AL &#8211; Brasil), Ivete  Aparecida Mattias Sartori (Faculdade Ilapeo &#8211; Curitiba &#8211; PR &#8211; Brasil)</p><p><strong>Instituições dos autores:</strong> Faculdade Ilapeo &#8211; Curitiba &#8211; PR &#8211; Brasil,Núcleo de Odontologia das Américas &#8211; Maceió &#8211; AL &#8211; Brasil</p><p><strong>Introdução: </strong>Nos últimos anos, os implantes cerâmicos têm ganhado uma posição de destaque em relação aos implantes fabricados em titânio, conquista baseada a partir de novas pesquisas, estabelecendo evidências científicas que descrevem experiências clínicas positivas com o uso destes implantes. Assim, surge uma nova possibilidade livre de metal, o que pode claramente favorecer resultados biológicos e estéticos.</p><p><strong>Relato do caso: </strong>Paciente, sexo masculino, 45 anos de idade, apresentando área desdentada na região do elemento 24, com sorriso gengival alto. Devido a necessidade de restabelecimento não somente da função, mas também estética, optou-se pela instalação de um implante ZI (Neodent) 4.3 x 11.5 mm. Como foi obtido um travamento inicial de 20Ncm, foi instalado um parafuso de cobertura e aguardou-se um período de 60 dias. Na reabertura foi realizado a manipulação do tecido gengival e instalação de cicatrizador por 15 dias. A coroa provisória parafusada foi confeccionada sobre um munhão CR Peek e após o condicionamento gengival foi realizado o escaneamento intra-oral e a instalação da coroa de zircônia sobre uma Base ZI.</p><p><strong>Conclusão ou considerações finais: </strong>Diante dos acompanhamentos clínicos e radiográficos constatou-se ausência de complicações biológicas e mecânicas; saúde peri-implantar &#8211; sinais de osseointegração satisfatória, com preservação de nível ósseo marginal; e manutenção e excelência estética dos tecidos moles circunvizinhos. Essas condições descritas aumentam a previsibilidade, tendo sido uma alternativa de sucesso para a reabilitação com implantes cerâmicos em áreas de grande demanda estética.</p><p><strong>Discussão e conclusões: </strong></p><p><strong>Palavras chave: </strong>Implantes cerâmicos; Reabilitação Oral; Zircônia; Perfil periimplantar</p>						</div>
				</div>
				<div class="elementor-element elementor-element-1ba97f42 elementor-widget elementor-widget-shortcode" data-id="1ba97f42" data-element_type="widget" data-widget_type="shortcode.default">
				<div class="elementor-widget-container">
					<div class="elementor-shortcode"><a href="javascript:history.back(1)" target="_self"><img decoding="async" src="../wp-content/uploads/2023/05/bot-voltar.png" widht="103" height="28" border="0"></a> </div>
				</div>
				</div>
				</div>
		<div class="elementor-element elementor-element-73f545af e-con-full e-flex e-con" data-id="73f545af" data-element_type="container" data-settings="{&quot;content_width&quot;:&quot;full&quot;}">
				</div>
				</div>
							</div>

<p>Menu Neodent, Caso Clínico Uso de Implante de Cerâmica como Opção para Reabilitação com Excelência Estética: relato de caso ID Trabalho: 1108979 Autores: Ana Cecília   Alencar <span class="excerpt-hellip"> […]</span></p>
