{"id":1339,"date":"2023-05-12T17:38:29","date_gmt":"2023-05-12T20:38:29","guid":{"rendered":"https:\/\/anaisneodentcongress.com.br\/2023\/?page_id=1339"},"modified":"2023-05-12T17:39:25","modified_gmt":"2023-05-12T20:39:25","slug":"importancia-da-interacao-multidisciplinar-para-reabilitacao-de-areas-posteriores-maxilares","status":"publish","type":"page","link":"https:\/\/anaisneodentcongress.com.br\/2023\/importancia-da-interacao-multidisciplinar-para-reabilitacao-de-areas-posteriores-maxilares\/","title":{"rendered":"Import\u00e2ncia da Intera\u00e7\u00e3o Multidisciplinar para Reabilita\u00e7\u00e3o de \u00c1reas Posteriores Maxilares"},"content":{"rendered":"\t\t<div data-elementor-type=\"wp-page\" data-elementor-id=\"1339\" class=\"elementor elementor-1339\">\n\t\t\t\t\t\t\t<div class=\"elementor-element elementor-element-58f2af68 e-con-full e-flex e-con\" data-id=\"58f2af68\" data-element_type=\"container\" data-settings=\"{&quot;content_width&quot;:&quot;full&quot;,&quot;background_background&quot;:&quot;classic&quot;}\">\n\t\t<div class=\"elementor-element elementor-element-3826ad1b e-con-full e-flex e-con\" data-id=\"3826ad1b\" data-element_type=\"container\" data-settings=\"{&quot;content_width&quot;:&quot;full&quot;}\">\n\t\t\t\t<\/div>\n\t\t<div class=\"elementor-element elementor-element-3180e721 e-con-full e-flex e-con\" data-id=\"3180e721\" data-element_type=\"container\" data-settings=\"{&quot;content_width&quot;:&quot;full&quot;,&quot;background_background&quot;:&quot;classic&quot;}\">\n\t\t<div class=\"elementor-element elementor-element-30810ce6 e-con-boxed e-flex e-con\" data-id=\"30810ce6\" data-element_type=\"container\" data-settings=\"{&quot;content_width&quot;:&quot;boxed&quot;}\">\n\t\t\t\t\t<div class=\"e-con-inner\">\n\t\t\t\t<div class=\"elementor-element elementor-element-5910a512 elementor-widget elementor-widget-heading\" data-id=\"5910a512\" data-element_type=\"widget\" data-widget_type=\"heading.default\">\n\t\t\t\t<div class=\"elementor-widget-container\">\n\t\t\t<style>\/*! elementor - v3.13.2 - 11-05-2023 *\/\n.elementor-heading-title{padding:0;margin:0;line-height:1}.elementor-widget-heading .elementor-heading-title[class*=elementor-size-]>a{color:inherit;font-size:inherit;line-height:inherit}.elementor-widget-heading .elementor-heading-title.elementor-size-small{font-size:15px}.elementor-widget-heading .elementor-heading-title.elementor-size-medium{font-size:19px}.elementor-widget-heading .elementor-heading-title.elementor-size-large{font-size:29px}.elementor-widget-heading .elementor-heading-title.elementor-size-xl{font-size:39px}.elementor-widget-heading .elementor-heading-title.elementor-size-xxl{font-size:59px}<\/style><h2 class=\"elementor-heading-title elementor-size-default\"><a href=\"\/2023\/menu-neodent-caso-clinico\/\">Menu<\/a><\/h2>\t\t<\/div>\n\t\t\t\t<\/div>\n\t\t\t\t<div class=\"elementor-element elementor-element-1ae1f9a3 elementor-widget elementor-widget-heading\" data-id=\"1ae1f9a3\" data-element_type=\"widget\" data-widget_type=\"heading.default\">\n\t\t\t\t<div class=\"elementor-widget-container\">\n\t\t\t<h2 class=\"elementor-heading-title elementor-size-default\"><a href=\"\/2023\/menu-neodent-caso-clinico\/\">Neodent, Caso Cl\u00ednico<\/a><\/h2>\t\t<\/div>\n\t\t\t\t<\/div>\n\t\t\t\t\t<\/div>\n\t\t\t\t<\/div>\n\t\t<div class=\"elementor-element elementor-element-6f2792f e-con-boxed e-flex e-con\" data-id=\"6f2792f\" data-element_type=\"container\" data-settings=\"{&quot;content_width&quot;:&quot;boxed&quot;}\">\n\t\t\t\t\t<div class=\"e-con-inner\">\n\t\t\t\t<div class=\"elementor-element elementor-element-77f403dc elementor-widget elementor-widget-heading\" data-id=\"77f403dc\" data-element_type=\"widget\" data-widget_type=\"heading.default\">\n\t\t\t\t<div class=\"elementor-widget-container\">\n\t\t\t<h2 class=\"elementor-heading-title elementor-size-default\">Import\u00e2ncia da Intera\u00e7\u00e3o Multidisciplinar para Reabilita\u00e7\u00e3o de \u00c1reas Posteriores Maxilares<\/h2>\t\t<\/div>\n\t\t\t\t<\/div>\n\t\t\t\t\t<\/div>\n\t\t\t\t<\/div>\n\t\t\t\t<div class=\"elementor-element elementor-element-3878b1b6 elementor-widget elementor-widget-text-editor\" data-id=\"3878b1b6\" data-element_type=\"widget\" data-widget_type=\"text-editor.default\">\n\t\t\t\t<div class=\"elementor-widget-container\">\n\t\t\t<style>\/*! elementor - v3.13.2 - 11-05-2023 *\/\n.elementor-widget-text-editor.elementor-drop-cap-view-stacked .elementor-drop-cap{background-color:#69727d;color:#fff}.elementor-widget-text-editor.elementor-drop-cap-view-framed .elementor-drop-cap{color:#69727d;border:3px solid;background-color:transparent}.elementor-widget-text-editor:not(.elementor-drop-cap-view-default) .elementor-drop-cap{margin-top:8px}.elementor-widget-text-editor:not(.elementor-drop-cap-view-default) .elementor-drop-cap-letter{width:1em;height:1em}.elementor-widget-text-editor .elementor-drop-cap{float:left;text-align:center;line-height:1;font-size:50px}.elementor-widget-text-editor .elementor-drop-cap-letter{display:inline-block}<\/style>\t\t\t\t<p><span style=\"color: #e8307c;\"><strong>ID Trabalho:<\/strong> 1108976<\/span><\/p><p><strong>Autores: <\/strong>Giovanni\u00a0 Gomes\u00a0 Mangini (Pontif\u00edcia universidade cat\u00f3lica do paran\u00e1 &#8211; Curitiba\u00a0 &#8211; PR &#8211; Brasil), Ivete Aparecida de Matias Sartori (ILAPEO &#8211; CURITIBA &#8211; PR &#8211; Brasil), Pedro Henrique Alencar e Silva Leite (ILAPEO &#8211; CURITIBA &#8211; PR &#8211; Brasil), Elisa Mattias Sartori (ILAPEO &#8211; CURITIBA &#8211; PR &#8211; Brasil)<\/p><p><strong>Institui\u00e7\u00f5es dos autores:<\/strong> ILAPEO &#8211; CURITIBA &#8211; PR &#8211; Brasil,Pontif\u00edcia universidade cat\u00f3lica do paran\u00e1 &#8211; Curitiba\u00a0 &#8211; PR &#8211; Brasil<\/p><p><strong>Introdu\u00e7\u00e3o: <\/strong>Recebemos pacientes em busca de reabilita\u00e7\u00f5es com distintos graus de complexidade. Para que o desejo do paciente possa ser compreendido e alcan\u00e7ado torna-se imperioso realizar uma correta an\u00e1lise multidisciplinar. H\u00e1 sempre a necessidade de conhecimentos das diferentes especialidades: Periodontia, Pr\u00f3tese, Oclus\u00e3o, Cirurgia e Implantodontia. O diagn\u00f3stico \u00e9 soberano para que cada \u00e1rea possa fazer a abordagem correta e identificar as necessidades individuais de cada paciente.<\/p><p><strong>Relato do caso: <\/strong>Paciente com necessidade de reabilita\u00e7\u00e3o em \u00e1rea posterior maxilar direita. Ao exame cl\u00ednico notou-se excesso de tecido, causando redu\u00e7\u00e3o do espa\u00e7o prot\u00e9tico, impossibilitando a reabilita\u00e7\u00e3o. O exame tomogr\u00e1fico mostrou pneumatiza\u00e7\u00e3o do seio maxilar, crescimento exacerbado do processo de tuberosidade da maxila e excesso de tecido conjuntivo. Para possibilitar a instala\u00e7\u00e3o de implantes e a reabilita\u00e7\u00e3o, inicialmente foi realizado uma tuberoplastia de tecido \u00f3sseo e conjuntivo associado a eleva\u00e7\u00e3o da membrana maxilar e preenchimento com enxerto \u00f3sseo e L-PRF. Ap\u00f3s 6 meses foi realizado a instala\u00e7\u00e3o de 3 implantes Helix GM (Neodent), instalados parafusos de cobertura e fechamento do retalho por mais 6 meses para cicatriza\u00e7\u00e3o. Na reabertura foram instalados mini-pilares e coroas provis\u00f3rias. Ap\u00f3s o condicionamento gengival, foram instaladas as coroas cer\u00e2micas com tamanho adequado, devolvendo est\u00e9tica e fun\u00e7\u00e3o a \u00e1rea.<\/p><p><strong>Conclus\u00e3o ou considera\u00e7\u00f5es finais: <\/strong>Independente do grau de complexidade, a sequ\u00eancia e planejamento do tratamento com implantes deve sempre seguir as diretrizes da reabilita\u00e7\u00e3o oral, para que o resultado final devolva est\u00e9tica e fun\u00e7\u00e3o adequadas ao paciente. Assim, a intera\u00e7\u00e3o multidisciplinar se faz sempre necess\u00e1ria para que seja poss\u00edvel alcan\u00e7ar tratamentos com bom progn\u00f3stico em diferentes condi\u00e7\u00f5es cl\u00ednicas.<\/p><p><strong>Discuss\u00e3o e conclus\u00f5es: <\/strong><\/p><p><strong>Palavras chave: <\/strong>Implantes Dent\u00e1rios, Pr\u00f3tese Dent\u00e1ria, Levantamento do Assoalho do Seio Maxilar, Reabilita\u00e7\u00e3o Oral<\/p>\t\t\t\t\t\t<\/div>\n\t\t\t\t<\/div>\n\t\t\t\t<div class=\"elementor-element elementor-element-7bcc02b2 elementor-widget elementor-widget-shortcode\" data-id=\"7bcc02b2\" data-element_type=\"widget\" data-widget_type=\"shortcode.default\">\n\t\t\t\t<div class=\"elementor-widget-container\">\n\t\t\t\t\t<div class=\"elementor-shortcode\"><a href=\"javascript:history.back(1)\" target=\"_self\"><img decoding=\"async\" src=\"..\/wp-content\/uploads\/2023\/05\/bot-voltar.png\" widht=\"103\" height=\"28\" border=\"0\"><\/a> <\/div>\n\t\t\t\t<\/div>\n\t\t\t\t<\/div>\n\t\t\t\t<\/div>\n\t\t<div class=\"elementor-element elementor-element-3907ad09 e-con-full e-flex e-con\" data-id=\"3907ad09\" data-element_type=\"container\" data-settings=\"{&quot;content_width&quot;:&quot;full&quot;}\">\n\t\t\t\t<\/div>\n\t\t\t\t<\/div>\n\t\t\t\t\t\t\t<\/div>\n\t\t","protected":false},"excerpt":{"rendered":"<p>Menu Neodent, Caso Cl\u00ednico Import\u00e2ncia da Intera\u00e7\u00e3o Multidisciplinar para Reabilita\u00e7\u00e3o de \u00c1reas Posteriores Maxilares ID Trabalho: 1108976 Autores: Giovanni\u00a0 Gomes\u00a0 Mangini (Pontif\u00edcia universidade cat\u00f3lica do paran\u00e1<span class=\"excerpt-hellip\"> [\u2026]<\/span><\/p>\n","protected":false},"author":1,"featured_media":0,"parent":0,"menu_order":0,"comment_status":"closed","ping_status":"closed","template":"","meta":[],"_links":{"self":[{"href":"https:\/\/anaisneodentcongress.com.br\/2023\/wp-json\/wp\/v2\/pages\/1339"}],"collection":[{"href":"https:\/\/anaisneodentcongress.com.br\/2023\/wp-json\/wp\/v2\/pages"}],"about":[{"href":"https:\/\/anaisneodentcongress.com.br\/2023\/wp-json\/wp\/v2\/types\/page"}],"author":[{"embeddable":true,"href":"https:\/\/anaisneodentcongress.com.br\/2023\/wp-json\/wp\/v2\/users\/1"}],"replies":[{"embeddable":true,"href":"https:\/\/anaisneodentcongress.com.br\/2023\/wp-json\/wp\/v2\/comments?post=1339"}],"version-history":[{"count":7,"href":"https:\/\/anaisneodentcongress.com.br\/2023\/wp-json\/wp\/v2\/pages\/1339\/revisions"}],"predecessor-version":[{"id":1347,"href":"https:\/\/anaisneodentcongress.com.br\/2023\/wp-json\/wp\/v2\/pages\/1339\/revisions\/1347"}],"wp:attachment":[{"href":"https:\/\/anaisneodentcongress.com.br\/2023\/wp-json\/wp\/v2\/media?parent=1339"}],"curies":[{"name":"wp","href":"https:\/\/api.w.org\/{rel}","templated":true}]}}

Importância da Interação Multidisciplinar para Reabilitação de Áreas Posteriores Maxilares

<div data-elementor-type="wp-page" data-elementor-id="1339" class="elementor elementor-1339">
							<div class="elementor-element elementor-element-58f2af68 e-con-full e-flex e-con" data-id="58f2af68" data-element_type="container" data-settings="{&quot;content_width&quot;:&quot;full&quot;,&quot;background_background&quot;:&quot;classic&quot;}">
		<div class="elementor-element elementor-element-3826ad1b e-con-full e-flex e-con" data-id="3826ad1b" data-element_type="container" data-settings="{&quot;content_width&quot;:&quot;full&quot;}">
				</div>
		<div class="elementor-element elementor-element-3180e721 e-con-full e-flex e-con" data-id="3180e721" data-element_type="container" data-settings="{&quot;content_width&quot;:&quot;full&quot;,&quot;background_background&quot;:&quot;classic&quot;}">
		<div class="elementor-element elementor-element-30810ce6 e-con-boxed e-flex e-con" data-id="30810ce6" data-element_type="container" data-settings="{&quot;content_width&quot;:&quot;boxed&quot;}">
					<div class="e-con-inner">
				<div class="elementor-element elementor-element-5910a512 elementor-widget elementor-widget-heading" data-id="5910a512" data-element_type="widget" data-widget_type="heading.default">
				<div class="elementor-widget-container">
			<style>/*! elementor - v3.13.2 - 11-05-2023 */
.elementor-heading-title{padding:0;margin:0;line-height:1}.elementor-widget-heading .elementor-heading-title[class*=elementor-size-]>a{color:inherit;font-size:inherit;line-height:inherit}.elementor-widget-heading .elementor-heading-title.elementor-size-small{font-size:15px}.elementor-widget-heading .elementor-heading-title.elementor-size-medium{font-size:19px}.elementor-widget-heading .elementor-heading-title.elementor-size-large{font-size:29px}.elementor-widget-heading .elementor-heading-title.elementor-size-xl{font-size:39px}.elementor-widget-heading .elementor-heading-title.elementor-size-xxl{font-size:59px}</style><h2 class="elementor-heading-title elementor-size-default"><a href="/2023/menu-neodent-caso-clinico/">Menu</a></h2>		</div>
				</div>
				<div class="elementor-element elementor-element-1ae1f9a3 elementor-widget elementor-widget-heading" data-id="1ae1f9a3" data-element_type="widget" data-widget_type="heading.default">
				<div class="elementor-widget-container">
			<h2 class="elementor-heading-title elementor-size-default"><a href="/2023/menu-neodent-caso-clinico/">Neodent, Caso Clínico</a></h2>		</div>
				</div>
					</div>
				</div>
		<div class="elementor-element elementor-element-6f2792f e-con-boxed e-flex e-con" data-id="6f2792f" data-element_type="container" data-settings="{&quot;content_width&quot;:&quot;boxed&quot;}">
					<div class="e-con-inner">
				<div class="elementor-element elementor-element-77f403dc elementor-widget elementor-widget-heading" data-id="77f403dc" data-element_type="widget" data-widget_type="heading.default">
				<div class="elementor-widget-container">
			<h2 class="elementor-heading-title elementor-size-default">Importância da Interação Multidisciplinar para Reabilitação de Áreas Posteriores Maxilares</h2>		</div>
				</div>
					</div>
				</div>
				<div class="elementor-element elementor-element-3878b1b6 elementor-widget elementor-widget-text-editor" data-id="3878b1b6" data-element_type="widget" data-widget_type="text-editor.default">
				<div class="elementor-widget-container">
			<style>/*! elementor - v3.13.2 - 11-05-2023 */
.elementor-widget-text-editor.elementor-drop-cap-view-stacked .elementor-drop-cap{background-color:#69727d;color:#fff}.elementor-widget-text-editor.elementor-drop-cap-view-framed .elementor-drop-cap{color:#69727d;border:3px solid;background-color:transparent}.elementor-widget-text-editor:not(.elementor-drop-cap-view-default) .elementor-drop-cap{margin-top:8px}.elementor-widget-text-editor:not(.elementor-drop-cap-view-default) .elementor-drop-cap-letter{width:1em;height:1em}.elementor-widget-text-editor .elementor-drop-cap{float:left;text-align:center;line-height:1;font-size:50px}.elementor-widget-text-editor .elementor-drop-cap-letter{display:inline-block}</style>				<p><span style="color: #e8307c;"><strong>ID Trabalho:</strong> 1108976</span></p><p><strong>Autores: </strong>Giovanni  Gomes  Mangini (Pontifícia universidade católica do paraná &#8211; Curitiba  &#8211; PR &#8211; Brasil), Ivete Aparecida de Matias Sartori (ILAPEO &#8211; CURITIBA &#8211; PR &#8211; Brasil), Pedro Henrique Alencar e Silva Leite (ILAPEO &#8211; CURITIBA &#8211; PR &#8211; Brasil), Elisa Mattias Sartori (ILAPEO &#8211; CURITIBA &#8211; PR &#8211; Brasil)</p><p><strong>Instituições dos autores:</strong> ILAPEO &#8211; CURITIBA &#8211; PR &#8211; Brasil,Pontifícia universidade católica do paraná &#8211; Curitiba  &#8211; PR &#8211; Brasil</p><p><strong>Introdução: </strong>Recebemos pacientes em busca de reabilitações com distintos graus de complexidade. Para que o desejo do paciente possa ser compreendido e alcançado torna-se imperioso realizar uma correta análise multidisciplinar. Há sempre a necessidade de conhecimentos das diferentes especialidades: Periodontia, Prótese, Oclusão, Cirurgia e Implantodontia. O diagnóstico é soberano para que cada área possa fazer a abordagem correta e identificar as necessidades individuais de cada paciente.</p><p><strong>Relato do caso: </strong>Paciente com necessidade de reabilitação em área posterior maxilar direita. Ao exame clínico notou-se excesso de tecido, causando redução do espaço protético, impossibilitando a reabilitação. O exame tomográfico mostrou pneumatização do seio maxilar, crescimento exacerbado do processo de tuberosidade da maxila e excesso de tecido conjuntivo. Para possibilitar a instalação de implantes e a reabilitação, inicialmente foi realizado uma tuberoplastia de tecido ósseo e conjuntivo associado a elevação da membrana maxilar e preenchimento com enxerto ósseo e L-PRF. Após 6 meses foi realizado a instalação de 3 implantes Helix GM (Neodent), instalados parafusos de cobertura e fechamento do retalho por mais 6 meses para cicatrização. Na reabertura foram instalados mini-pilares e coroas provisórias. Após o condicionamento gengival, foram instaladas as coroas cerâmicas com tamanho adequado, devolvendo estética e função a área.</p><p><strong>Conclusão ou considerações finais: </strong>Independente do grau de complexidade, a sequência e planejamento do tratamento com implantes deve sempre seguir as diretrizes da reabilitação oral, para que o resultado final devolva estética e função adequadas ao paciente. Assim, a interação multidisciplinar se faz sempre necessária para que seja possível alcançar tratamentos com bom prognóstico em diferentes condições clínicas.</p><p><strong>Discussão e conclusões: </strong></p><p><strong>Palavras chave: </strong>Implantes Dentários, Prótese Dentária, Levantamento do Assoalho do Seio Maxilar, Reabilitação Oral</p>						</div>
				</div>
				<div class="elementor-element elementor-element-7bcc02b2 elementor-widget elementor-widget-shortcode" data-id="7bcc02b2" data-element_type="widget" data-widget_type="shortcode.default">
				<div class="elementor-widget-container">
					<div class="elementor-shortcode"><a href="javascript:history.back(1)" target="_self"><img decoding="async" src="../wp-content/uploads/2023/05/bot-voltar.png" widht="103" height="28" border="0"></a> </div>
				</div>
				</div>
				</div>
		<div class="elementor-element elementor-element-3907ad09 e-con-full e-flex e-con" data-id="3907ad09" data-element_type="container" data-settings="{&quot;content_width&quot;:&quot;full&quot;}">
				</div>
				</div>
							</div>

<p>Menu Neodent, Caso Clínico Importância da Interação Multidisciplinar para Reabilitação de Áreas Posteriores Maxilares ID Trabalho: 1108976 Autores: Giovanni  Gomes  Mangini (Pontifícia universidade católica do paraná<span class="excerpt-hellip"> […]</span></p>
