{"id":132,"date":"2023-05-11T11:54:55","date_gmt":"2023-05-11T14:54:55","guid":{"rendered":"https:\/\/anaisneodentcongress.com.br\/2023\/?page_id=132"},"modified":"2023-05-17T08:34:00","modified_gmt":"2023-05-17T11:34:00","slug":"palavra-do-presidente-do-neodent-congress","status":"publish","type":"page","link":"https:\/\/anaisneodentcongress.com.br\/2023\/palavra-do-presidente-do-neodent-congress\/","title":{"rendered":"Palavra do Presidente do Neodent Congress"},"content":{"rendered":"\t\t<div data-elementor-type=\"wp-page\" data-elementor-id=\"132\" class=\"elementor elementor-132\">\n\t\t\t\t\t\t\t<div class=\"elementor-element elementor-element-3a267ae3 e-con-full e-flex e-con\" data-id=\"3a267ae3\" data-element_type=\"container\" data-settings=\"{&quot;content_width&quot;:&quot;full&quot;,&quot;background_background&quot;:&quot;classic&quot;}\">\n\t\t<div class=\"elementor-element elementor-element-13eca410 e-con-full e-flex e-con\" data-id=\"13eca410\" data-element_type=\"container\" data-settings=\"{&quot;content_width&quot;:&quot;full&quot;}\">\n\t\t\t\t<\/div>\n\t\t<div class=\"elementor-element elementor-element-22214c4a e-con-full e-flex e-con\" data-id=\"22214c4a\" data-element_type=\"container\" data-settings=\"{&quot;content_width&quot;:&quot;full&quot;,&quot;background_background&quot;:&quot;classic&quot;}\">\n\t\t\t\t<div class=\"elementor-element elementor-element-4b4d1ab elementor-widget elementor-widget-image\" data-id=\"4b4d1ab\" data-element_type=\"widget\" data-widget_type=\"image.default\">\n\t\t\t\t<div class=\"elementor-widget-container\">\n\t\t\t<style>\/*! elementor - v3.13.2 - 11-05-2023 *\/\n.elementor-widget-image{text-align:center}.elementor-widget-image a{display:inline-block}.elementor-widget-image a img[src$=\".svg\"]{width:48px}.elementor-widget-image img{vertical-align:middle;display:inline-block}<\/style>\t\t\t\t\t\t\t\t\t\t\t\t<img decoding=\"async\" src=\"https:\/\/anaisneodentcongress.com.br\/2023\/wp-content\/uploads\/elementor\/thumbs\/img_geninho_thome-q6b8omnq5se7sefl1aec58meotkmk9vk0hy7z7zg8w.png\" title=\"img_geninho_thome\" alt=\"img_geninho_thome\" loading=\"lazy\" \/>\t\t\t\t\t\t\t\t\t\t\t\t\t\t\t<\/div>\n\t\t\t\t<\/div>\n\t\t\t\t<div class=\"elementor-element elementor-element-5ffdc280 elementor-widget elementor-widget-heading\" data-id=\"5ffdc280\" data-element_type=\"widget\" data-widget_type=\"heading.default\">\n\t\t\t\t<div class=\"elementor-widget-container\">\n\t\t\t<style>\/*! elementor - v3.13.2 - 11-05-2023 *\/\n.elementor-heading-title{padding:0;margin:0;line-height:1}.elementor-widget-heading .elementor-heading-title[class*=elementor-size-]>a{color:inherit;font-size:inherit;line-height:inherit}.elementor-widget-heading .elementor-heading-title.elementor-size-small{font-size:15px}.elementor-widget-heading .elementor-heading-title.elementor-size-medium{font-size:19px}.elementor-widget-heading .elementor-heading-title.elementor-size-large{font-size:29px}.elementor-widget-heading .elementor-heading-title.elementor-size-xl{font-size:39px}.elementor-widget-heading .elementor-heading-title.elementor-size-xxl{font-size:59px}<\/style><h2 class=\"elementor-heading-title elementor-size-default\">Geninho Thom\u00e9<\/h2>\t\t<\/div>\n\t\t\t\t<\/div>\n\t\t\t\t<div class=\"elementor-element elementor-element-32aebaa7 elementor-widget elementor-widget-heading\" data-id=\"32aebaa7\" data-element_type=\"widget\" data-widget_type=\"heading.default\">\n\t\t\t\t<div class=\"elementor-widget-container\">\n\t\t\t<h2 class=\"elementor-heading-title elementor-size-default\">Presidente 6\u00ba Neodent Congress - Presidente Cient\u00edfico e do Conselho de Administra\u00e7\u00e3o da Neodent<\/h2>\t\t<\/div>\n\t\t\t\t<\/div>\n\t\t\t\t<div class=\"elementor-element elementor-element-595783a elementor-widget elementor-widget-text-editor\" data-id=\"595783a\" data-element_type=\"widget\" data-widget_type=\"text-editor.default\">\n\t\t\t\t<div class=\"elementor-widget-container\">\n\t\t\t<style>\/*! elementor - v3.13.2 - 11-05-2023 *\/\n.elementor-widget-text-editor.elementor-drop-cap-view-stacked .elementor-drop-cap{background-color:#69727d;color:#fff}.elementor-widget-text-editor.elementor-drop-cap-view-framed .elementor-drop-cap{color:#69727d;border:3px solid;background-color:transparent}.elementor-widget-text-editor:not(.elementor-drop-cap-view-default) .elementor-drop-cap{margin-top:8px}.elementor-widget-text-editor:not(.elementor-drop-cap-view-default) .elementor-drop-cap-letter{width:1em;height:1em}.elementor-widget-text-editor .elementor-drop-cap{float:left;text-align:center;line-height:1;font-size:50px}.elementor-widget-text-editor .elementor-drop-cap-letter{display:inline-block}<\/style>\t\t\t\t<p>Foi uma imensa alegria ter voc\u00ea no 6\u00ba Neodent Congress.<\/p><p>Esta edi\u00e7\u00e3o foi muito especial, pois aconteceu no mesmo ano em que comemoramos os 30 anos da Neodent, e celebramos em grande estilo! At\u00e9 por isso, o tema central do evento foi \u201cCelebre a evolu\u00e7\u00e3o\u201d. Afinal, durante esses longos anos de exist\u00eancia evolu\u00edmos em t\u00e9cnicas, solu\u00e7\u00f5es e produtos, com o prop\u00f3sito de melhorar a qualidade de vida dos nossos pacientes, em parceria com profissionais da Odontologia dedicados a criar sorrisos todos os dias.<\/p><p>A consolida\u00e7\u00e3o global da Neodent, nos permitiu realizar um evento com conte\u00fado de alto n\u00edvel, com uma grade cient\u00edfica cuidadosamente selecionada pelos nossos comit\u00eas cient\u00edfico e organizador, que se dedicaram em trazer profissionais da mais alta qualidade t\u00e9cnica\/cient\u00edfica, como voc\u00ea. Tivemos tamb\u00e9m a oportunidade de confraternizar e trocar experi\u00eancias com colegas do mundo todo, durante esta inesquec\u00edvel celebra\u00e7\u00e3o que marcou um momento hist\u00f3rico para todos n\u00f3s.<\/p><p>Um abra\u00e7o!<\/p>\t\t\t\t\t\t<\/div>\n\t\t\t\t<\/div>\n\t\t\t\t<div class=\"elementor-element elementor-element-fcf5d4f elementor-widget elementor-widget-heading\" data-id=\"fcf5d4f\" data-element_type=\"widget\" data-widget_type=\"heading.default\">\n\t\t\t\t<div class=\"elementor-widget-container\">\n\t\t\t<h2 class=\"elementor-heading-title elementor-size-default\"><a href=\"\/2023\/palavra-do-ceo-neodent\/\">Palavra do CEO da Neodent &amp; EVP StraumannGroup LATAM \u2192<\/a><\/h2>\t\t<\/div>\n\t\t\t\t<\/div>\n\t\t\t\t<div class=\"elementor-element elementor-element-3136b28 elementor-widget elementor-widget-heading\" data-id=\"3136b28\" data-element_type=\"widget\" data-widget_type=\"heading.default\">\n\t\t\t\t<div class=\"elementor-widget-container\">\n\t\t\t<h2 class=\"elementor-heading-title elementor-size-default\"><a href=\"\/2023\/palavra-do-diretor-cientifico-do-neodent-congress\/\">Palavra do Diretor Cient\u00edfico do 6\u00ba Neodent International Congress \u2192<\/a><\/h2>\t\t<\/div>\n\t\t\t\t<\/div>\n\t\t\t\t<\/div>\n\t\t<div class=\"elementor-element elementor-element-25bc33ca e-con-full e-flex e-con\" data-id=\"25bc33ca\" data-element_type=\"container\" data-settings=\"{&quot;content_width&quot;:&quot;full&quot;}\">\n\t\t\t\t<\/div>\n\t\t\t\t<\/div>\n\t\t\t\t\t\t\t<\/div>\n\t\t","protected":false},"excerpt":{"rendered":"<p>Geninho Thom\u00e9 Presidente 6\u00ba Neodent Congress &#8211; Presidente Cient\u00edfico e do Conselho de Administra\u00e7\u00e3o da Neodent Foi uma imensa alegria ter voc\u00ea no 6\u00ba Neodent Congress.<span class=\"excerpt-hellip\"> [\u2026]<\/span><\/p>\n","protected":false},"author":1,"featured_media":0,"parent":0,"menu_order":0,"comment_status":"closed","ping_status":"closed","template":"","meta":[],"_links":{"self":[{"href":"https:\/\/anaisneodentcongress.com.br\/2023\/wp-json\/wp\/v2\/pages\/132"}],"collection":[{"href":"https:\/\/anaisneodentcongress.com.br\/2023\/wp-json\/wp\/v2\/pages"}],"about":[{"href":"https:\/\/anaisneodentcongress.com.br\/2023\/wp-json\/wp\/v2\/types\/page"}],"author":[{"embeddable":true,"href":"https:\/\/anaisneodentcongress.com.br\/2023\/wp-json\/wp\/v2\/users\/1"}],"replies":[{"embeddable":true,"href":"https:\/\/anaisneodentcongress.com.br\/2023\/wp-json\/wp\/v2\/comments?post=132"}],"version-history":[{"count":22,"href":"https:\/\/anaisneodentcongress.com.br\/2023\/wp-json\/wp\/v2\/pages\/132\/revisions"}],"predecessor-version":[{"id":1481,"href":"https:\/\/anaisneodentcongress.com.br\/2023\/wp-json\/wp\/v2\/pages\/132\/revisions\/1481"}],"wp:attachment":[{"href":"https:\/\/anaisneodentcongress.com.br\/2023\/wp-json\/wp\/v2\/media?parent=132"}],"curies":[{"name":"wp","href":"https:\/\/api.w.org\/{rel}","templated":true}]}}

<div data-elementor-type="wp-page" data-elementor-id="132" class="elementor elementor-132">
							<div class="elementor-element elementor-element-3a267ae3 e-con-full e-flex e-con" data-id="3a267ae3" data-element_type="container" data-settings="{&quot;content_width&quot;:&quot;full&quot;,&quot;background_background&quot;:&quot;classic&quot;}">
		<div class="elementor-element elementor-element-13eca410 e-con-full e-flex e-con" data-id="13eca410" data-element_type="container" data-settings="{&quot;content_width&quot;:&quot;full&quot;}">
				</div>
		<div class="elementor-element elementor-element-22214c4a e-con-full e-flex e-con" data-id="22214c4a" data-element_type="container" data-settings="{&quot;content_width&quot;:&quot;full&quot;,&quot;background_background&quot;:&quot;classic&quot;}">
				<div class="elementor-element elementor-element-4b4d1ab elementor-widget elementor-widget-image" data-id="4b4d1ab" data-element_type="widget" data-widget_type="image.default">
				<div class="elementor-widget-container">
			<style>/*! elementor - v3.13.2 - 11-05-2023 */
.elementor-widget-image{text-align:center}.elementor-widget-image a{display:inline-block}.elementor-widget-image a img[src$=".svg"]{width:48px}.elementor-widget-image img{vertical-align:middle;display:inline-block}</style>												<img decoding="async" src="https://anaisneodentcongress.com.br/2023/wp-content/uploads/elementor/thumbs/img_geninho_thome-q6b8omnq5se7sefl1aec58meotkmk9vk0hy7z7zg8w.png" title="img_geninho_thome" alt="img_geninho_thome" loading="lazy" />															</div>
				</div>
				<div class="elementor-element elementor-element-5ffdc280 elementor-widget elementor-widget-heading" data-id="5ffdc280" data-element_type="widget" data-widget_type="heading.default">
				<div class="elementor-widget-container">
			<style>/*! elementor - v3.13.2 - 11-05-2023 */
.elementor-heading-title{padding:0;margin:0;line-height:1}.elementor-widget-heading .elementor-heading-title[class*=elementor-size-]>a{color:inherit;font-size:inherit;line-height:inherit}.elementor-widget-heading .elementor-heading-title.elementor-size-small{font-size:15px}.elementor-widget-heading .elementor-heading-title.elementor-size-medium{font-size:19px}.elementor-widget-heading .elementor-heading-title.elementor-size-large{font-size:29px}.elementor-widget-heading .elementor-heading-title.elementor-size-xl{font-size:39px}.elementor-widget-heading .elementor-heading-title.elementor-size-xxl{font-size:59px}</style><h2 class="elementor-heading-title elementor-size-default">Geninho Thomé</h2>		</div>
				</div>
				<div class="elementor-element elementor-element-32aebaa7 elementor-widget elementor-widget-heading" data-id="32aebaa7" data-element_type="widget" data-widget_type="heading.default">
				<div class="elementor-widget-container">
			<h2 class="elementor-heading-title elementor-size-default">Presidente 6º Neodent Congress - Presidente Científico e do Conselho de Administração da Neodent</h2>		</div>
				</div>
				<div class="elementor-element elementor-element-595783a elementor-widget elementor-widget-text-editor" data-id="595783a" data-element_type="widget" data-widget_type="text-editor.default">
				<div class="elementor-widget-container">
			<style>/*! elementor - v3.13.2 - 11-05-2023 */
.elementor-widget-text-editor.elementor-drop-cap-view-stacked .elementor-drop-cap{background-color:#69727d;color:#fff}.elementor-widget-text-editor.elementor-drop-cap-view-framed .elementor-drop-cap{color:#69727d;border:3px solid;background-color:transparent}.elementor-widget-text-editor:not(.elementor-drop-cap-view-default) .elementor-drop-cap{margin-top:8px}.elementor-widget-text-editor:not(.elementor-drop-cap-view-default) .elementor-drop-cap-letter{width:1em;height:1em}.elementor-widget-text-editor .elementor-drop-cap{float:left;text-align:center;line-height:1;font-size:50px}.elementor-widget-text-editor .elementor-drop-cap-letter{display:inline-block}</style>				<p>Foi uma imensa alegria ter você no 6º Neodent Congress.</p><p>Esta edição foi muito especial, pois aconteceu no mesmo ano em que comemoramos os 30 anos da Neodent, e celebramos em grande estilo! Até por isso, o tema central do evento foi “Celebre a evolução”. Afinal, durante esses longos anos de existência evoluímos em técnicas, soluções e produtos, com o propósito de melhorar a qualidade de vida dos nossos pacientes, em parceria com profissionais da Odontologia dedicados a criar sorrisos todos os dias.</p><p>A consolidação global da Neodent, nos permitiu realizar um evento com conteúdo de alto nível, com uma grade científica cuidadosamente selecionada pelos nossos comitês científico e organizador, que se dedicaram em trazer profissionais da mais alta qualidade técnica/científica, como você. Tivemos também a oportunidade de confraternizar e trocar experiências com colegas do mundo todo, durante esta inesquecível celebração que marcou um momento histórico para todos nós.</p><p>Um abraço!</p>						</div>
				</div>
				<div class="elementor-element elementor-element-fcf5d4f elementor-widget elementor-widget-heading" data-id="fcf5d4f" data-element_type="widget" data-widget_type="heading.default">
				<div class="elementor-widget-container">
			<h2 class="elementor-heading-title elementor-size-default"><a href="/2023/palavra-do-ceo-neodent/">Palavra do CEO da Neodent &amp; EVP StraumannGroup LATAM →</a></h2>		</div>
				</div>
				<div class="elementor-element elementor-element-3136b28 elementor-widget elementor-widget-heading" data-id="3136b28" data-element_type="widget" data-widget_type="heading.default">
				<div class="elementor-widget-container">
			<h2 class="elementor-heading-title elementor-size-default"><a href="/2023/palavra-do-diretor-cientifico-do-neodent-congress/">Palavra do Diretor Científico do 6º Neodent International Congress →</a></h2>		</div>
				</div>
				</div>
		<div class="elementor-element elementor-element-25bc33ca e-con-full e-flex e-con" data-id="25bc33ca" data-element_type="container" data-settings="{&quot;content_width&quot;:&quot;full&quot;}">
				</div>
				</div>
							</div>

<p>Geninho Thomé Presidente 6º Neodent Congress &#8211; Presidente Científico e do Conselho de Administração da Neodent Foi uma imensa alegria ter você no 6º Neodent Congress.<span class="excerpt-hellip"> […]</span></p>
