{"id":1251,"date":"2023-05-12T17:21:42","date_gmt":"2023-05-12T20:21:42","guid":{"rendered":"https:\/\/anaisneodentcongress.com.br\/2023\/?page_id=1251"},"modified":"2023-05-12T17:22:28","modified_gmt":"2023-05-12T20:22:28","slug":"analise-do-comportamento-dos-tecidos-periimplantares-e-coroas-implantossuportadas-em-reabilitacao-de-caso-de-oligodontia","status":"publish","type":"page","link":"https:\/\/anaisneodentcongress.com.br\/2023\/analise-do-comportamento-dos-tecidos-periimplantares-e-coroas-implantossuportadas-em-reabilitacao-de-caso-de-oligodontia\/","title":{"rendered":"An\u00e1lise do comportamento dos tecidos periimplantares e coroas implantossuportadas em reabilita\u00e7\u00e3o de caso de oligodontia"},"content":{"rendered":"\t\t<div data-elementor-type=\"wp-page\" data-elementor-id=\"1251\" class=\"elementor elementor-1251\">\n\t\t\t\t\t\t\t<div class=\"elementor-element elementor-element-5bd03f20 e-con-full e-flex e-con\" data-id=\"5bd03f20\" data-element_type=\"container\" data-settings=\"{&quot;content_width&quot;:&quot;full&quot;,&quot;background_background&quot;:&quot;classic&quot;}\">\n\t\t<div class=\"elementor-element elementor-element-43c577ed e-con-full e-flex e-con\" data-id=\"43c577ed\" data-element_type=\"container\" data-settings=\"{&quot;content_width&quot;:&quot;full&quot;}\">\n\t\t\t\t<\/div>\n\t\t<div class=\"elementor-element elementor-element-33cd4bc7 e-con-full e-flex e-con\" data-id=\"33cd4bc7\" data-element_type=\"container\" data-settings=\"{&quot;content_width&quot;:&quot;full&quot;,&quot;background_background&quot;:&quot;classic&quot;}\">\n\t\t<div class=\"elementor-element elementor-element-53ea6381 e-con-boxed e-flex e-con\" data-id=\"53ea6381\" data-element_type=\"container\" data-settings=\"{&quot;content_width&quot;:&quot;boxed&quot;}\">\n\t\t\t\t\t<div class=\"e-con-inner\">\n\t\t\t\t<div class=\"elementor-element elementor-element-73cc1308 elementor-widget elementor-widget-heading\" data-id=\"73cc1308\" data-element_type=\"widget\" data-widget_type=\"heading.default\">\n\t\t\t\t<div class=\"elementor-widget-container\">\n\t\t\t<style>\/*! elementor - v3.13.2 - 11-05-2023 *\/\n.elementor-heading-title{padding:0;margin:0;line-height:1}.elementor-widget-heading .elementor-heading-title[class*=elementor-size-]>a{color:inherit;font-size:inherit;line-height:inherit}.elementor-widget-heading .elementor-heading-title.elementor-size-small{font-size:15px}.elementor-widget-heading .elementor-heading-title.elementor-size-medium{font-size:19px}.elementor-widget-heading .elementor-heading-title.elementor-size-large{font-size:29px}.elementor-widget-heading .elementor-heading-title.elementor-size-xl{font-size:39px}.elementor-widget-heading .elementor-heading-title.elementor-size-xxl{font-size:59px}<\/style><h2 class=\"elementor-heading-title elementor-size-default\"><a href=\"\/2023\/menu-neodent-caso-clinico\/\">Menu<\/a><\/h2>\t\t<\/div>\n\t\t\t\t<\/div>\n\t\t\t\t<div class=\"elementor-element elementor-element-55986a4 elementor-widget elementor-widget-heading\" data-id=\"55986a4\" data-element_type=\"widget\" data-widget_type=\"heading.default\">\n\t\t\t\t<div class=\"elementor-widget-container\">\n\t\t\t<h2 class=\"elementor-heading-title elementor-size-default\"><a href=\"\/2023\/menu-neodent-caso-clinico\/\">Neodent, Caso Cl\u00ednico<\/a><\/h2>\t\t<\/div>\n\t\t\t\t<\/div>\n\t\t\t\t\t<\/div>\n\t\t\t\t<\/div>\n\t\t<div class=\"elementor-element elementor-element-7b7ef846 e-con-boxed e-flex e-con\" data-id=\"7b7ef846\" data-element_type=\"container\" data-settings=\"{&quot;content_width&quot;:&quot;boxed&quot;}\">\n\t\t\t\t\t<div class=\"e-con-inner\">\n\t\t\t\t<div class=\"elementor-element elementor-element-31a933a4 elementor-widget elementor-widget-heading\" data-id=\"31a933a4\" data-element_type=\"widget\" data-widget_type=\"heading.default\">\n\t\t\t\t<div class=\"elementor-widget-container\">\n\t\t\t<h2 class=\"elementor-heading-title elementor-size-default\">An\u00e1lise do comportamento dos tecidos periimplantares e coroas implantossuportadas em reabilita\u00e7\u00e3o de caso de oligodontia<\/h2>\t\t<\/div>\n\t\t\t\t<\/div>\n\t\t\t\t\t<\/div>\n\t\t\t\t<\/div>\n\t\t\t\t<div class=\"elementor-element elementor-element-39bc7f2d elementor-widget elementor-widget-text-editor\" data-id=\"39bc7f2d\" data-element_type=\"widget\" data-widget_type=\"text-editor.default\">\n\t\t\t\t<div class=\"elementor-widget-container\">\n\t\t\t<style>\/*! elementor - v3.13.2 - 11-05-2023 *\/\n.elementor-widget-text-editor.elementor-drop-cap-view-stacked .elementor-drop-cap{background-color:#69727d;color:#fff}.elementor-widget-text-editor.elementor-drop-cap-view-framed .elementor-drop-cap{color:#69727d;border:3px solid;background-color:transparent}.elementor-widget-text-editor:not(.elementor-drop-cap-view-default) .elementor-drop-cap{margin-top:8px}.elementor-widget-text-editor:not(.elementor-drop-cap-view-default) .elementor-drop-cap-letter{width:1em;height:1em}.elementor-widget-text-editor .elementor-drop-cap{float:left;text-align:center;line-height:1;font-size:50px}.elementor-widget-text-editor .elementor-drop-cap-letter{display:inline-block}<\/style>\t\t\t\t<p><span style=\"color: #e8307c;\"><strong>ID Trabalho:<\/strong> 1108967<\/span><\/p><p><strong>Autores: <\/strong>Cristiane Paal Monteiro (ILAPEO &#8211; s\u00e3o jose dos campos &#8211; SP &#8211; Brasil), Mary Stella Kivel Dias Vitorio (ILAPEO &#8211; curitiba &#8211; PR &#8211; Brasil), Paulo Ricardo Neves Franco (ILAPEO &#8211; Ibaiti &#8211; PR &#8211; Brasil), Juni Murici Fujishima (ILAPEO &#8211; Macapa &#8211; AP &#8211; Brasil), Rogeria Acedo\u00a0 Vieira (ILAPEO &#8211; curitiba &#8211; PR &#8211; Brasil), Ivete Aparecida de Mattias Sartori (ILAPEO &#8211; curitiba &#8211; PR &#8211; Brasil)<\/p><p><strong>Institui\u00e7\u00f5es dos autores:<\/strong> ILAPEO &#8211; curitiba &#8211; PR &#8211; Brasil,ILAPEO &#8211; Ibaiti &#8211; PR &#8211; Brasil,ILAPEO &#8211; Macapa &#8211; AP &#8211; Brasil,ILAPEO &#8211; s\u00e3o jose dos campos &#8211; SP &#8211; Brasil<\/p><p><strong>Introdu\u00e7\u00e3o: <\/strong>A oligodontia atinge uma pequena parte da popula\u00e7\u00e3o, \u00e9 uma doen\u00e7a cong\u00eanita que envolve a aus\u00eancia de mais de 6 elementos dentais e causa s\u00e9rios problemas psicol\u00f3gicos, de autoestima. O objetivo desse relato \u00e9 descrever o comportamento dos tecidos periimplantares e coroas, assim como a satisfa\u00e7\u00e3o da paciente, em caso reabilitado com implantes e coroas unit\u00e1rias em um planejamento multidisciplinar.<\/p><p><strong>Relato do caso: <\/strong>Paciente de 21 anos apresentando agenesia de 17 dentes, j\u00e1 submetida a tratamento ortod\u00f4ntico foi reabilitada com coroas unit\u00e1rias implantossuportadas do tipo cimentadas. Para que os 11 implantes cone Morse (Neodent, Curitiba, Brasil) pudessem ser realizados foram necess\u00e1rios procedimentos cir\u00fargicos de levantamento de membrana de seios e enxertos aut\u00f3genos em espessura. Todos os implantes receberam munh\u00f5es universais e coroas provis\u00f3rias unit\u00e1rias em fun\u00e7\u00e3o imediata. A paciente foi submetida a outro tratamento ortod\u00f4ntico para verticaliza\u00e7\u00e3o dos dentes anteriores inferiores, poss\u00edvel ap\u00f3s o restabelecimento da DVO.\u00a0 O caso foi descrito (Sartori et al, 2015) e o acompanhamento ap\u00f3s 130 meses da instala\u00e7\u00e3o dos implantes e 90 meses da instala\u00e7\u00e3o das coroas em cer\u00e2mica revela um bom comportamento dos tecidos moles e \u00f3sseos periimplantares e das coroas. A paciente encontra-se bem satisfeita com o tratamento.<\/p><p><strong>Conclus\u00e3o ou considera\u00e7\u00f5es finais: <\/strong>Concluiu-se que o tratamento realizado alcan\u00e7ou o resultado proposto .<\/p><p><strong>Discuss\u00e3o e conclus\u00f5es: <\/strong>Com base na an\u00e1lise cl\u00ednica e radiogr\u00e1fica do caso ap\u00f3s 90 meses da reabilita\u00e7\u00e3o definitiva parece l\u00edcito concluir que os implantes do tipo c\u00f4nico interno foram eficientes na reabilita\u00e7\u00e3o de caso de oligodontia em coroas do tipo cimentadas unit\u00e1rias,mesmo em \u00e1reas de enxerto de seio maxilar.<\/p><p><strong>Palavras chave: <\/strong>Anomalias cong\u00eanitas, agenesia dent\u00e1ria, tratamento multidisciplinar<\/p>\t\t\t\t\t\t<\/div>\n\t\t\t\t<\/div>\n\t\t\t\t<div class=\"elementor-element elementor-element-138460c elementor-widget elementor-widget-shortcode\" data-id=\"138460c\" data-element_type=\"widget\" data-widget_type=\"shortcode.default\">\n\t\t\t\t<div class=\"elementor-widget-container\">\n\t\t\t\t\t<div class=\"elementor-shortcode\"><a href=\"javascript:history.back(1)\" target=\"_self\"><img decoding=\"async\" src=\"..\/wp-content\/uploads\/2023\/05\/bot-voltar.png\" widht=\"103\" height=\"28\" border=\"0\"><\/a> <\/div>\n\t\t\t\t<\/div>\n\t\t\t\t<\/div>\n\t\t\t\t<\/div>\n\t\t<div class=\"elementor-element elementor-element-4569a679 e-con-full e-flex e-con\" data-id=\"4569a679\" data-element_type=\"container\" data-settings=\"{&quot;content_width&quot;:&quot;full&quot;}\">\n\t\t\t\t<\/div>\n\t\t\t\t<\/div>\n\t\t\t\t\t\t\t<\/div>\n\t\t","protected":false},"excerpt":{"rendered":"<p>Menu Neodent, Caso Cl\u00ednico An\u00e1lise do comportamento dos tecidos periimplantares e coroas implantossuportadas em reabilita\u00e7\u00e3o de caso de oligodontia ID Trabalho: 1108967 Autores: Cristiane Paal Monteiro<span class=\"excerpt-hellip\"> [\u2026]<\/span><\/p>\n","protected":false},"author":1,"featured_media":0,"parent":0,"menu_order":0,"comment_status":"closed","ping_status":"closed","template":"","meta":[],"_links":{"self":[{"href":"https:\/\/anaisneodentcongress.com.br\/2023\/wp-json\/wp\/v2\/pages\/1251"}],"collection":[{"href":"https:\/\/anaisneodentcongress.com.br\/2023\/wp-json\/wp\/v2\/pages"}],"about":[{"href":"https:\/\/anaisneodentcongress.com.br\/2023\/wp-json\/wp\/v2\/types\/page"}],"author":[{"embeddable":true,"href":"https:\/\/anaisneodentcongress.com.br\/2023\/wp-json\/wp\/v2\/users\/1"}],"replies":[{"embeddable":true,"href":"https:\/\/anaisneodentcongress.com.br\/2023\/wp-json\/wp\/v2\/comments?post=1251"}],"version-history":[{"count":7,"href":"https:\/\/anaisneodentcongress.com.br\/2023\/wp-json\/wp\/v2\/pages\/1251\/revisions"}],"predecessor-version":[{"id":1259,"href":"https:\/\/anaisneodentcongress.com.br\/2023\/wp-json\/wp\/v2\/pages\/1251\/revisions\/1259"}],"wp:attachment":[{"href":"https:\/\/anaisneodentcongress.com.br\/2023\/wp-json\/wp\/v2\/media?parent=1251"}],"curies":[{"name":"wp","href":"https:\/\/api.w.org\/{rel}","templated":true}]}}

Análise do comportamento dos tecidos periimplantares e coroas implantossuportadas em reabilitação de caso de oligodontia

<div data-elementor-type="wp-page" data-elementor-id="1251" class="elementor elementor-1251">
							<div class="elementor-element elementor-element-5bd03f20 e-con-full e-flex e-con" data-id="5bd03f20" data-element_type="container" data-settings="{&quot;content_width&quot;:&quot;full&quot;,&quot;background_background&quot;:&quot;classic&quot;}">
		<div class="elementor-element elementor-element-43c577ed e-con-full e-flex e-con" data-id="43c577ed" data-element_type="container" data-settings="{&quot;content_width&quot;:&quot;full&quot;}">
				</div>
		<div class="elementor-element elementor-element-33cd4bc7 e-con-full e-flex e-con" data-id="33cd4bc7" data-element_type="container" data-settings="{&quot;content_width&quot;:&quot;full&quot;,&quot;background_background&quot;:&quot;classic&quot;}">
		<div class="elementor-element elementor-element-53ea6381 e-con-boxed e-flex e-con" data-id="53ea6381" data-element_type="container" data-settings="{&quot;content_width&quot;:&quot;boxed&quot;}">
					<div class="e-con-inner">
				<div class="elementor-element elementor-element-73cc1308 elementor-widget elementor-widget-heading" data-id="73cc1308" data-element_type="widget" data-widget_type="heading.default">
				<div class="elementor-widget-container">
			<style>/*! elementor - v3.13.2 - 11-05-2023 */
.elementor-heading-title{padding:0;margin:0;line-height:1}.elementor-widget-heading .elementor-heading-title[class*=elementor-size-]>a{color:inherit;font-size:inherit;line-height:inherit}.elementor-widget-heading .elementor-heading-title.elementor-size-small{font-size:15px}.elementor-widget-heading .elementor-heading-title.elementor-size-medium{font-size:19px}.elementor-widget-heading .elementor-heading-title.elementor-size-large{font-size:29px}.elementor-widget-heading .elementor-heading-title.elementor-size-xl{font-size:39px}.elementor-widget-heading .elementor-heading-title.elementor-size-xxl{font-size:59px}</style><h2 class="elementor-heading-title elementor-size-default"><a href="/2023/menu-neodent-caso-clinico/">Menu</a></h2>		</div>
				</div>
				<div class="elementor-element elementor-element-55986a4 elementor-widget elementor-widget-heading" data-id="55986a4" data-element_type="widget" data-widget_type="heading.default">
				<div class="elementor-widget-container">
			<h2 class="elementor-heading-title elementor-size-default"><a href="/2023/menu-neodent-caso-clinico/">Neodent, Caso Clínico</a></h2>		</div>
				</div>
					</div>
				</div>
		<div class="elementor-element elementor-element-7b7ef846 e-con-boxed e-flex e-con" data-id="7b7ef846" data-element_type="container" data-settings="{&quot;content_width&quot;:&quot;boxed&quot;}">
					<div class="e-con-inner">
				<div class="elementor-element elementor-element-31a933a4 elementor-widget elementor-widget-heading" data-id="31a933a4" data-element_type="widget" data-widget_type="heading.default">
				<div class="elementor-widget-container">
			<h2 class="elementor-heading-title elementor-size-default">Análise do comportamento dos tecidos periimplantares e coroas implantossuportadas em reabilitação de caso de oligodontia</h2>		</div>
				</div>
					</div>
				</div>
				<div class="elementor-element elementor-element-39bc7f2d elementor-widget elementor-widget-text-editor" data-id="39bc7f2d" data-element_type="widget" data-widget_type="text-editor.default">
				<div class="elementor-widget-container">
			<style>/*! elementor - v3.13.2 - 11-05-2023 */
.elementor-widget-text-editor.elementor-drop-cap-view-stacked .elementor-drop-cap{background-color:#69727d;color:#fff}.elementor-widget-text-editor.elementor-drop-cap-view-framed .elementor-drop-cap{color:#69727d;border:3px solid;background-color:transparent}.elementor-widget-text-editor:not(.elementor-drop-cap-view-default) .elementor-drop-cap{margin-top:8px}.elementor-widget-text-editor:not(.elementor-drop-cap-view-default) .elementor-drop-cap-letter{width:1em;height:1em}.elementor-widget-text-editor .elementor-drop-cap{float:left;text-align:center;line-height:1;font-size:50px}.elementor-widget-text-editor .elementor-drop-cap-letter{display:inline-block}</style>				<p><span style="color: #e8307c;"><strong>ID Trabalho:</strong> 1108967</span></p><p><strong>Autores: </strong>Cristiane Paal Monteiro (ILAPEO &#8211; são jose dos campos &#8211; SP &#8211; Brasil), Mary Stella Kivel Dias Vitorio (ILAPEO &#8211; curitiba &#8211; PR &#8211; Brasil), Paulo Ricardo Neves Franco (ILAPEO &#8211; Ibaiti &#8211; PR &#8211; Brasil), Juni Murici Fujishima (ILAPEO &#8211; Macapa &#8211; AP &#8211; Brasil), Rogeria Acedo  Vieira (ILAPEO &#8211; curitiba &#8211; PR &#8211; Brasil), Ivete Aparecida de Mattias Sartori (ILAPEO &#8211; curitiba &#8211; PR &#8211; Brasil)</p><p><strong>Instituições dos autores:</strong> ILAPEO &#8211; curitiba &#8211; PR &#8211; Brasil,ILAPEO &#8211; Ibaiti &#8211; PR &#8211; Brasil,ILAPEO &#8211; Macapa &#8211; AP &#8211; Brasil,ILAPEO &#8211; são jose dos campos &#8211; SP &#8211; Brasil</p><p><strong>Introdução: </strong>A oligodontia atinge uma pequena parte da população, é uma doença congênita que envolve a ausência de mais de 6 elementos dentais e causa sérios problemas psicológicos, de autoestima. O objetivo desse relato é descrever o comportamento dos tecidos periimplantares e coroas, assim como a satisfação da paciente, em caso reabilitado com implantes e coroas unitárias em um planejamento multidisciplinar.</p><p><strong>Relato do caso: </strong>Paciente de 21 anos apresentando agenesia de 17 dentes, já submetida a tratamento ortodôntico foi reabilitada com coroas unitárias implantossuportadas do tipo cimentadas. Para que os 11 implantes cone Morse (Neodent, Curitiba, Brasil) pudessem ser realizados foram necessários procedimentos cirúrgicos de levantamento de membrana de seios e enxertos autógenos em espessura. Todos os implantes receberam munhões universais e coroas provisórias unitárias em função imediata. A paciente foi submetida a outro tratamento ortodôntico para verticalização dos dentes anteriores inferiores, possível após o restabelecimento da DVO.  O caso foi descrito (Sartori et al, 2015) e o acompanhamento após 130 meses da instalação dos implantes e 90 meses da instalação das coroas em cerâmica revela um bom comportamento dos tecidos moles e ósseos periimplantares e das coroas. A paciente encontra-se bem satisfeita com o tratamento.</p><p><strong>Conclusão ou considerações finais: </strong>Concluiu-se que o tratamento realizado alcançou o resultado proposto .</p><p><strong>Discussão e conclusões: </strong>Com base na análise clínica e radiográfica do caso após 90 meses da reabilitação definitiva parece lícito concluir que os implantes do tipo cônico interno foram eficientes na reabilitação de caso de oligodontia em coroas do tipo cimentadas unitárias,mesmo em áreas de enxerto de seio maxilar.</p><p><strong>Palavras chave: </strong>Anomalias congênitas, agenesia dentária, tratamento multidisciplinar</p>						</div>
				</div>
				<div class="elementor-element elementor-element-138460c elementor-widget elementor-widget-shortcode" data-id="138460c" data-element_type="widget" data-widget_type="shortcode.default">
				<div class="elementor-widget-container">
					<div class="elementor-shortcode"><a href="javascript:history.back(1)" target="_self"><img decoding="async" src="../wp-content/uploads/2023/05/bot-voltar.png" widht="103" height="28" border="0"></a> </div>
				</div>
				</div>
				</div>
		<div class="elementor-element elementor-element-4569a679 e-con-full e-flex e-con" data-id="4569a679" data-element_type="container" data-settings="{&quot;content_width&quot;:&quot;full&quot;}">
				</div>
				</div>
							</div>

<p>Menu Neodent, Caso Clínico Análise do comportamento dos tecidos periimplantares e coroas implantossuportadas em reabilitação de caso de oligodontia ID Trabalho: 1108967 Autores: Cristiane Paal Monteiro<span class="excerpt-hellip"> […]</span></p>
