{"id":1239,"date":"2023-05-12T17:19:51","date_gmt":"2023-05-12T20:19:51","guid":{"rendered":"https:\/\/anaisneodentcongress.com.br\/2023\/?page_id=1239"},"modified":"2023-05-12T17:20:44","modified_gmt":"2023-05-12T20:20:44","slug":"uso-de-implantes-curtos-e-extra-curtos-para-resolucao-de-area-posterior-bilateral-mandibular","status":"publish","type":"page","link":"https:\/\/anaisneodentcongress.com.br\/2023\/uso-de-implantes-curtos-e-extra-curtos-para-resolucao-de-area-posterior-bilateral-mandibular\/","title":{"rendered":"Uso de implantes curtos e extra-curtos para resolu\u00e7\u00e3o de \u00e1rea posterior bilateral mandibular"},"content":{"rendered":"\t\t<div data-elementor-type=\"wp-page\" data-elementor-id=\"1239\" class=\"elementor elementor-1239\">\n\t\t\t\t\t\t\t<div class=\"elementor-element elementor-element-4cd1d55d e-con-full e-flex e-con\" data-id=\"4cd1d55d\" data-element_type=\"container\" data-settings=\"{&quot;content_width&quot;:&quot;full&quot;,&quot;background_background&quot;:&quot;classic&quot;}\">\n\t\t<div class=\"elementor-element elementor-element-3d16da13 e-con-full e-flex e-con\" data-id=\"3d16da13\" data-element_type=\"container\" data-settings=\"{&quot;content_width&quot;:&quot;full&quot;}\">\n\t\t\t\t<\/div>\n\t\t<div class=\"elementor-element elementor-element-4aaae038 e-con-full e-flex e-con\" data-id=\"4aaae038\" data-element_type=\"container\" data-settings=\"{&quot;content_width&quot;:&quot;full&quot;,&quot;background_background&quot;:&quot;classic&quot;}\">\n\t\t<div class=\"elementor-element elementor-element-19aaa5b3 e-con-boxed e-flex e-con\" data-id=\"19aaa5b3\" data-element_type=\"container\" data-settings=\"{&quot;content_width&quot;:&quot;boxed&quot;}\">\n\t\t\t\t\t<div class=\"e-con-inner\">\n\t\t\t\t<div class=\"elementor-element elementor-element-2fd1d525 elementor-widget elementor-widget-heading\" data-id=\"2fd1d525\" data-element_type=\"widget\" data-widget_type=\"heading.default\">\n\t\t\t\t<div class=\"elementor-widget-container\">\n\t\t\t<style>\/*! elementor - v3.13.2 - 11-05-2023 *\/\n.elementor-heading-title{padding:0;margin:0;line-height:1}.elementor-widget-heading .elementor-heading-title[class*=elementor-size-]>a{color:inherit;font-size:inherit;line-height:inherit}.elementor-widget-heading .elementor-heading-title.elementor-size-small{font-size:15px}.elementor-widget-heading .elementor-heading-title.elementor-size-medium{font-size:19px}.elementor-widget-heading .elementor-heading-title.elementor-size-large{font-size:29px}.elementor-widget-heading .elementor-heading-title.elementor-size-xl{font-size:39px}.elementor-widget-heading .elementor-heading-title.elementor-size-xxl{font-size:59px}<\/style><h2 class=\"elementor-heading-title elementor-size-default\"><a href=\"\/2023\/menu-neodent-caso-clinico\/\">Menu<\/a><\/h2>\t\t<\/div>\n\t\t\t\t<\/div>\n\t\t\t\t<div class=\"elementor-element elementor-element-23db54a3 elementor-widget elementor-widget-heading\" data-id=\"23db54a3\" data-element_type=\"widget\" data-widget_type=\"heading.default\">\n\t\t\t\t<div class=\"elementor-widget-container\">\n\t\t\t<h2 class=\"elementor-heading-title elementor-size-default\"><a href=\"\/2023\/menu-neodent-caso-clinico\/\">Neodent, Caso Cl\u00ednico<\/a><\/h2>\t\t<\/div>\n\t\t\t\t<\/div>\n\t\t\t\t\t<\/div>\n\t\t\t\t<\/div>\n\t\t<div class=\"elementor-element elementor-element-67445082 e-con-boxed e-flex e-con\" data-id=\"67445082\" data-element_type=\"container\" data-settings=\"{&quot;content_width&quot;:&quot;boxed&quot;}\">\n\t\t\t\t\t<div class=\"e-con-inner\">\n\t\t\t\t<div class=\"elementor-element elementor-element-2f0fa5c5 elementor-widget elementor-widget-heading\" data-id=\"2f0fa5c5\" data-element_type=\"widget\" data-widget_type=\"heading.default\">\n\t\t\t\t<div class=\"elementor-widget-container\">\n\t\t\t<h2 class=\"elementor-heading-title elementor-size-default\">Uso de implantes curtos e extra-curtos para resolu\u00e7\u00e3o de \u00e1rea posterior bilateral mandibular<\/h2>\t\t<\/div>\n\t\t\t\t<\/div>\n\t\t\t\t\t<\/div>\n\t\t\t\t<\/div>\n\t\t\t\t<div class=\"elementor-element elementor-element-f039163 elementor-widget elementor-widget-text-editor\" data-id=\"f039163\" data-element_type=\"widget\" data-widget_type=\"text-editor.default\">\n\t\t\t\t<div class=\"elementor-widget-container\">\n\t\t\t<style>\/*! elementor - v3.13.2 - 11-05-2023 *\/\n.elementor-widget-text-editor.elementor-drop-cap-view-stacked .elementor-drop-cap{background-color:#69727d;color:#fff}.elementor-widget-text-editor.elementor-drop-cap-view-framed .elementor-drop-cap{color:#69727d;border:3px solid;background-color:transparent}.elementor-widget-text-editor:not(.elementor-drop-cap-view-default) .elementor-drop-cap{margin-top:8px}.elementor-widget-text-editor:not(.elementor-drop-cap-view-default) .elementor-drop-cap-letter{width:1em;height:1em}.elementor-widget-text-editor .elementor-drop-cap{float:left;text-align:center;line-height:1;font-size:50px}.elementor-widget-text-editor .elementor-drop-cap-letter{display:inline-block}<\/style>\t\t\t\t<p><span style=\"color: #e8307c;\"><strong>ID Trabalho:<\/strong> 1108966<\/span><\/p><p><strong>Autores: <\/strong>Laura\u00a0 Cristhine\u00a0 Cividini\u00a0 (Institui\u00e7\u00e3o Faculdade Ilapeo &#8211; Curitiba\u00a0 &#8211; RR &#8211; Brasil), Ivete\u00a0 Mattias\u00a0 Sartori (Institui\u00e7\u00e3o Faculdade Ilapeo &#8211; Curitiba\u00a0 &#8211; RR &#8211; Brasil), Elisa\u00a0 Mattias\u00a0 Sartori\u00a0 (Institui\u00e7\u00e3o Faculdade Ilapeo &#8211; Curitiba\u00a0 &#8211; RR &#8211; Brasil)<\/p><p><strong>Institui\u00e7\u00f5es dos autores:<\/strong> Institui\u00e7\u00e3o Faculdade Ilapeo &#8211; Curitiba\u00a0 &#8211; RR &#8211; Brasil<\/p><p><strong>Introdu\u00e7\u00e3o: <\/strong>A utiliza\u00e7\u00e3o de implantes curtos tem apresentado grande sucesso em regi\u00f5es posteriores de mand\u00edbula, principalmente nas \u00e1reas de atrofia \u00f3ssea severa. A dificuldade na instala\u00e7\u00e3o de implantes convencionais devido a altura\u00a0 \u00f3ssea reduzida e a proximidade com o nervo alveolar inferior s\u00e3o fatores complicadores, sendo assim indicados implantes curtos para diminuir o risco de morbidade, o tempo cl\u00ednico e o custo do tratamento.<\/p><p><strong>Relato do caso: <\/strong>Paciente compareceu a cl\u00ednica para resolu\u00e7\u00e3o de \u00e1rea posterior bilateral mandibular. No exame cl\u00ednico apresentou aus\u00eancia dos elementos 35, 36, 37, 45, 46 e 47, o exame tomogr\u00e1fico mostrou pouca disponibilidade \u00f3ssea e proximidade com o canal mandibular bilateralmente. Para resolu\u00e7\u00e3o cir\u00fargica foram instalados implantes Tissue Level SP (Straumann) no 45 (4.8x4mm), 46 (4.8x6mm), 47 (4.8x8mm), 35 (4.8x6mm) e 36 (4.8x6mm), e na regi\u00e3o do 34 realizada a exodontia e instala\u00e7\u00e3o do implante BLT (Straumann) 3.3x12mm. Ap\u00f3s 30 dias, da instala\u00e7\u00e3o dos implantes, foi efetuado a moldagem e instala\u00e7\u00e3o das coroas provis\u00f3rias. As coroas cer\u00e2micas foram instaladas restabelecendo a dimens\u00e3o vertical de oclus\u00e3o e a paciente mostrou-se satisfeita com a est\u00e9tica e fun\u00e7\u00e3o da mesma, sem queixas \u00e1lgicas ou de parestesia<\/p><p><strong>Conclus\u00e3o ou considera\u00e7\u00f5es finais: <\/strong>Os implantes curtos e extra-curtos representam uma alternativa confi\u00e1vel e minimamente invasiva em situa\u00e7\u00f5es com quantidade limitada de osso por apresentarem baixos \u00edndices de complica\u00e7\u00f5es. A literatura tem mostrado resultados favor\u00e1veis sendo assim, estes implantes, considerados uma alternativa vi\u00e1vel para reabilita\u00e7\u00e3o de regi\u00f5es com severa atrofia \u00f3ssea.<\/p><p><strong>Discuss\u00e3o e conclus\u00f5es: <\/strong><\/p><p><strong>Palavras chave: <\/strong>Implantes Dent\u00e1rios; Mand\u00edbula Parcialmente Desdentada; Reabsor\u00e7\u00e3o \u00d3ssea; Reabilita\u00e7\u00e3o Bucal<\/p>\t\t\t\t\t\t<\/div>\n\t\t\t\t<\/div>\n\t\t\t\t<div class=\"elementor-element elementor-element-7d276ca9 elementor-widget elementor-widget-shortcode\" data-id=\"7d276ca9\" data-element_type=\"widget\" data-widget_type=\"shortcode.default\">\n\t\t\t\t<div class=\"elementor-widget-container\">\n\t\t\t\t\t<div class=\"elementor-shortcode\"><a href=\"javascript:history.back(1)\" target=\"_self\"><img decoding=\"async\" src=\"..\/wp-content\/uploads\/2023\/05\/bot-voltar.png\" widht=\"103\" height=\"28\" border=\"0\"><\/a> <\/div>\n\t\t\t\t<\/div>\n\t\t\t\t<\/div>\n\t\t\t\t<\/div>\n\t\t<div class=\"elementor-element elementor-element-5b16f101 e-con-full e-flex e-con\" data-id=\"5b16f101\" data-element_type=\"container\" data-settings=\"{&quot;content_width&quot;:&quot;full&quot;}\">\n\t\t\t\t<\/div>\n\t\t\t\t<\/div>\n\t\t\t\t\t\t\t<\/div>\n\t\t","protected":false},"excerpt":{"rendered":"<p>Menu Neodent, Caso Cl\u00ednico Uso de implantes curtos e extra-curtos para resolu\u00e7\u00e3o de \u00e1rea posterior bilateral mandibular ID Trabalho: 1108966 Autores: Laura\u00a0 Cristhine\u00a0 Cividini\u00a0 (Institui\u00e7\u00e3o Faculdade<span class=\"excerpt-hellip\"> [\u2026]<\/span><\/p>\n","protected":false},"author":1,"featured_media":0,"parent":0,"menu_order":0,"comment_status":"closed","ping_status":"closed","template":"","meta":[],"_links":{"self":[{"href":"https:\/\/anaisneodentcongress.com.br\/2023\/wp-json\/wp\/v2\/pages\/1239"}],"collection":[{"href":"https:\/\/anaisneodentcongress.com.br\/2023\/wp-json\/wp\/v2\/pages"}],"about":[{"href":"https:\/\/anaisneodentcongress.com.br\/2023\/wp-json\/wp\/v2\/types\/page"}],"author":[{"embeddable":true,"href":"https:\/\/anaisneodentcongress.com.br\/2023\/wp-json\/wp\/v2\/users\/1"}],"replies":[{"embeddable":true,"href":"https:\/\/anaisneodentcongress.com.br\/2023\/wp-json\/wp\/v2\/comments?post=1239"}],"version-history":[{"count":7,"href":"https:\/\/anaisneodentcongress.com.br\/2023\/wp-json\/wp\/v2\/pages\/1239\/revisions"}],"predecessor-version":[{"id":1247,"href":"https:\/\/anaisneodentcongress.com.br\/2023\/wp-json\/wp\/v2\/pages\/1239\/revisions\/1247"}],"wp:attachment":[{"href":"https:\/\/anaisneodentcongress.com.br\/2023\/wp-json\/wp\/v2\/media?parent=1239"}],"curies":[{"name":"wp","href":"https:\/\/api.w.org\/{rel}","templated":true}]}}

Uso de implantes curtos e extra-curtos para resolução de área posterior bilateral mandibular

<div data-elementor-type="wp-page" data-elementor-id="1239" class="elementor elementor-1239">
							<div class="elementor-element elementor-element-4cd1d55d e-con-full e-flex e-con" data-id="4cd1d55d" data-element_type="container" data-settings="{&quot;content_width&quot;:&quot;full&quot;,&quot;background_background&quot;:&quot;classic&quot;}">
		<div class="elementor-element elementor-element-3d16da13 e-con-full e-flex e-con" data-id="3d16da13" data-element_type="container" data-settings="{&quot;content_width&quot;:&quot;full&quot;}">
				</div>
		<div class="elementor-element elementor-element-4aaae038 e-con-full e-flex e-con" data-id="4aaae038" data-element_type="container" data-settings="{&quot;content_width&quot;:&quot;full&quot;,&quot;background_background&quot;:&quot;classic&quot;}">
		<div class="elementor-element elementor-element-19aaa5b3 e-con-boxed e-flex e-con" data-id="19aaa5b3" data-element_type="container" data-settings="{&quot;content_width&quot;:&quot;boxed&quot;}">
					<div class="e-con-inner">
				<div class="elementor-element elementor-element-2fd1d525 elementor-widget elementor-widget-heading" data-id="2fd1d525" data-element_type="widget" data-widget_type="heading.default">
				<div class="elementor-widget-container">
			<style>/*! elementor - v3.13.2 - 11-05-2023 */
.elementor-heading-title{padding:0;margin:0;line-height:1}.elementor-widget-heading .elementor-heading-title[class*=elementor-size-]>a{color:inherit;font-size:inherit;line-height:inherit}.elementor-widget-heading .elementor-heading-title.elementor-size-small{font-size:15px}.elementor-widget-heading .elementor-heading-title.elementor-size-medium{font-size:19px}.elementor-widget-heading .elementor-heading-title.elementor-size-large{font-size:29px}.elementor-widget-heading .elementor-heading-title.elementor-size-xl{font-size:39px}.elementor-widget-heading .elementor-heading-title.elementor-size-xxl{font-size:59px}</style><h2 class="elementor-heading-title elementor-size-default"><a href="/2023/menu-neodent-caso-clinico/">Menu</a></h2>		</div>
				</div>
				<div class="elementor-element elementor-element-23db54a3 elementor-widget elementor-widget-heading" data-id="23db54a3" data-element_type="widget" data-widget_type="heading.default">
				<div class="elementor-widget-container">
			<h2 class="elementor-heading-title elementor-size-default"><a href="/2023/menu-neodent-caso-clinico/">Neodent, Caso Clínico</a></h2>		</div>
				</div>
					</div>
				</div>
		<div class="elementor-element elementor-element-67445082 e-con-boxed e-flex e-con" data-id="67445082" data-element_type="container" data-settings="{&quot;content_width&quot;:&quot;boxed&quot;}">
					<div class="e-con-inner">
				<div class="elementor-element elementor-element-2f0fa5c5 elementor-widget elementor-widget-heading" data-id="2f0fa5c5" data-element_type="widget" data-widget_type="heading.default">
				<div class="elementor-widget-container">
			<h2 class="elementor-heading-title elementor-size-default">Uso de implantes curtos e extra-curtos para resolução de área posterior bilateral mandibular</h2>		</div>
				</div>
					</div>
				</div>
				<div class="elementor-element elementor-element-f039163 elementor-widget elementor-widget-text-editor" data-id="f039163" data-element_type="widget" data-widget_type="text-editor.default">
				<div class="elementor-widget-container">
			<style>/*! elementor - v3.13.2 - 11-05-2023 */
.elementor-widget-text-editor.elementor-drop-cap-view-stacked .elementor-drop-cap{background-color:#69727d;color:#fff}.elementor-widget-text-editor.elementor-drop-cap-view-framed .elementor-drop-cap{color:#69727d;border:3px solid;background-color:transparent}.elementor-widget-text-editor:not(.elementor-drop-cap-view-default) .elementor-drop-cap{margin-top:8px}.elementor-widget-text-editor:not(.elementor-drop-cap-view-default) .elementor-drop-cap-letter{width:1em;height:1em}.elementor-widget-text-editor .elementor-drop-cap{float:left;text-align:center;line-height:1;font-size:50px}.elementor-widget-text-editor .elementor-drop-cap-letter{display:inline-block}</style>				<p><span style="color: #e8307c;"><strong>ID Trabalho:</strong> 1108966</span></p><p><strong>Autores: </strong>Laura  Cristhine  Cividini  (Instituição Faculdade Ilapeo &#8211; Curitiba  &#8211; RR &#8211; Brasil), Ivete  Mattias  Sartori (Instituição Faculdade Ilapeo &#8211; Curitiba  &#8211; RR &#8211; Brasil), Elisa  Mattias  Sartori  (Instituição Faculdade Ilapeo &#8211; Curitiba  &#8211; RR &#8211; Brasil)</p><p><strong>Instituições dos autores:</strong> Instituição Faculdade Ilapeo &#8211; Curitiba  &#8211; RR &#8211; Brasil</p><p><strong>Introdução: </strong>A utilização de implantes curtos tem apresentado grande sucesso em regiões posteriores de mandíbula, principalmente nas áreas de atrofia óssea severa. A dificuldade na instalação de implantes convencionais devido a altura  óssea reduzida e a proximidade com o nervo alveolar inferior são fatores complicadores, sendo assim indicados implantes curtos para diminuir o risco de morbidade, o tempo clínico e o custo do tratamento.</p><p><strong>Relato do caso: </strong>Paciente compareceu a clínica para resolução de área posterior bilateral mandibular. No exame clínico apresentou ausência dos elementos 35, 36, 37, 45, 46 e 47, o exame tomográfico mostrou pouca disponibilidade óssea e proximidade com o canal mandibular bilateralmente. Para resolução cirúrgica foram instalados implantes Tissue Level SP (Straumann) no 45 (4.8x4mm), 46 (4.8x6mm), 47 (4.8x8mm), 35 (4.8x6mm) e 36 (4.8x6mm), e na região do 34 realizada a exodontia e instalação do implante BLT (Straumann) 3.3x12mm. Após 30 dias, da instalação dos implantes, foi efetuado a moldagem e instalação das coroas provisórias. As coroas cerâmicas foram instaladas restabelecendo a dimensão vertical de oclusão e a paciente mostrou-se satisfeita com a estética e função da mesma, sem queixas álgicas ou de parestesia</p><p><strong>Conclusão ou considerações finais: </strong>Os implantes curtos e extra-curtos representam uma alternativa confiável e minimamente invasiva em situações com quantidade limitada de osso por apresentarem baixos índices de complicações. A literatura tem mostrado resultados favoráveis sendo assim, estes implantes, considerados uma alternativa viável para reabilitação de regiões com severa atrofia óssea.</p><p><strong>Discussão e conclusões: </strong></p><p><strong>Palavras chave: </strong>Implantes Dentários; Mandíbula Parcialmente Desdentada; Reabsorção Óssea; Reabilitação Bucal</p>						</div>
				</div>
				<div class="elementor-element elementor-element-7d276ca9 elementor-widget elementor-widget-shortcode" data-id="7d276ca9" data-element_type="widget" data-widget_type="shortcode.default">
				<div class="elementor-widget-container">
					<div class="elementor-shortcode"><a href="javascript:history.back(1)" target="_self"><img decoding="async" src="../wp-content/uploads/2023/05/bot-voltar.png" widht="103" height="28" border="0"></a> </div>
				</div>
				</div>
				</div>
		<div class="elementor-element elementor-element-5b16f101 e-con-full e-flex e-con" data-id="5b16f101" data-element_type="container" data-settings="{&quot;content_width&quot;:&quot;full&quot;}">
				</div>
				</div>
							</div>

<p>Menu Neodent, Caso Clínico Uso de implantes curtos e extra-curtos para resolução de área posterior bilateral mandibular ID Trabalho: 1108966 Autores: Laura  Cristhine  Cividini  (Instituição Faculdade<span class="excerpt-hellip"> […]</span></p>
