{"id":1209,"date":"2023-05-12T17:10:42","date_gmt":"2023-05-12T20:10:42","guid":{"rendered":"https:\/\/anaisneodentcongress.com.br\/2023\/?page_id=1209"},"modified":"2023-05-12T17:11:37","modified_gmt":"2023-05-12T20:11:37","slug":"reabilitacao-protetica-de-maxila-apos-fratura-de-implantes","status":"publish","type":"page","link":"https:\/\/anaisneodentcongress.com.br\/2023\/reabilitacao-protetica-de-maxila-apos-fratura-de-implantes\/","title":{"rendered":"Reabilita\u00e7\u00e3o prot\u00e9tica de maxila ap\u00f3s fratura de implantes"},"content":{"rendered":"\t\t<div data-elementor-type=\"wp-page\" data-elementor-id=\"1209\" class=\"elementor elementor-1209\">\n\t\t\t\t\t\t\t<div class=\"elementor-element elementor-element-d84986b e-con-full e-flex e-con\" data-id=\"d84986b\" data-element_type=\"container\" data-settings=\"{&quot;content_width&quot;:&quot;full&quot;,&quot;background_background&quot;:&quot;classic&quot;}\">\n\t\t<div class=\"elementor-element elementor-element-3bba21f3 e-con-full e-flex e-con\" data-id=\"3bba21f3\" data-element_type=\"container\" data-settings=\"{&quot;content_width&quot;:&quot;full&quot;}\">\n\t\t\t\t<\/div>\n\t\t<div class=\"elementor-element elementor-element-2dc1e2f2 e-con-full e-flex e-con\" data-id=\"2dc1e2f2\" data-element_type=\"container\" data-settings=\"{&quot;content_width&quot;:&quot;full&quot;,&quot;background_background&quot;:&quot;classic&quot;}\">\n\t\t<div class=\"elementor-element elementor-element-7d3fc0c5 e-con-boxed e-flex e-con\" data-id=\"7d3fc0c5\" data-element_type=\"container\" data-settings=\"{&quot;content_width&quot;:&quot;boxed&quot;}\">\n\t\t\t\t\t<div class=\"e-con-inner\">\n\t\t\t\t<div class=\"elementor-element elementor-element-579f99c2 elementor-widget elementor-widget-heading\" data-id=\"579f99c2\" data-element_type=\"widget\" data-widget_type=\"heading.default\">\n\t\t\t\t<div class=\"elementor-widget-container\">\n\t\t\t<style>\/*! elementor - v3.13.2 - 11-05-2023 *\/\n.elementor-heading-title{padding:0;margin:0;line-height:1}.elementor-widget-heading .elementor-heading-title[class*=elementor-size-]>a{color:inherit;font-size:inherit;line-height:inherit}.elementor-widget-heading .elementor-heading-title.elementor-size-small{font-size:15px}.elementor-widget-heading .elementor-heading-title.elementor-size-medium{font-size:19px}.elementor-widget-heading .elementor-heading-title.elementor-size-large{font-size:29px}.elementor-widget-heading .elementor-heading-title.elementor-size-xl{font-size:39px}.elementor-widget-heading .elementor-heading-title.elementor-size-xxl{font-size:59px}<\/style><h2 class=\"elementor-heading-title elementor-size-default\"><a href=\"\/2023\/menu-neodent-caso-clinico\/\">Menu<\/a><\/h2>\t\t<\/div>\n\t\t\t\t<\/div>\n\t\t\t\t<div class=\"elementor-element elementor-element-41c9f552 elementor-widget elementor-widget-heading\" data-id=\"41c9f552\" data-element_type=\"widget\" data-widget_type=\"heading.default\">\n\t\t\t\t<div class=\"elementor-widget-container\">\n\t\t\t<h2 class=\"elementor-heading-title elementor-size-default\"><a href=\"\/2023\/menu-neodent-caso-clinico\/\">Neodent, Caso Cl\u00ednico<\/a><\/h2>\t\t<\/div>\n\t\t\t\t<\/div>\n\t\t\t\t\t<\/div>\n\t\t\t\t<\/div>\n\t\t<div class=\"elementor-element elementor-element-554dba0c e-con-boxed e-flex e-con\" data-id=\"554dba0c\" data-element_type=\"container\" data-settings=\"{&quot;content_width&quot;:&quot;boxed&quot;}\">\n\t\t\t\t\t<div class=\"e-con-inner\">\n\t\t\t\t<div class=\"elementor-element elementor-element-353e30c9 elementor-widget elementor-widget-heading\" data-id=\"353e30c9\" data-element_type=\"widget\" data-widget_type=\"heading.default\">\n\t\t\t\t<div class=\"elementor-widget-container\">\n\t\t\t<h2 class=\"elementor-heading-title elementor-size-default\">Reabilita\u00e7\u00e3o prot\u00e9tica de maxila ap\u00f3s fratura de implantes<\/h2>\t\t<\/div>\n\t\t\t\t<\/div>\n\t\t\t\t\t<\/div>\n\t\t\t\t<\/div>\n\t\t\t\t<div class=\"elementor-element elementor-element-21cbdc14 elementor-widget elementor-widget-text-editor\" data-id=\"21cbdc14\" data-element_type=\"widget\" data-widget_type=\"text-editor.default\">\n\t\t\t\t<div class=\"elementor-widget-container\">\n\t\t\t<style>\/*! elementor - v3.13.2 - 11-05-2023 *\/\n.elementor-widget-text-editor.elementor-drop-cap-view-stacked .elementor-drop-cap{background-color:#69727d;color:#fff}.elementor-widget-text-editor.elementor-drop-cap-view-framed .elementor-drop-cap{color:#69727d;border:3px solid;background-color:transparent}.elementor-widget-text-editor:not(.elementor-drop-cap-view-default) .elementor-drop-cap{margin-top:8px}.elementor-widget-text-editor:not(.elementor-drop-cap-view-default) .elementor-drop-cap-letter{width:1em;height:1em}.elementor-widget-text-editor .elementor-drop-cap{float:left;text-align:center;line-height:1;font-size:50px}.elementor-widget-text-editor .elementor-drop-cap-letter{display:inline-block}<\/style>\t\t\t\t<p><span style=\"color: #e8307c;\"><strong>ID Trabalho:<\/strong> 1108962<\/span><\/p><p><strong>Autores: <\/strong>THIAGO\u00a0 TATIM (FACULDADE &#8211; ILAPEO &#8211; CURITIBA &#8211; PR &#8211; Brasil), LIZANDRA LOPES COMPARIN ZANOTTO (FACULDADE &#8211; ILAPEO &#8211; CURITIBA &#8211; PR &#8211; Brasil), GIZELLI DE SOUZA DALL AGNOL (FACULDADE &#8211; ILAPEO &#8211; CURITIBA &#8211; PR &#8211; Brasil), ROG\u00c9RIA ACEDO VIEIRA (FACULDADE &#8211; ILAPEO &#8211; CURITIBA &#8211; PR &#8211; Brasil), RICARDA DUARTE DA SILVA (FACULDADE &#8211; ILAPEO &#8211; CURITIBA &#8211; PR &#8211; Brasil)<\/p><p><strong>Institui\u00e7\u00f5es dos autores:<\/strong> FACULDADE &#8211; ILAPEO &#8211; CURITIBA &#8211; PR &#8211; Brasil<\/p><p><strong>Introdu\u00e7\u00e3o: <\/strong>Reabilita\u00e7\u00e3o com implantes dent\u00e1rios possui um alto \u00edndice de sucesso, no entanto \u00e9 uma complica\u00e7\u00e3o que pode ocorrer na pr\u00e1tica cl\u00ednica.\u00a0<\/p><p><strong>Relato do caso: <\/strong>Paciente, 61 anos, relatou dor e mobilidade na regi\u00e3o dos dentes 13,14 e 16. Radiografia panor\u00e2mica e tomografia total de maxila foram solicitadas. Para resolu\u00e7\u00e3o do caso foi planejado instala\u00e7\u00e3o de uma pr\u00f3tese total fixa implanto suportada em maxila com a remo\u00e7\u00e3o do implante na regi\u00e3o do 24 e instala\u00e7\u00e3o de implantes inclinados nas regi\u00f5es 13 e 24. Na prova dos dentes, constatou-se fratura dos implantes 21 e 22, que foram removidos. Foi realizada a prova dos dentes e encaminhada para confec\u00e7\u00e3o do guia multifuncional. Realizado novo planejamento. Na cirurgia, os implantes nas regi\u00f5es 11 e 12 apresentaram-se fraturados e foi constatado uma comunica\u00e7\u00e3o buco sinusal na regi\u00e3o do 27, inexistente anteriormente. Neste momento foi modificado o planejamento para remo\u00e7\u00e3o de todos os implantes anteriores. Foram instalados 06 implantes H\u00e9lix GM Acqua (Neodent), com aux\u00edlio do guia multifuncional. Para obliterar a comunica\u00e7\u00e3o buco-sinusal foi rotacionada a bola de bichat. Ap\u00f3s foi realizada moldagem dos implantes com o guia multifuncional. Foi instalado a pr\u00f3tese tipo protocolo em maxila, no segundo dia ap\u00f3s a cirurgia; 30 dias ap\u00f3s, a comunica\u00e7\u00e3o buco sinusal, estava fechada e n\u00e3o apresentava sinais de f\u00edstulas ativas.<\/p><p><strong>Conclus\u00e3o ou considera\u00e7\u00f5es finais: <\/strong>A reabilita\u00e7\u00e3o maxilar ap\u00f3s fratura de implante \u00e9 um desafio, que pode ser minimizado pelo planejamento reverso.<\/p><p><strong>Discuss\u00e3o e conclus\u00f5es: <\/strong><\/p><p><strong>Palavras chave: <\/strong>Implantes dent\u00e1rios; Reabilita\u00e7\u00e3o oral; Fratura de implantes<\/p>\t\t\t\t\t\t<\/div>\n\t\t\t\t<\/div>\n\t\t\t\t<div class=\"elementor-element elementor-element-2820cf6b elementor-widget elementor-widget-shortcode\" data-id=\"2820cf6b\" data-element_type=\"widget\" data-widget_type=\"shortcode.default\">\n\t\t\t\t<div class=\"elementor-widget-container\">\n\t\t\t\t\t<div class=\"elementor-shortcode\"><a href=\"javascript:history.back(1)\" target=\"_self\"><img decoding=\"async\" src=\"..\/wp-content\/uploads\/2023\/05\/bot-voltar.png\" widht=\"103\" height=\"28\" border=\"0\"><\/a> <\/div>\n\t\t\t\t<\/div>\n\t\t\t\t<\/div>\n\t\t\t\t<\/div>\n\t\t<div class=\"elementor-element elementor-element-3c14aadc e-con-full e-flex e-con\" data-id=\"3c14aadc\" data-element_type=\"container\" data-settings=\"{&quot;content_width&quot;:&quot;full&quot;}\">\n\t\t\t\t<\/div>\n\t\t\t\t<\/div>\n\t\t\t\t\t\t\t<\/div>\n\t\t","protected":false},"excerpt":{"rendered":"<p>Menu Neodent, Caso Cl\u00ednico Reabilita\u00e7\u00e3o prot\u00e9tica de maxila ap\u00f3s fratura de implantes ID Trabalho: 1108962 Autores: THIAGO\u00a0 TATIM (FACULDADE &#8211; ILAPEO &#8211; CURITIBA &#8211; PR &#8211;<span class=\"excerpt-hellip\"> [\u2026]<\/span><\/p>\n","protected":false},"author":1,"featured_media":0,"parent":0,"menu_order":0,"comment_status":"closed","ping_status":"closed","template":"","meta":[],"_links":{"self":[{"href":"https:\/\/anaisneodentcongress.com.br\/2023\/wp-json\/wp\/v2\/pages\/1209"}],"collection":[{"href":"https:\/\/anaisneodentcongress.com.br\/2023\/wp-json\/wp\/v2\/pages"}],"about":[{"href":"https:\/\/anaisneodentcongress.com.br\/2023\/wp-json\/wp\/v2\/types\/page"}],"author":[{"embeddable":true,"href":"https:\/\/anaisneodentcongress.com.br\/2023\/wp-json\/wp\/v2\/users\/1"}],"replies":[{"embeddable":true,"href":"https:\/\/anaisneodentcongress.com.br\/2023\/wp-json\/wp\/v2\/comments?post=1209"}],"version-history":[{"count":4,"href":"https:\/\/anaisneodentcongress.com.br\/2023\/wp-json\/wp\/v2\/pages\/1209\/revisions"}],"predecessor-version":[{"id":1214,"href":"https:\/\/anaisneodentcongress.com.br\/2023\/wp-json\/wp\/v2\/pages\/1209\/revisions\/1214"}],"wp:attachment":[{"href":"https:\/\/anaisneodentcongress.com.br\/2023\/wp-json\/wp\/v2\/media?parent=1209"}],"curies":[{"name":"wp","href":"https:\/\/api.w.org\/{rel}","templated":true}]}}

Reabilitação protética de maxila após fratura de implantes

<div data-elementor-type="wp-page" data-elementor-id="1209" class="elementor elementor-1209">
							<div class="elementor-element elementor-element-d84986b e-con-full e-flex e-con" data-id="d84986b" data-element_type="container" data-settings="{&quot;content_width&quot;:&quot;full&quot;,&quot;background_background&quot;:&quot;classic&quot;}">
		<div class="elementor-element elementor-element-3bba21f3 e-con-full e-flex e-con" data-id="3bba21f3" data-element_type="container" data-settings="{&quot;content_width&quot;:&quot;full&quot;}">
				</div>
		<div class="elementor-element elementor-element-2dc1e2f2 e-con-full e-flex e-con" data-id="2dc1e2f2" data-element_type="container" data-settings="{&quot;content_width&quot;:&quot;full&quot;,&quot;background_background&quot;:&quot;classic&quot;}">
		<div class="elementor-element elementor-element-7d3fc0c5 e-con-boxed e-flex e-con" data-id="7d3fc0c5" data-element_type="container" data-settings="{&quot;content_width&quot;:&quot;boxed&quot;}">
					<div class="e-con-inner">
				<div class="elementor-element elementor-element-579f99c2 elementor-widget elementor-widget-heading" data-id="579f99c2" data-element_type="widget" data-widget_type="heading.default">
				<div class="elementor-widget-container">
			<style>/*! elementor - v3.13.2 - 11-05-2023 */
.elementor-heading-title{padding:0;margin:0;line-height:1}.elementor-widget-heading .elementor-heading-title[class*=elementor-size-]>a{color:inherit;font-size:inherit;line-height:inherit}.elementor-widget-heading .elementor-heading-title.elementor-size-small{font-size:15px}.elementor-widget-heading .elementor-heading-title.elementor-size-medium{font-size:19px}.elementor-widget-heading .elementor-heading-title.elementor-size-large{font-size:29px}.elementor-widget-heading .elementor-heading-title.elementor-size-xl{font-size:39px}.elementor-widget-heading .elementor-heading-title.elementor-size-xxl{font-size:59px}</style><h2 class="elementor-heading-title elementor-size-default"><a href="/2023/menu-neodent-caso-clinico/">Menu</a></h2>		</div>
				</div>
				<div class="elementor-element elementor-element-41c9f552 elementor-widget elementor-widget-heading" data-id="41c9f552" data-element_type="widget" data-widget_type="heading.default">
				<div class="elementor-widget-container">
			<h2 class="elementor-heading-title elementor-size-default"><a href="/2023/menu-neodent-caso-clinico/">Neodent, Caso Clínico</a></h2>		</div>
				</div>
					</div>
				</div>
		<div class="elementor-element elementor-element-554dba0c e-con-boxed e-flex e-con" data-id="554dba0c" data-element_type="container" data-settings="{&quot;content_width&quot;:&quot;boxed&quot;}">
					<div class="e-con-inner">
				<div class="elementor-element elementor-element-353e30c9 elementor-widget elementor-widget-heading" data-id="353e30c9" data-element_type="widget" data-widget_type="heading.default">
				<div class="elementor-widget-container">
			<h2 class="elementor-heading-title elementor-size-default">Reabilitação protética de maxila após fratura de implantes</h2>		</div>
				</div>
					</div>
				</div>
				<div class="elementor-element elementor-element-21cbdc14 elementor-widget elementor-widget-text-editor" data-id="21cbdc14" data-element_type="widget" data-widget_type="text-editor.default">
				<div class="elementor-widget-container">
			<style>/*! elementor - v3.13.2 - 11-05-2023 */
.elementor-widget-text-editor.elementor-drop-cap-view-stacked .elementor-drop-cap{background-color:#69727d;color:#fff}.elementor-widget-text-editor.elementor-drop-cap-view-framed .elementor-drop-cap{color:#69727d;border:3px solid;background-color:transparent}.elementor-widget-text-editor:not(.elementor-drop-cap-view-default) .elementor-drop-cap{margin-top:8px}.elementor-widget-text-editor:not(.elementor-drop-cap-view-default) .elementor-drop-cap-letter{width:1em;height:1em}.elementor-widget-text-editor .elementor-drop-cap{float:left;text-align:center;line-height:1;font-size:50px}.elementor-widget-text-editor .elementor-drop-cap-letter{display:inline-block}</style>				<p><span style="color: #e8307c;"><strong>ID Trabalho:</strong> 1108962</span></p><p><strong>Autores: </strong>THIAGO  TATIM (FACULDADE &#8211; ILAPEO &#8211; CURITIBA &#8211; PR &#8211; Brasil), LIZANDRA LOPES COMPARIN ZANOTTO (FACULDADE &#8211; ILAPEO &#8211; CURITIBA &#8211; PR &#8211; Brasil), GIZELLI DE SOUZA DALL AGNOL (FACULDADE &#8211; ILAPEO &#8211; CURITIBA &#8211; PR &#8211; Brasil), ROGÉRIA ACEDO VIEIRA (FACULDADE &#8211; ILAPEO &#8211; CURITIBA &#8211; PR &#8211; Brasil), RICARDA DUARTE DA SILVA (FACULDADE &#8211; ILAPEO &#8211; CURITIBA &#8211; PR &#8211; Brasil)</p><p><strong>Instituições dos autores:</strong> FACULDADE &#8211; ILAPEO &#8211; CURITIBA &#8211; PR &#8211; Brasil</p><p><strong>Introdução: </strong>Reabilitação com implantes dentários possui um alto índice de sucesso, no entanto é uma complicação que pode ocorrer na prática clínica. </p><p><strong>Relato do caso: </strong>Paciente, 61 anos, relatou dor e mobilidade na região dos dentes 13,14 e 16. Radiografia panorâmica e tomografia total de maxila foram solicitadas. Para resolução do caso foi planejado instalação de uma prótese total fixa implanto suportada em maxila com a remoção do implante na região do 24 e instalação de implantes inclinados nas regiões 13 e 24. Na prova dos dentes, constatou-se fratura dos implantes 21 e 22, que foram removidos. Foi realizada a prova dos dentes e encaminhada para confecção do guia multifuncional. Realizado novo planejamento. Na cirurgia, os implantes nas regiões 11 e 12 apresentaram-se fraturados e foi constatado uma comunicação buco sinusal na região do 27, inexistente anteriormente. Neste momento foi modificado o planejamento para remoção de todos os implantes anteriores. Foram instalados 06 implantes Hélix GM Acqua (Neodent), com auxílio do guia multifuncional. Para obliterar a comunicação buco-sinusal foi rotacionada a bola de bichat. Após foi realizada moldagem dos implantes com o guia multifuncional. Foi instalado a prótese tipo protocolo em maxila, no segundo dia após a cirurgia; 30 dias após, a comunicação buco sinusal, estava fechada e não apresentava sinais de fístulas ativas.</p><p><strong>Conclusão ou considerações finais: </strong>A reabilitação maxilar após fratura de implante é um desafio, que pode ser minimizado pelo planejamento reverso.</p><p><strong>Discussão e conclusões: </strong></p><p><strong>Palavras chave: </strong>Implantes dentários; Reabilitação oral; Fratura de implantes</p>						</div>
				</div>
				<div class="elementor-element elementor-element-2820cf6b elementor-widget elementor-widget-shortcode" data-id="2820cf6b" data-element_type="widget" data-widget_type="shortcode.default">
				<div class="elementor-widget-container">
					<div class="elementor-shortcode"><a href="javascript:history.back(1)" target="_self"><img decoding="async" src="../wp-content/uploads/2023/05/bot-voltar.png" widht="103" height="28" border="0"></a> </div>
				</div>
				</div>
				</div>
		<div class="elementor-element elementor-element-3c14aadc e-con-full e-flex e-con" data-id="3c14aadc" data-element_type="container" data-settings="{&quot;content_width&quot;:&quot;full&quot;}">
				</div>
				</div>
							</div>

<p>Menu Neodent, Caso Clínico Reabilitação protética de maxila após fratura de implantes ID Trabalho: 1108962 Autores: THIAGO  TATIM (FACULDADE &#8211; ILAPEO &#8211; CURITIBA &#8211; PR &#8211;<span class="excerpt-hellip"> […]</span></p>
