{"id":1182,"date":"2023-05-12T17:03:41","date_gmt":"2023-05-12T20:03:41","guid":{"rendered":"https:\/\/anaisneodentcongress.com.br\/2023\/?page_id=1182"},"modified":"2023-05-12T17:04:36","modified_gmt":"2023-05-12T20:04:36","slug":"efeito-da-terapia-de-oxigenio-topica-associado-ou-nao-a-laserterapia-na-mucosite-oral","status":"publish","type":"page","link":"https:\/\/anaisneodentcongress.com.br\/2023\/efeito-da-terapia-de-oxigenio-topica-associado-ou-nao-a-laserterapia-na-mucosite-oral\/","title":{"rendered":"Efeito da terapia de oxig\u00eanio t\u00f3pica associado ou n\u00e3o \u00e0 laserterapia na mucosite oral"},"content":{"rendered":"\t\t<div data-elementor-type=\"wp-page\" data-elementor-id=\"1182\" class=\"elementor elementor-1182\">\n\t\t\t\t\t\t\t<div class=\"elementor-element elementor-element-5830f5e3 e-con-full e-flex e-con\" data-id=\"5830f5e3\" data-element_type=\"container\" data-settings=\"{&quot;content_width&quot;:&quot;full&quot;,&quot;background_background&quot;:&quot;classic&quot;}\">\n\t\t<div class=\"elementor-element elementor-element-2ba5e2d7 e-con-full e-flex e-con\" data-id=\"2ba5e2d7\" data-element_type=\"container\" data-settings=\"{&quot;content_width&quot;:&quot;full&quot;}\">\n\t\t\t\t<\/div>\n\t\t<div class=\"elementor-element elementor-element-6e161e68 e-con-full e-flex e-con\" data-id=\"6e161e68\" data-element_type=\"container\" data-settings=\"{&quot;content_width&quot;:&quot;full&quot;,&quot;background_background&quot;:&quot;classic&quot;}\">\n\t\t<div class=\"elementor-element elementor-element-47c9d494 e-con-boxed e-flex e-con\" data-id=\"47c9d494\" data-element_type=\"container\" data-settings=\"{&quot;content_width&quot;:&quot;boxed&quot;}\">\n\t\t\t\t\t<div class=\"e-con-inner\">\n\t\t\t\t<div class=\"elementor-element elementor-element-5cc42496 elementor-widget elementor-widget-heading\" data-id=\"5cc42496\" data-element_type=\"widget\" data-widget_type=\"heading.default\">\n\t\t\t\t<div class=\"elementor-widget-container\">\n\t\t\t<style>\/*! elementor - v3.13.2 - 11-05-2023 *\/\n.elementor-heading-title{padding:0;margin:0;line-height:1}.elementor-widget-heading .elementor-heading-title[class*=elementor-size-]>a{color:inherit;font-size:inherit;line-height:inherit}.elementor-widget-heading .elementor-heading-title.elementor-size-small{font-size:15px}.elementor-widget-heading .elementor-heading-title.elementor-size-medium{font-size:19px}.elementor-widget-heading .elementor-heading-title.elementor-size-large{font-size:29px}.elementor-widget-heading .elementor-heading-title.elementor-size-xl{font-size:39px}.elementor-widget-heading .elementor-heading-title.elementor-size-xxl{font-size:59px}<\/style><h2 class=\"elementor-heading-title elementor-size-default\"><a href=\"\/2023\/menu-neodent-caso-clinico\/\">Menu<\/a><\/h2>\t\t<\/div>\n\t\t\t\t<\/div>\n\t\t\t\t<div class=\"elementor-element elementor-element-6d6f6651 elementor-widget elementor-widget-heading\" data-id=\"6d6f6651\" data-element_type=\"widget\" data-widget_type=\"heading.default\">\n\t\t\t\t<div class=\"elementor-widget-container\">\n\t\t\t<h2 class=\"elementor-heading-title elementor-size-default\"><a href=\"\/2023\/menu-neodent-caso-clinico\/\">Neodent, Caso Cl\u00ednico<\/a><\/h2>\t\t<\/div>\n\t\t\t\t<\/div>\n\t\t\t\t\t<\/div>\n\t\t\t\t<\/div>\n\t\t<div class=\"elementor-element elementor-element-6d1de750 e-con-boxed e-flex e-con\" data-id=\"6d1de750\" data-element_type=\"container\" data-settings=\"{&quot;content_width&quot;:&quot;boxed&quot;}\">\n\t\t\t\t\t<div class=\"e-con-inner\">\n\t\t\t\t<div class=\"elementor-element elementor-element-1fd0e462 elementor-widget elementor-widget-heading\" data-id=\"1fd0e462\" data-element_type=\"widget\" data-widget_type=\"heading.default\">\n\t\t\t\t<div class=\"elementor-widget-container\">\n\t\t\t<h2 class=\"elementor-heading-title elementor-size-default\">Efeito da terapia de oxig\u00eanio t\u00f3pica associado ou n\u00e3o \u00e0 laserterapia na mucosite oral<\/h2>\t\t<\/div>\n\t\t\t\t<\/div>\n\t\t\t\t\t<\/div>\n\t\t\t\t<\/div>\n\t\t\t\t<div class=\"elementor-element elementor-element-290f5841 elementor-widget elementor-widget-text-editor\" data-id=\"290f5841\" data-element_type=\"widget\" data-widget_type=\"text-editor.default\">\n\t\t\t\t<div class=\"elementor-widget-container\">\n\t\t\t<style>\/*! elementor - v3.13.2 - 11-05-2023 *\/\n.elementor-widget-text-editor.elementor-drop-cap-view-stacked .elementor-drop-cap{background-color:#69727d;color:#fff}.elementor-widget-text-editor.elementor-drop-cap-view-framed .elementor-drop-cap{color:#69727d;border:3px solid;background-color:transparent}.elementor-widget-text-editor:not(.elementor-drop-cap-view-default) .elementor-drop-cap{margin-top:8px}.elementor-widget-text-editor:not(.elementor-drop-cap-view-default) .elementor-drop-cap-letter{width:1em;height:1em}.elementor-widget-text-editor .elementor-drop-cap{float:left;text-align:center;line-height:1;font-size:50px}.elementor-widget-text-editor .elementor-drop-cap-letter{display:inline-block}<\/style>\t\t\t\t<p><span style=\"color: #e8307c;\"><strong>ID Trabalho:<\/strong> 1108960<\/span><\/p><p><strong>Autores: <\/strong>Karolina\u00a0 Satie\u00a0 Takeshita (ILAPEO &#8211; Curitiba &#8211; PR &#8211; Brasil), Kleryo Antonilo Camara (ILAPEO &#8211; Curitiba &#8211; PR &#8211; Brasil), Tatiana Miranda Deliberador (ILAPEO &#8211; Curitiba &#8211; PR &#8211; Brasil)<\/p><p><strong>Institui\u00e7\u00f5es dos autores:<\/strong> ILAPEO &#8211; Curitiba &#8211; PR &#8211; Brasil<\/p><p>Oral \u00e9 um efeito colateral agudo do agente citot\u00f3xico no tratamento do c\u00e2ncer, particularmente grave de cabe\u00e7a e pesco\u00e7o submetidos \u00e0 radioterapia e quimioterapia. Ela est\u00e1 associada a dor, desnutri\u00e7\u00e3o, les\u00f5es bucais representando uma porta de entrada para infec\u00e7\u00f5es oportunistas e redu\u00e7\u00f5es significativas na qualidade de vida. Pacientes com mucosite grave geralmente requerem redu\u00e7\u00e3o de dose, atrasos no tratamento e hospitaliza\u00e7\u00e3o, o que pode comprometer potencialmente a resposta ao tratamento e aumentar a mortalidade. Al\u00e9m disso, a MO est\u00e1 associada ao curso insatisfat\u00f3rio do tratamento e maiores encargos financeiros.<\/p><p><strong>Relato do caso: <\/strong>Paciente do sexo m, de 40 anos, diagnosticado com Mieloma M\u00faltiplo, foi submetido ao tratamento de TMO. No condicionamento, foi utilizado o Melfalano, o que possibilitou a realiza\u00e7\u00e3o da Crioterapia, para prevenir a MO. O bochecho com o fluido oral da bluem foi utilizado desde o in\u00edcio do tratamento, juntamente com o laser. No 4\u00ba dia ap\u00f3s o transplante, o paciente come\u00e7ou os primeiros sinais de mucosite oral, que evoluindo gradativamente at\u00e9 o 10\u00ba dia. Nesse per\u00edodo, utilizamos o bochecho de 08 em 08 horas e tratamento de laser para o al\u00edvio imediato da dor, possibilitando a alimenta\u00e7\u00e3o di\u00e1ria, melhorando a qualidade de vida. No 12\u00ba dia, o paciente j\u00e1 apresenta as les\u00f5es cicatrizadas.<\/p><p><strong>Conclus\u00e3o ou considera\u00e7\u00f5es finais: <\/strong>Tivemos um aux\u00edlio no controle da MO com o fluido oral da bluem podendo contribuir com a cicatriza\u00e7\u00e3o r\u00e1pida das les\u00f5es, controle da infec\u00e7\u00e3o, tendo mais uma op\u00e7\u00e3o de tratamento, isolado ou associado ao laser.<\/p><p><strong>Discuss\u00e3o e conclus\u00f5es: &#8211;<\/strong><\/p><p><strong>Palavras chave: \u00a0&#8211;<\/strong><\/p>\t\t\t\t\t\t<\/div>\n\t\t\t\t<\/div>\n\t\t\t\t<div class=\"elementor-element elementor-element-13acfa2a elementor-widget elementor-widget-shortcode\" data-id=\"13acfa2a\" data-element_type=\"widget\" data-widget_type=\"shortcode.default\">\n\t\t\t\t<div class=\"elementor-widget-container\">\n\t\t\t\t\t<div class=\"elementor-shortcode\"><a href=\"javascript:history.back(1)\" target=\"_self\"><img decoding=\"async\" src=\"..\/wp-content\/uploads\/2023\/05\/bot-voltar.png\" widht=\"103\" height=\"28\" border=\"0\"><\/a> <\/div>\n\t\t\t\t<\/div>\n\t\t\t\t<\/div>\n\t\t\t\t<\/div>\n\t\t<div class=\"elementor-element elementor-element-320eea25 e-con-full e-flex e-con\" data-id=\"320eea25\" data-element_type=\"container\" data-settings=\"{&quot;content_width&quot;:&quot;full&quot;}\">\n\t\t\t\t<\/div>\n\t\t\t\t<\/div>\n\t\t\t\t\t\t\t<\/div>\n\t\t","protected":false},"excerpt":{"rendered":"<p>Menu Neodent, Caso Cl\u00ednico Efeito da terapia de oxig\u00eanio t\u00f3pica associado ou n\u00e3o \u00e0 laserterapia na mucosite oral ID Trabalho: 1108960 Autores: Karolina\u00a0 Satie\u00a0 Takeshita (ILAPEO<span class=\"excerpt-hellip\"> [\u2026]<\/span><\/p>\n","protected":false},"author":1,"featured_media":0,"parent":0,"menu_order":0,"comment_status":"closed","ping_status":"closed","template":"","meta":[],"_links":{"self":[{"href":"https:\/\/anaisneodentcongress.com.br\/2023\/wp-json\/wp\/v2\/pages\/1182"}],"collection":[{"href":"https:\/\/anaisneodentcongress.com.br\/2023\/wp-json\/wp\/v2\/pages"}],"about":[{"href":"https:\/\/anaisneodentcongress.com.br\/2023\/wp-json\/wp\/v2\/types\/page"}],"author":[{"embeddable":true,"href":"https:\/\/anaisneodentcongress.com.br\/2023\/wp-json\/wp\/v2\/users\/1"}],"replies":[{"embeddable":true,"href":"https:\/\/anaisneodentcongress.com.br\/2023\/wp-json\/wp\/v2\/comments?post=1182"}],"version-history":[{"count":7,"href":"https:\/\/anaisneodentcongress.com.br\/2023\/wp-json\/wp\/v2\/pages\/1182\/revisions"}],"predecessor-version":[{"id":1193,"href":"https:\/\/anaisneodentcongress.com.br\/2023\/wp-json\/wp\/v2\/pages\/1182\/revisions\/1193"}],"wp:attachment":[{"href":"https:\/\/anaisneodentcongress.com.br\/2023\/wp-json\/wp\/v2\/media?parent=1182"}],"curies":[{"name":"wp","href":"https:\/\/api.w.org\/{rel}","templated":true}]}}

Efeito da terapia de oxigênio tópica associado ou não à laserterapia na mucosite oral

<div data-elementor-type="wp-page" data-elementor-id="1182" class="elementor elementor-1182">
							<div class="elementor-element elementor-element-5830f5e3 e-con-full e-flex e-con" data-id="5830f5e3" data-element_type="container" data-settings="{&quot;content_width&quot;:&quot;full&quot;,&quot;background_background&quot;:&quot;classic&quot;}">
		<div class="elementor-element elementor-element-2ba5e2d7 e-con-full e-flex e-con" data-id="2ba5e2d7" data-element_type="container" data-settings="{&quot;content_width&quot;:&quot;full&quot;}">
				</div>
		<div class="elementor-element elementor-element-6e161e68 e-con-full e-flex e-con" data-id="6e161e68" data-element_type="container" data-settings="{&quot;content_width&quot;:&quot;full&quot;,&quot;background_background&quot;:&quot;classic&quot;}">
		<div class="elementor-element elementor-element-47c9d494 e-con-boxed e-flex e-con" data-id="47c9d494" data-element_type="container" data-settings="{&quot;content_width&quot;:&quot;boxed&quot;}">
					<div class="e-con-inner">
				<div class="elementor-element elementor-element-5cc42496 elementor-widget elementor-widget-heading" data-id="5cc42496" data-element_type="widget" data-widget_type="heading.default">
				<div class="elementor-widget-container">
			<style>/*! elementor - v3.13.2 - 11-05-2023 */
.elementor-heading-title{padding:0;margin:0;line-height:1}.elementor-widget-heading .elementor-heading-title[class*=elementor-size-]>a{color:inherit;font-size:inherit;line-height:inherit}.elementor-widget-heading .elementor-heading-title.elementor-size-small{font-size:15px}.elementor-widget-heading .elementor-heading-title.elementor-size-medium{font-size:19px}.elementor-widget-heading .elementor-heading-title.elementor-size-large{font-size:29px}.elementor-widget-heading .elementor-heading-title.elementor-size-xl{font-size:39px}.elementor-widget-heading .elementor-heading-title.elementor-size-xxl{font-size:59px}</style><h2 class="elementor-heading-title elementor-size-default"><a href="/2023/menu-neodent-caso-clinico/">Menu</a></h2>		</div>
				</div>
				<div class="elementor-element elementor-element-6d6f6651 elementor-widget elementor-widget-heading" data-id="6d6f6651" data-element_type="widget" data-widget_type="heading.default">
				<div class="elementor-widget-container">
			<h2 class="elementor-heading-title elementor-size-default"><a href="/2023/menu-neodent-caso-clinico/">Neodent, Caso Clínico</a></h2>		</div>
				</div>
					</div>
				</div>
		<div class="elementor-element elementor-element-6d1de750 e-con-boxed e-flex e-con" data-id="6d1de750" data-element_type="container" data-settings="{&quot;content_width&quot;:&quot;boxed&quot;}">
					<div class="e-con-inner">
				<div class="elementor-element elementor-element-1fd0e462 elementor-widget elementor-widget-heading" data-id="1fd0e462" data-element_type="widget" data-widget_type="heading.default">
				<div class="elementor-widget-container">
			<h2 class="elementor-heading-title elementor-size-default">Efeito da terapia de oxigênio tópica associado ou não à laserterapia na mucosite oral</h2>		</div>
				</div>
					</div>
				</div>
				<div class="elementor-element elementor-element-290f5841 elementor-widget elementor-widget-text-editor" data-id="290f5841" data-element_type="widget" data-widget_type="text-editor.default">
				<div class="elementor-widget-container">
			<style>/*! elementor - v3.13.2 - 11-05-2023 */
.elementor-widget-text-editor.elementor-drop-cap-view-stacked .elementor-drop-cap{background-color:#69727d;color:#fff}.elementor-widget-text-editor.elementor-drop-cap-view-framed .elementor-drop-cap{color:#69727d;border:3px solid;background-color:transparent}.elementor-widget-text-editor:not(.elementor-drop-cap-view-default) .elementor-drop-cap{margin-top:8px}.elementor-widget-text-editor:not(.elementor-drop-cap-view-default) .elementor-drop-cap-letter{width:1em;height:1em}.elementor-widget-text-editor .elementor-drop-cap{float:left;text-align:center;line-height:1;font-size:50px}.elementor-widget-text-editor .elementor-drop-cap-letter{display:inline-block}</style>				<p><span style="color: #e8307c;"><strong>ID Trabalho:</strong> 1108960</span></p><p><strong>Autores: </strong>Karolina  Satie  Takeshita (ILAPEO &#8211; Curitiba &#8211; PR &#8211; Brasil), Kleryo Antonilo Camara (ILAPEO &#8211; Curitiba &#8211; PR &#8211; Brasil), Tatiana Miranda Deliberador (ILAPEO &#8211; Curitiba &#8211; PR &#8211; Brasil)</p><p><strong>Instituições dos autores:</strong> ILAPEO &#8211; Curitiba &#8211; PR &#8211; Brasil</p><p>Oral é um efeito colateral agudo do agente citotóxico no tratamento do câncer, particularmente grave de cabeça e pescoço submetidos à radioterapia e quimioterapia. Ela está associada a dor, desnutrição, lesões bucais representando uma porta de entrada para infecções oportunistas e reduções significativas na qualidade de vida. Pacientes com mucosite grave geralmente requerem redução de dose, atrasos no tratamento e hospitalização, o que pode comprometer potencialmente a resposta ao tratamento e aumentar a mortalidade. Além disso, a MO está associada ao curso insatisfatório do tratamento e maiores encargos financeiros.</p><p><strong>Relato do caso: </strong>Paciente do sexo m, de 40 anos, diagnosticado com Mieloma Múltiplo, foi submetido ao tratamento de TMO. No condicionamento, foi utilizado o Melfalano, o que possibilitou a realização da Crioterapia, para prevenir a MO. O bochecho com o fluido oral da bluem foi utilizado desde o início do tratamento, juntamente com o laser. No 4º dia após o transplante, o paciente começou os primeiros sinais de mucosite oral, que evoluindo gradativamente até o 10º dia. Nesse período, utilizamos o bochecho de 08 em 08 horas e tratamento de laser para o alívio imediato da dor, possibilitando a alimentação diária, melhorando a qualidade de vida. No 12º dia, o paciente já apresenta as lesões cicatrizadas.</p><p><strong>Conclusão ou considerações finais: </strong>Tivemos um auxílio no controle da MO com o fluido oral da bluem podendo contribuir com a cicatrização rápida das lesões, controle da infecção, tendo mais uma opção de tratamento, isolado ou associado ao laser.</p><p><strong>Discussão e conclusões: &#8211;</strong></p><p><strong>Palavras chave:  &#8211;</strong></p>						</div>
				</div>
				<div class="elementor-element elementor-element-13acfa2a elementor-widget elementor-widget-shortcode" data-id="13acfa2a" data-element_type="widget" data-widget_type="shortcode.default">
				<div class="elementor-widget-container">
					<div class="elementor-shortcode"><a href="javascript:history.back(1)" target="_self"><img decoding="async" src="../wp-content/uploads/2023/05/bot-voltar.png" widht="103" height="28" border="0"></a> </div>
				</div>
				</div>
				</div>
		<div class="elementor-element elementor-element-320eea25 e-con-full e-flex e-con" data-id="320eea25" data-element_type="container" data-settings="{&quot;content_width&quot;:&quot;full&quot;}">
				</div>
				</div>
							</div>

<p>Menu Neodent, Caso Clínico Efeito da terapia de oxigênio tópica associado ou não à laserterapia na mucosite oral ID Trabalho: 1108960 Autores: Karolina  Satie  Takeshita (ILAPEO<span class="excerpt-hellip"> […]</span></p>
