{"id":1176,"date":"2023-05-12T17:01:25","date_gmt":"2023-05-12T20:01:25","guid":{"rendered":"https:\/\/anaisneodentcongress.com.br\/2023\/?page_id=1176"},"modified":"2023-05-17T16:54:13","modified_gmt":"2023-05-17T19:54:13","slug":"cirurgia-guiada-aumentando-a-previsibilidade-na-reabilitacao-de-arcos-totais","status":"publish","type":"page","link":"https:\/\/anaisneodentcongress.com.br\/2023\/cirurgia-guiada-aumentando-a-previsibilidade-na-reabilitacao-de-arcos-totais\/","title":{"rendered":"Cirurgia Guiada aumentando a previsibilidade na reabilita\u00e7\u00e3o de Arcos Totais"},"content":{"rendered":"\t\t<div data-elementor-type=\"wp-page\" data-elementor-id=\"1176\" class=\"elementor elementor-1176\">\n\t\t\t\t\t\t\t<div class=\"elementor-element elementor-element-22afd64d e-con-full e-flex e-con\" data-id=\"22afd64d\" data-element_type=\"container\" data-settings=\"{&quot;content_width&quot;:&quot;full&quot;,&quot;background_background&quot;:&quot;classic&quot;}\">\n\t\t<div class=\"elementor-element elementor-element-38ee4b11 e-con-full e-flex e-con\" data-id=\"38ee4b11\" data-element_type=\"container\" data-settings=\"{&quot;content_width&quot;:&quot;full&quot;}\">\n\t\t\t\t<\/div>\n\t\t<div class=\"elementor-element elementor-element-26c1fe4b e-con-full e-flex e-con\" data-id=\"26c1fe4b\" data-element_type=\"container\" data-settings=\"{&quot;content_width&quot;:&quot;full&quot;,&quot;background_background&quot;:&quot;classic&quot;}\">\n\t\t<div class=\"elementor-element elementor-element-3f28b4fb e-con-boxed e-flex e-con\" data-id=\"3f28b4fb\" data-element_type=\"container\" data-settings=\"{&quot;content_width&quot;:&quot;boxed&quot;}\">\n\t\t\t\t\t<div class=\"e-con-inner\">\n\t\t\t\t<div class=\"elementor-element elementor-element-2735d05 elementor-widget elementor-widget-heading\" data-id=\"2735d05\" data-element_type=\"widget\" data-widget_type=\"heading.default\">\n\t\t\t\t<div class=\"elementor-widget-container\">\n\t\t\t<style>\/*! elementor - v3.13.2 - 11-05-2023 *\/\n.elementor-heading-title{padding:0;margin:0;line-height:1}.elementor-widget-heading .elementor-heading-title[class*=elementor-size-]>a{color:inherit;font-size:inherit;line-height:inherit}.elementor-widget-heading .elementor-heading-title.elementor-size-small{font-size:15px}.elementor-widget-heading .elementor-heading-title.elementor-size-medium{font-size:19px}.elementor-widget-heading .elementor-heading-title.elementor-size-large{font-size:29px}.elementor-widget-heading .elementor-heading-title.elementor-size-xl{font-size:39px}.elementor-widget-heading .elementor-heading-title.elementor-size-xxl{font-size:59px}<\/style><h2 class=\"elementor-heading-title elementor-size-default\"><a href=\"\/2023\/menu-neodent-caso-clinico\/\">Menu<\/a><\/h2>\t\t<\/div>\n\t\t\t\t<\/div>\n\t\t\t\t<div class=\"elementor-element elementor-element-38d8fb3b elementor-widget elementor-widget-heading\" data-id=\"38d8fb3b\" data-element_type=\"widget\" data-widget_type=\"heading.default\">\n\t\t\t\t<div class=\"elementor-widget-container\">\n\t\t\t<h2 class=\"elementor-heading-title elementor-size-default\"><a href=\"\/2023\/menu-neodent-caso-clinico\/\">Neodent, Caso Cl\u00ednico<\/a><\/h2>\t\t<\/div>\n\t\t\t\t<\/div>\n\t\t\t\t\t<\/div>\n\t\t\t\t<\/div>\n\t\t<div class=\"elementor-element elementor-element-3149c558 e-con-boxed e-flex e-con\" data-id=\"3149c558\" data-element_type=\"container\" data-settings=\"{&quot;content_width&quot;:&quot;boxed&quot;}\">\n\t\t\t\t\t<div class=\"e-con-inner\">\n\t\t\t\t<div class=\"elementor-element elementor-element-70cdea6f elementor-widget elementor-widget-heading\" data-id=\"70cdea6f\" data-element_type=\"widget\" data-widget_type=\"heading.default\">\n\t\t\t\t<div class=\"elementor-widget-container\">\n\t\t\t<h2 class=\"elementor-heading-title elementor-size-default\">Cirurgia Guiada aumentando a previsibilidade na reabilita\u00e7\u00e3o de Arcos Totais<\/h2>\t\t<\/div>\n\t\t\t\t<\/div>\n\t\t\t\t\t<\/div>\n\t\t\t\t<\/div>\n\t\t\t\t<div class=\"elementor-element elementor-element-47ee503d elementor-widget elementor-widget-text-editor\" data-id=\"47ee503d\" data-element_type=\"widget\" data-widget_type=\"text-editor.default\">\n\t\t\t\t<div class=\"elementor-widget-container\">\n\t\t\t<style>\/*! elementor - v3.13.2 - 11-05-2023 *\/\n.elementor-widget-text-editor.elementor-drop-cap-view-stacked .elementor-drop-cap{background-color:#69727d;color:#fff}.elementor-widget-text-editor.elementor-drop-cap-view-framed .elementor-drop-cap{color:#69727d;border:3px solid;background-color:transparent}.elementor-widget-text-editor:not(.elementor-drop-cap-view-default) .elementor-drop-cap{margin-top:8px}.elementor-widget-text-editor:not(.elementor-drop-cap-view-default) .elementor-drop-cap-letter{width:1em;height:1em}.elementor-widget-text-editor .elementor-drop-cap{float:left;text-align:center;line-height:1;font-size:50px}.elementor-widget-text-editor .elementor-drop-cap-letter{display:inline-block}<\/style>\t\t\t\t<p><span style=\"color: #e8307c;\"><strong>ID Trabalho:<\/strong> 1108959<\/span><\/p><p><strong>Autores: <\/strong>Kleryo Antonilo\u00a0 Camara (ILAPEO &#8211; Curitiba &#8211; PR &#8211; Brasil), Karolina Satie\u00a0 Takeshita (ILAPEO &#8211; Curitiba &#8211; PR &#8211; Brasil), Carlos\u00a0 Stutz (ILAPEO &#8211; Curitiba &#8211; PR &#8211; Brasil), Elisa\u00a0 Sartori (ILAPEO &#8211; Curitiba &#8211; PR &#8211; Brasil), Ivete\u00a0 Sartori (ILAPEO &#8211; Curitiba &#8211; PR &#8211; Brasil), Tatiana\u00a0 Miranda Deliberador (ILAPEO &#8211; Curitiba &#8211; PR &#8211; Brasil)<\/p><p><strong>Institui\u00e7\u00f5es dos autores:<\/strong> ILAPEO &#8211; Curitiba &#8211; PR &#8211; Brasil<\/p><p><strong>Introdu\u00e7\u00e3o: <\/strong>A previsibilidade e seguran\u00e7a na instala\u00e7\u00e3o dos implantes, mesmo em regi\u00f5es com<\/p><p>pouco osso, se torna mais vi\u00e1vel atrav\u00e9s de um planejamento cir\u00fargico virtual e cirurgia<\/p><p>guiada.<\/p><p><strong>Relato do caso: <\/strong>O objetivo desse trabalho \u00e9 apresentar um caso cl\u00ednico de cirurgia guiada<\/p><p>utilizando o sistema Neodent Guided Surgery (NGS, Neodent, Brasil), com carga<\/p><p>imediata, em maxila ed\u00eantula com osso irregular e de pouca disponibilidade e densidade<\/p><p>\u00f3ssea. Paciente do sexo masculino, 70 anos, em tratamento no Ilapeo, ap\u00f3s o<\/p><p>planejamento reverso no fluxo anal\u00f3gico, foi submetido ao escaneamento intrabucal e<\/p><p>tomografia computadorizada para planejamento virtual e confec\u00e7\u00e3o do guia cir\u00fargico<\/p><p>(Software Co-Diagnostics, Dental Wings). Ap\u00f3s a prova e fixa\u00e7\u00e3o do guia, com 1<\/p><p>parafuso de enxerto no palato e 3 pinos estabilizadores na vestibular, foram instalados 6<\/p><p>implantes H\u00e9lix GM Acqua. Todos os implantes travaram com torque acima de 32N. A<\/p><p>cirurgia de instala\u00e7\u00e3o dos implantes, foi realizada flapless, um retalho foi aberto na<\/p><p>regi\u00e3o dos implantes 22 e 24 para regulariza\u00e7\u00e3o \u00f3ssea e enxertia com osso xen\u00f3geno<\/p><p>(Cerabone, Starumann). Ap\u00f3s sutura foi realizada moldagem para confec\u00e7\u00e3o da prot\u00e9se<\/p><p>h\u00edbrida definitiva.<\/p><p><strong>Conclus\u00e3o ou considera\u00e7\u00f5es finais: <\/strong>A cirurgia guiada torna o procedimento cir\u00fargico mais previs\u00edvel e seguro aumentando o sucesso das reabilita\u00e7\u00f5es em maxilas ed\u00eantulas com baixa<\/p><p>disponibilidade e densidade \u00f3ssea.<\/p><p><strong>Discuss\u00e3o e conclus\u00f5es: <\/strong><\/p><p><strong>Palavras chave: <\/strong>Cirurgia Guiada, Enxerto \u00f3sseo, Implante dent\u00e1rio<\/p>\t\t\t\t\t\t<\/div>\n\t\t\t\t<\/div>\n\t\t\t\t<div class=\"elementor-element elementor-element-631c74e3 elementor-widget elementor-widget-shortcode\" data-id=\"631c74e3\" data-element_type=\"widget\" data-widget_type=\"shortcode.default\">\n\t\t\t\t<div class=\"elementor-widget-container\">\n\t\t\t\t\t<div class=\"elementor-shortcode\"><a href=\"javascript:history.back(1)\" target=\"_self\"><img decoding=\"async\" src=\"..\/wp-content\/uploads\/2023\/05\/bot-voltar.png\" widht=\"103\" height=\"28\" border=\"0\"><\/a> <\/div>\n\t\t\t\t<\/div>\n\t\t\t\t<\/div>\n\t\t\t\t<\/div>\n\t\t<div class=\"elementor-element elementor-element-237c489e e-con-full e-flex e-con\" data-id=\"237c489e\" data-element_type=\"container\" data-settings=\"{&quot;content_width&quot;:&quot;full&quot;}\">\n\t\t\t\t<\/div>\n\t\t\t\t<\/div>\n\t\t\t\t\t\t\t<\/div>\n\t\t","protected":false},"excerpt":{"rendered":"<p>Menu Neodent, Caso Cl\u00ednico Cirurgia Guiada aumentando a previsibilidade na reabilita\u00e7\u00e3o de Arcos Totais ID Trabalho: 1108959 Autores: Kleryo Antonilo\u00a0 Camara (ILAPEO &#8211; Curitiba &#8211; PR<span class=\"excerpt-hellip\"> [\u2026]<\/span><\/p>\n","protected":false},"author":1,"featured_media":0,"parent":0,"menu_order":0,"comment_status":"closed","ping_status":"closed","template":"","meta":[],"_links":{"self":[{"href":"https:\/\/anaisneodentcongress.com.br\/2023\/wp-json\/wp\/v2\/pages\/1176"}],"collection":[{"href":"https:\/\/anaisneodentcongress.com.br\/2023\/wp-json\/wp\/v2\/pages"}],"about":[{"href":"https:\/\/anaisneodentcongress.com.br\/2023\/wp-json\/wp\/v2\/types\/page"}],"author":[{"embeddable":true,"href":"https:\/\/anaisneodentcongress.com.br\/2023\/wp-json\/wp\/v2\/users\/1"}],"replies":[{"embeddable":true,"href":"https:\/\/anaisneodentcongress.com.br\/2023\/wp-json\/wp\/v2\/comments?post=1176"}],"version-history":[{"count":7,"href":"https:\/\/anaisneodentcongress.com.br\/2023\/wp-json\/wp\/v2\/pages\/1176\/revisions"}],"predecessor-version":[{"id":1590,"href":"https:\/\/anaisneodentcongress.com.br\/2023\/wp-json\/wp\/v2\/pages\/1176\/revisions\/1590"}],"wp:attachment":[{"href":"https:\/\/anaisneodentcongress.com.br\/2023\/wp-json\/wp\/v2\/media?parent=1176"}],"curies":[{"name":"wp","href":"https:\/\/api.w.org\/{rel}","templated":true}]}}