{"id":1164,"date":"2023-05-12T16:59:42","date_gmt":"2023-05-12T19:59:42","guid":{"rendered":"https:\/\/anaisneodentcongress.com.br\/2023\/?page_id=1164"},"modified":"2023-05-12T17:00:26","modified_gmt":"2023-05-12T20:00:26","slug":"reabilitacao-de-incisivo-central-superior-com-base-de-titanio-angulada-relato-de-caso","status":"publish","type":"page","link":"https:\/\/anaisneodentcongress.com.br\/2023\/reabilitacao-de-incisivo-central-superior-com-base-de-titanio-angulada-relato-de-caso\/","title":{"rendered":"Reabilita\u00e7\u00e3o de incisivo central superior com base de tit\u00e2nio angulada: relato de caso"},"content":{"rendered":"\t\t<div data-elementor-type=\"wp-page\" data-elementor-id=\"1164\" class=\"elementor elementor-1164\">\n\t\t\t\t\t\t\t<div class=\"elementor-element elementor-element-74ca9937 e-con-full e-flex e-con\" data-id=\"74ca9937\" data-element_type=\"container\" data-settings=\"{&quot;content_width&quot;:&quot;full&quot;,&quot;background_background&quot;:&quot;classic&quot;}\">\n\t\t<div class=\"elementor-element elementor-element-5b83ab0b e-con-full e-flex e-con\" data-id=\"5b83ab0b\" data-element_type=\"container\" data-settings=\"{&quot;content_width&quot;:&quot;full&quot;}\">\n\t\t\t\t<\/div>\n\t\t<div class=\"elementor-element elementor-element-664d4402 e-con-full e-flex e-con\" data-id=\"664d4402\" data-element_type=\"container\" data-settings=\"{&quot;content_width&quot;:&quot;full&quot;,&quot;background_background&quot;:&quot;classic&quot;}\">\n\t\t<div class=\"elementor-element elementor-element-33151c2b e-con-boxed e-flex e-con\" data-id=\"33151c2b\" data-element_type=\"container\" data-settings=\"{&quot;content_width&quot;:&quot;boxed&quot;}\">\n\t\t\t\t\t<div class=\"e-con-inner\">\n\t\t\t\t<div class=\"elementor-element elementor-element-7fd73152 elementor-widget elementor-widget-heading\" data-id=\"7fd73152\" data-element_type=\"widget\" data-widget_type=\"heading.default\">\n\t\t\t\t<div class=\"elementor-widget-container\">\n\t\t\t<style>\/*! elementor - v3.13.2 - 11-05-2023 *\/\n.elementor-heading-title{padding:0;margin:0;line-height:1}.elementor-widget-heading .elementor-heading-title[class*=elementor-size-]>a{color:inherit;font-size:inherit;line-height:inherit}.elementor-widget-heading .elementor-heading-title.elementor-size-small{font-size:15px}.elementor-widget-heading .elementor-heading-title.elementor-size-medium{font-size:19px}.elementor-widget-heading .elementor-heading-title.elementor-size-large{font-size:29px}.elementor-widget-heading .elementor-heading-title.elementor-size-xl{font-size:39px}.elementor-widget-heading .elementor-heading-title.elementor-size-xxl{font-size:59px}<\/style><h2 class=\"elementor-heading-title elementor-size-default\"><a href=\"\/2023\/menu-neodent-caso-clinico\/\">Menu<\/a><\/h2>\t\t<\/div>\n\t\t\t\t<\/div>\n\t\t\t\t<div class=\"elementor-element elementor-element-2e68d418 elementor-widget elementor-widget-heading\" data-id=\"2e68d418\" data-element_type=\"widget\" data-widget_type=\"heading.default\">\n\t\t\t\t<div class=\"elementor-widget-container\">\n\t\t\t<h2 class=\"elementor-heading-title elementor-size-default\"><a href=\"\/2023\/menu-neodent-caso-clinico\/\">Neodent, Caso Cl\u00ednico<\/a><\/h2>\t\t<\/div>\n\t\t\t\t<\/div>\n\t\t\t\t\t<\/div>\n\t\t\t\t<\/div>\n\t\t<div class=\"elementor-element elementor-element-f9601c9 e-con-boxed e-flex e-con\" data-id=\"f9601c9\" data-element_type=\"container\" data-settings=\"{&quot;content_width&quot;:&quot;boxed&quot;}\">\n\t\t\t\t\t<div class=\"e-con-inner\">\n\t\t\t\t<div class=\"elementor-element elementor-element-7dffba9a elementor-widget elementor-widget-heading\" data-id=\"7dffba9a\" data-element_type=\"widget\" data-widget_type=\"heading.default\">\n\t\t\t\t<div class=\"elementor-widget-container\">\n\t\t\t<h2 class=\"elementor-heading-title elementor-size-default\">Reabilita\u00e7\u00e3o de incisivo central superior com base de tit\u00e2nio angulada: relato de caso<\/h2>\t\t<\/div>\n\t\t\t\t<\/div>\n\t\t\t\t\t<\/div>\n\t\t\t\t<\/div>\n\t\t\t\t<div class=\"elementor-element elementor-element-7c921f82 elementor-widget elementor-widget-text-editor\" data-id=\"7c921f82\" data-element_type=\"widget\" data-widget_type=\"text-editor.default\">\n\t\t\t\t<div class=\"elementor-widget-container\">\n\t\t\t<style>\/*! elementor - v3.13.2 - 11-05-2023 *\/\n.elementor-widget-text-editor.elementor-drop-cap-view-stacked .elementor-drop-cap{background-color:#69727d;color:#fff}.elementor-widget-text-editor.elementor-drop-cap-view-framed .elementor-drop-cap{color:#69727d;border:3px solid;background-color:transparent}.elementor-widget-text-editor:not(.elementor-drop-cap-view-default) .elementor-drop-cap{margin-top:8px}.elementor-widget-text-editor:not(.elementor-drop-cap-view-default) .elementor-drop-cap-letter{width:1em;height:1em}.elementor-widget-text-editor .elementor-drop-cap{float:left;text-align:center;line-height:1;font-size:50px}.elementor-widget-text-editor .elementor-drop-cap-letter{display:inline-block}<\/style>\t\t\t\t<p><span style=\"color: #e8307c;\"><strong>ID Trabalho:<\/strong> 1108954<\/span><\/p><p><strong>Autores: <\/strong>Ain Yamazaki (Universidade do Estado do Rio de Janeiro &#8211; Rio de Janeiro &#8211; RJ &#8211; Brasil), Juliana da Silva Neves (Universidade do Estado do Rio de Janeiro &#8211; Rio de Janeiro &#8211; RJ &#8211; Brasil), Eduardo Jos\u00e9\u00a0 Veras Louren\u00e7o (Universidade do Estado do Rio de Janeiro &#8211; Rio de Janeiro &#8211; RJ &#8211; Brasil), Mario Roberto Moraes Junior (SobreImplantes &#8211; Rio de Janeiro &#8211; RJ &#8211; Brasil), Andr\u00e9 Daniel Miranda Neto (SobreImplantes &#8211; Rio de Janeiro &#8211; RJ &#8211; Brasil), Alexandre Marques Paes\u00a0 Silva (Universidade do Estado do Rio de Janeiro &#8211; Rio de Janeiro &#8211; RJ &#8211; Brasil)<\/p><p><strong>Institui\u00e7\u00f5es dos autores:<\/strong> SobreImplantes &#8211; Rio de Janeiro &#8211; RJ &#8211; Brasil,Universidade do Estado do Rio de Janeiro &#8211; Rio de Janeiro &#8211; RJ &#8211; Brasil<\/p><p><strong>Introdu\u00e7\u00e3o: <\/strong>A substitui\u00e7\u00e3o de um incisivo central superior por um implante \u00e9 um caso esteticamente desafiador. Portanto, a escolha do componente prot\u00e9tico adequado, se faz necess\u00e1ria para obter um resultado satisfat\u00f3rio (CAAE: 00698318.0.0000.5291).<\/p><p><strong>Relato do caso: <\/strong>Homem, 34 anos, com hist\u00f3rico de trauma no dente 11. Clinicamente observou-se inflama\u00e7\u00e3o gengival e na radiografia, reabsor\u00e7\u00e3o radicular. Na tomografia, visualizou-se comunica\u00e7\u00e3o com o periodonto indicando a exodontia, que foi minimamente invasiva para preserva\u00e7\u00e3o dos tecidos. Um implante GM Helix 4.3x16mm foi instalado com torque de inser\u00e7\u00e3o de 32N\/cm\u00b3 e a provis\u00f3ria foi confeccionada sobre um munh\u00e3o universal GM 3.3x6x3.5mm. O alv\u00e9olo foi preenchido com biomaterial seguido de enxerto de tecido conjuntivo. Nas revis\u00f5es, foram executados ajustes na provis\u00f3ria e decidiu-se trocar o componente prot\u00e9tico. Foi escolhida a base de tit\u00e2nio angulada 4.0x6x2.5mm para confec\u00e7\u00e3o da coroa definitiva parafusada (zirc\u00f4nia). Ap\u00f3s moldagem, foram necess\u00e1rias 2 consultas para prova e a coroa cer\u00e2mica foi finalizada sem preju\u00edzo pela troca do componente e com melhor anatomia final visto que o novo componente permitiu uma morfologia mais natural da face palatina.<\/p><p><strong>Conclus\u00e3o ou considera\u00e7\u00f5es finais: <\/strong>Apesar da praticidade do uso do munh\u00e3o universal para casos de provisionaliza\u00e7\u00e3o imediata, a base de tit\u00e2nio angulada usada neste caso, permitiu a realiza\u00e7\u00e3o de uma coroa definitiva parafusada, que apresenta como vantagem, a reversibilidade.<\/p><p><strong>Discuss\u00e3o e conclus\u00f5es: &#8211;<\/strong><\/p><p><strong>Palavras chave: \u00a0&#8211;<\/strong><\/p>\t\t\t\t\t\t<\/div>\n\t\t\t\t<\/div>\n\t\t\t\t<div class=\"elementor-element elementor-element-735917b0 elementor-widget elementor-widget-shortcode\" data-id=\"735917b0\" data-element_type=\"widget\" data-widget_type=\"shortcode.default\">\n\t\t\t\t<div class=\"elementor-widget-container\">\n\t\t\t\t\t<div class=\"elementor-shortcode\"><a href=\"javascript:history.back(1)\" target=\"_self\"><img decoding=\"async\" src=\"..\/wp-content\/uploads\/2023\/05\/bot-voltar.png\" widht=\"103\" height=\"28\" border=\"0\"><\/a> <\/div>\n\t\t\t\t<\/div>\n\t\t\t\t<\/div>\n\t\t\t\t<\/div>\n\t\t<div class=\"elementor-element elementor-element-228501a9 e-con-full e-flex e-con\" data-id=\"228501a9\" data-element_type=\"container\" data-settings=\"{&quot;content_width&quot;:&quot;full&quot;}\">\n\t\t\t\t<\/div>\n\t\t\t\t<\/div>\n\t\t\t\t\t\t\t<\/div>\n\t\t","protected":false},"excerpt":{"rendered":"<p>Menu Neodent, Caso Cl\u00ednico Reabilita\u00e7\u00e3o de incisivo central superior com base de tit\u00e2nio angulada: relato de caso ID Trabalho: 1108954 Autores: Ain Yamazaki (Universidade do Estado<span class=\"excerpt-hellip\"> [\u2026]<\/span><\/p>\n","protected":false},"author":1,"featured_media":0,"parent":0,"menu_order":0,"comment_status":"closed","ping_status":"closed","template":"","meta":[],"_links":{"self":[{"href":"https:\/\/anaisneodentcongress.com.br\/2023\/wp-json\/wp\/v2\/pages\/1164"}],"collection":[{"href":"https:\/\/anaisneodentcongress.com.br\/2023\/wp-json\/wp\/v2\/pages"}],"about":[{"href":"https:\/\/anaisneodentcongress.com.br\/2023\/wp-json\/wp\/v2\/types\/page"}],"author":[{"embeddable":true,"href":"https:\/\/anaisneodentcongress.com.br\/2023\/wp-json\/wp\/v2\/users\/1"}],"replies":[{"embeddable":true,"href":"https:\/\/anaisneodentcongress.com.br\/2023\/wp-json\/wp\/v2\/comments?post=1164"}],"version-history":[{"count":7,"href":"https:\/\/anaisneodentcongress.com.br\/2023\/wp-json\/wp\/v2\/pages\/1164\/revisions"}],"predecessor-version":[{"id":1172,"href":"https:\/\/anaisneodentcongress.com.br\/2023\/wp-json\/wp\/v2\/pages\/1164\/revisions\/1172"}],"wp:attachment":[{"href":"https:\/\/anaisneodentcongress.com.br\/2023\/wp-json\/wp\/v2\/media?parent=1164"}],"curies":[{"name":"wp","href":"https:\/\/api.w.org\/{rel}","templated":true}]}}