{"id":1155,"date":"2023-05-12T16:57:55","date_gmt":"2023-05-12T19:57:55","guid":{"rendered":"https:\/\/anaisneodentcongress.com.br\/2023\/?page_id=1155"},"modified":"2023-05-12T16:58:44","modified_gmt":"2023-05-12T19:58:44","slug":"osteotomia-nas-cirurgias-de-arco-total-como-quando-porque-relato-de-caso","status":"publish","type":"page","link":"https:\/\/anaisneodentcongress.com.br\/2023\/osteotomia-nas-cirurgias-de-arco-total-como-quando-porque-relato-de-caso\/","title":{"rendered":"Osteotomia nas Cirurgias de Arco Total: Como? Quando? Porque?: Relato de Caso"},"content":{"rendered":"\t\t<div data-elementor-type=\"wp-page\" data-elementor-id=\"1155\" class=\"elementor elementor-1155\">\n\t\t\t\t\t\t\t<div class=\"elementor-element elementor-element-5fd0a497 e-con-full e-flex e-con\" data-id=\"5fd0a497\" data-element_type=\"container\" data-settings=\"{&quot;content_width&quot;:&quot;full&quot;,&quot;background_background&quot;:&quot;classic&quot;}\">\n\t\t<div class=\"elementor-element elementor-element-2edd07a0 e-con-full e-flex e-con\" data-id=\"2edd07a0\" data-element_type=\"container\" data-settings=\"{&quot;content_width&quot;:&quot;full&quot;}\">\n\t\t\t\t<\/div>\n\t\t<div class=\"elementor-element elementor-element-6619bb30 e-con-full e-flex e-con\" data-id=\"6619bb30\" data-element_type=\"container\" data-settings=\"{&quot;content_width&quot;:&quot;full&quot;,&quot;background_background&quot;:&quot;classic&quot;}\">\n\t\t<div class=\"elementor-element elementor-element-399f795c e-con-boxed e-flex e-con\" data-id=\"399f795c\" data-element_type=\"container\" data-settings=\"{&quot;content_width&quot;:&quot;boxed&quot;}\">\n\t\t\t\t\t<div class=\"e-con-inner\">\n\t\t\t\t<div class=\"elementor-element elementor-element-4dede0b3 elementor-widget elementor-widget-heading\" data-id=\"4dede0b3\" data-element_type=\"widget\" data-widget_type=\"heading.default\">\n\t\t\t\t<div class=\"elementor-widget-container\">\n\t\t\t<style>\/*! elementor - v3.13.2 - 11-05-2023 *\/\n.elementor-heading-title{padding:0;margin:0;line-height:1}.elementor-widget-heading .elementor-heading-title[class*=elementor-size-]>a{color:inherit;font-size:inherit;line-height:inherit}.elementor-widget-heading .elementor-heading-title.elementor-size-small{font-size:15px}.elementor-widget-heading .elementor-heading-title.elementor-size-medium{font-size:19px}.elementor-widget-heading .elementor-heading-title.elementor-size-large{font-size:29px}.elementor-widget-heading .elementor-heading-title.elementor-size-xl{font-size:39px}.elementor-widget-heading .elementor-heading-title.elementor-size-xxl{font-size:59px}<\/style><h2 class=\"elementor-heading-title elementor-size-default\"><a href=\"\/2023\/menu-neodent-caso-clinico\/\">Menu<\/a><\/h2>\t\t<\/div>\n\t\t\t\t<\/div>\n\t\t\t\t<div class=\"elementor-element elementor-element-438a53ff elementor-widget elementor-widget-heading\" data-id=\"438a53ff\" data-element_type=\"widget\" data-widget_type=\"heading.default\">\n\t\t\t\t<div class=\"elementor-widget-container\">\n\t\t\t<h2 class=\"elementor-heading-title elementor-size-default\"><a href=\"\/2023\/menu-neodent-caso-clinico\/\">Neodent, Caso Cl\u00ednico<\/a><\/h2>\t\t<\/div>\n\t\t\t\t<\/div>\n\t\t\t\t\t<\/div>\n\t\t\t\t<\/div>\n\t\t<div class=\"elementor-element elementor-element-180973de e-con-boxed e-flex e-con\" data-id=\"180973de\" data-element_type=\"container\" data-settings=\"{&quot;content_width&quot;:&quot;boxed&quot;}\">\n\t\t\t\t\t<div class=\"e-con-inner\">\n\t\t\t\t<div class=\"elementor-element elementor-element-1c5cb9c2 elementor-widget elementor-widget-heading\" data-id=\"1c5cb9c2\" data-element_type=\"widget\" data-widget_type=\"heading.default\">\n\t\t\t\t<div class=\"elementor-widget-container\">\n\t\t\t<h2 class=\"elementor-heading-title elementor-size-default\">Osteotomia nas Cirurgias de Arco Total: Como? Quando? Porque?: Relato de Caso<\/h2>\t\t<\/div>\n\t\t\t\t<\/div>\n\t\t\t\t\t<\/div>\n\t\t\t\t<\/div>\n\t\t\t\t<div class=\"elementor-element elementor-element-43d7f1bf elementor-widget elementor-widget-text-editor\" data-id=\"43d7f1bf\" data-element_type=\"widget\" data-widget_type=\"text-editor.default\">\n\t\t\t\t<div class=\"elementor-widget-container\">\n\t\t\t<style>\/*! elementor - v3.13.2 - 11-05-2023 *\/\n.elementor-widget-text-editor.elementor-drop-cap-view-stacked .elementor-drop-cap{background-color:#69727d;color:#fff}.elementor-widget-text-editor.elementor-drop-cap-view-framed .elementor-drop-cap{color:#69727d;border:3px solid;background-color:transparent}.elementor-widget-text-editor:not(.elementor-drop-cap-view-default) .elementor-drop-cap{margin-top:8px}.elementor-widget-text-editor:not(.elementor-drop-cap-view-default) .elementor-drop-cap-letter{width:1em;height:1em}.elementor-widget-text-editor .elementor-drop-cap{float:left;text-align:center;line-height:1;font-size:50px}.elementor-widget-text-editor .elementor-drop-cap-letter{display:inline-block}<\/style>\t\t\t\t<p><span style=\"color: #e8307c;\"><strong>ID Trabalho:<\/strong> 1108953<\/span><\/p><p><strong>Autores: <\/strong>Gustavo Fazzano (Faculdade Ilapeo &#8211; Curitiba &#8211; PR &#8211; Brasil), Erika Romanini (Faculdade Ilapeo &#8211; Curitiba &#8211; PR &#8211; Brasil)<\/p><p><strong>Institui\u00e7\u00f5es dos autores:<\/strong> Faculdade Ilapeo &#8211; Curitiba &#8211; PR &#8211; Brasil<\/p><p><strong>Introdu\u00e7\u00e3o: <\/strong>Descrito como uma condi\u00e7\u00e3o irrevers\u00edvel e debilitante, o edentulismo \u00e9 encontrado em diferentes taxas de preval\u00eancia,sendo mais frequentemente presente em popula\u00e7\u00f5es mais velhas.Pacientes estes que podem ser reabilitados com pr\u00f3teses mucossuportadas, overdentures ou implantossuportadas com taxas de sucesso pr\u00f3ximas a 100 %.<\/p><p><strong>Relato do caso: <\/strong>Paciente masculino (54),com queixa de dificuldade de uso da pr\u00f3tese total superior, baixa autoestima e com o desejo de realizar reabilita\u00e7\u00e3o fixa. Observou-se edentulismo na maxila e comprometimento periodontal nos remanescentes inferiores.Para obter uma correta refer\u00eancia est\u00e9tica e funcional,bem como a altura da osteotomia necess\u00e1ria, iniciou-se o planejamento reverso. Reabilita\u00e7\u00e3o inferior atrav\u00e9s de exodontias dos remanescentes,criteriosa osteotomia e regulariza\u00e7\u00e3o do rebordo foi realizada,juntamente com PT superior. 4 implantes Helix GM distribu\u00eddos no arco orientados pelo uso do guia multifuncional foram instalados e minipilares adaptados.Carga imediata foi realizada ap\u00f3s 72 horas da cirurgia. Nas interven\u00e7\u00f5es em maxila a osteotomia previa obtida atrav\u00e9s do planejamento reverso, tornava-se condi\u00e7\u00e3o primordial para a reabilita\u00e7\u00e3o,medida esta transferida para o rebordo por meio de perfura\u00e7\u00f5es no tecido mucoso e \u00f3sseo transferindo a marca\u00e7\u00e3o para o rebordo. 4 implantes Helix GM foram instalados em ossos de baixa densidade. Reabertura, moldagem e instala\u00e7\u00e3o da pr\u00f3tese superior implantossuportada foi realizada ap\u00f3s 4 meses.<\/p><p><strong>Conclus\u00e3o ou considera\u00e7\u00f5es finais: <\/strong>Reabilitar arcos totais \u00e9 desafiador. Entender o tipo de pr\u00f3tese poss\u00edvel de ser executada, considerando suas caracter\u00edsticas e limita\u00e7\u00f5es anat\u00f4micas bem como as expectativas,torna o procedimento assertivo e previs\u00edvel.Planejamento reverso prot\u00e9tico\/cir\u00fargico criterioso \u00e9 indispens\u00e1vel, pois quando bem executado,possibilita reabilita\u00e7\u00f5es com maior qualidade e longevidade.<\/p><p><strong>Discuss\u00e3o e conclus\u00f5es: &#8211;<\/strong><\/p><p><strong>Palavras chave: \u00a0&#8211;<\/strong><\/p>\t\t\t\t\t\t<\/div>\n\t\t\t\t<\/div>\n\t\t\t\t<div class=\"elementor-element elementor-element-5642f9c7 elementor-widget elementor-widget-shortcode\" data-id=\"5642f9c7\" data-element_type=\"widget\" data-widget_type=\"shortcode.default\">\n\t\t\t\t<div class=\"elementor-widget-container\">\n\t\t\t\t\t<div class=\"elementor-shortcode\"><a href=\"javascript:history.back(1)\" target=\"_self\"><img decoding=\"async\" src=\"..\/wp-content\/uploads\/2023\/05\/bot-voltar.png\" widht=\"103\" height=\"28\" border=\"0\"><\/a> <\/div>\n\t\t\t\t<\/div>\n\t\t\t\t<\/div>\n\t\t\t\t<\/div>\n\t\t<div class=\"elementor-element elementor-element-25b0a43d e-con-full e-flex e-con\" data-id=\"25b0a43d\" data-element_type=\"container\" data-settings=\"{&quot;content_width&quot;:&quot;full&quot;}\">\n\t\t\t\t<\/div>\n\t\t\t\t<\/div>\n\t\t\t\t\t\t\t<\/div>\n\t\t","protected":false},"excerpt":{"rendered":"<p>Menu Neodent, Caso Cl\u00ednico Osteotomia nas Cirurgias de Arco Total: Como? Quando? Porque?: Relato de Caso ID Trabalho: 1108953 Autores: Gustavo Fazzano (Faculdade Ilapeo &#8211; Curitiba<span class=\"excerpt-hellip\"> [\u2026]<\/span><\/p>\n","protected":false},"author":1,"featured_media":0,"parent":0,"menu_order":0,"comment_status":"closed","ping_status":"closed","template":"","meta":[],"_links":{"self":[{"href":"https:\/\/anaisneodentcongress.com.br\/2023\/wp-json\/wp\/v2\/pages\/1155"}],"collection":[{"href":"https:\/\/anaisneodentcongress.com.br\/2023\/wp-json\/wp\/v2\/pages"}],"about":[{"href":"https:\/\/anaisneodentcongress.com.br\/2023\/wp-json\/wp\/v2\/types\/page"}],"author":[{"embeddable":true,"href":"https:\/\/anaisneodentcongress.com.br\/2023\/wp-json\/wp\/v2\/users\/1"}],"replies":[{"embeddable":true,"href":"https:\/\/anaisneodentcongress.com.br\/2023\/wp-json\/wp\/v2\/comments?post=1155"}],"version-history":[{"count":4,"href":"https:\/\/anaisneodentcongress.com.br\/2023\/wp-json\/wp\/v2\/pages\/1155\/revisions"}],"predecessor-version":[{"id":1160,"href":"https:\/\/anaisneodentcongress.com.br\/2023\/wp-json\/wp\/v2\/pages\/1155\/revisions\/1160"}],"wp:attachment":[{"href":"https:\/\/anaisneodentcongress.com.br\/2023\/wp-json\/wp\/v2\/media?parent=1155"}],"curies":[{"name":"wp","href":"https:\/\/api.w.org\/{rel}","templated":true}]}}

<div data-elementor-type="wp-page" data-elementor-id="1155" class="elementor elementor-1155">
							<div class="elementor-element elementor-element-5fd0a497 e-con-full e-flex e-con" data-id="5fd0a497" data-element_type="container" data-settings="{&quot;content_width&quot;:&quot;full&quot;,&quot;background_background&quot;:&quot;classic&quot;}">
		<div class="elementor-element elementor-element-2edd07a0 e-con-full e-flex e-con" data-id="2edd07a0" data-element_type="container" data-settings="{&quot;content_width&quot;:&quot;full&quot;}">
				</div>
		<div class="elementor-element elementor-element-6619bb30 e-con-full e-flex e-con" data-id="6619bb30" data-element_type="container" data-settings="{&quot;content_width&quot;:&quot;full&quot;,&quot;background_background&quot;:&quot;classic&quot;}">
		<div class="elementor-element elementor-element-399f795c e-con-boxed e-flex e-con" data-id="399f795c" data-element_type="container" data-settings="{&quot;content_width&quot;:&quot;boxed&quot;}">
					<div class="e-con-inner">
				<div class="elementor-element elementor-element-4dede0b3 elementor-widget elementor-widget-heading" data-id="4dede0b3" data-element_type="widget" data-widget_type="heading.default">
				<div class="elementor-widget-container">
			<style>/*! elementor - v3.13.2 - 11-05-2023 */
.elementor-heading-title{padding:0;margin:0;line-height:1}.elementor-widget-heading .elementor-heading-title[class*=elementor-size-]>a{color:inherit;font-size:inherit;line-height:inherit}.elementor-widget-heading .elementor-heading-title.elementor-size-small{font-size:15px}.elementor-widget-heading .elementor-heading-title.elementor-size-medium{font-size:19px}.elementor-widget-heading .elementor-heading-title.elementor-size-large{font-size:29px}.elementor-widget-heading .elementor-heading-title.elementor-size-xl{font-size:39px}.elementor-widget-heading .elementor-heading-title.elementor-size-xxl{font-size:59px}</style><h2 class="elementor-heading-title elementor-size-default"><a href="/2023/menu-neodent-caso-clinico/">Menu</a></h2>		</div>
				</div>
				<div class="elementor-element elementor-element-438a53ff elementor-widget elementor-widget-heading" data-id="438a53ff" data-element_type="widget" data-widget_type="heading.default">
				<div class="elementor-widget-container">
			<h2 class="elementor-heading-title elementor-size-default"><a href="/2023/menu-neodent-caso-clinico/">Neodent, Caso Clínico</a></h2>		</div>
				</div>
					</div>
				</div>
		<div class="elementor-element elementor-element-180973de e-con-boxed e-flex e-con" data-id="180973de" data-element_type="container" data-settings="{&quot;content_width&quot;:&quot;boxed&quot;}">
					<div class="e-con-inner">
				<div class="elementor-element elementor-element-1c5cb9c2 elementor-widget elementor-widget-heading" data-id="1c5cb9c2" data-element_type="widget" data-widget_type="heading.default">
				<div class="elementor-widget-container">
			<h2 class="elementor-heading-title elementor-size-default">Osteotomia nas Cirurgias de Arco Total: Como? Quando? Porque?: Relato de Caso</h2>		</div>
				</div>
					</div>
				</div>
				<div class="elementor-element elementor-element-43d7f1bf elementor-widget elementor-widget-text-editor" data-id="43d7f1bf" data-element_type="widget" data-widget_type="text-editor.default">
				<div class="elementor-widget-container">
			<style>/*! elementor - v3.13.2 - 11-05-2023 */
.elementor-widget-text-editor.elementor-drop-cap-view-stacked .elementor-drop-cap{background-color:#69727d;color:#fff}.elementor-widget-text-editor.elementor-drop-cap-view-framed .elementor-drop-cap{color:#69727d;border:3px solid;background-color:transparent}.elementor-widget-text-editor:not(.elementor-drop-cap-view-default) .elementor-drop-cap{margin-top:8px}.elementor-widget-text-editor:not(.elementor-drop-cap-view-default) .elementor-drop-cap-letter{width:1em;height:1em}.elementor-widget-text-editor .elementor-drop-cap{float:left;text-align:center;line-height:1;font-size:50px}.elementor-widget-text-editor .elementor-drop-cap-letter{display:inline-block}</style>				<p><span style="color: #e8307c;"><strong>ID Trabalho:</strong> 1108953</span></p><p><strong>Autores: </strong>Gustavo Fazzano (Faculdade Ilapeo &#8211; Curitiba &#8211; PR &#8211; Brasil), Erika Romanini (Faculdade Ilapeo &#8211; Curitiba &#8211; PR &#8211; Brasil)</p><p><strong>Instituições dos autores:</strong> Faculdade Ilapeo &#8211; Curitiba &#8211; PR &#8211; Brasil</p><p><strong>Introdução: </strong>Descrito como uma condição irreversível e debilitante, o edentulismo é encontrado em diferentes taxas de prevalência,sendo mais frequentemente presente em populações mais velhas.Pacientes estes que podem ser reabilitados com próteses mucossuportadas, overdentures ou implantossuportadas com taxas de sucesso próximas a 100 %.</p><p><strong>Relato do caso: </strong>Paciente masculino (54),com queixa de dificuldade de uso da prótese total superior, baixa autoestima e com o desejo de realizar reabilitação fixa. Observou-se edentulismo na maxila e comprometimento periodontal nos remanescentes inferiores.Para obter uma correta referência estética e funcional,bem como a altura da osteotomia necessária, iniciou-se o planejamento reverso. Reabilitação inferior através de exodontias dos remanescentes,criteriosa osteotomia e regularização do rebordo foi realizada,juntamente com PT superior. 4 implantes Helix GM distribuídos no arco orientados pelo uso do guia multifuncional foram instalados e minipilares adaptados.Carga imediata foi realizada após 72 horas da cirurgia. Nas intervenções em maxila a osteotomia previa obtida através do planejamento reverso, tornava-se condição primordial para a reabilitação,medida esta transferida para o rebordo por meio de perfurações no tecido mucoso e ósseo transferindo a marcação para o rebordo. 4 implantes Helix GM foram instalados em ossos de baixa densidade. Reabertura, moldagem e instalação da prótese superior implantossuportada foi realizada após 4 meses.</p><p><strong>Conclusão ou considerações finais: </strong>Reabilitar arcos totais é desafiador. Entender o tipo de prótese possível de ser executada, considerando suas características e limitações anatômicas bem como as expectativas,torna o procedimento assertivo e previsível.Planejamento reverso protético/cirúrgico criterioso é indispensável, pois quando bem executado,possibilita reabilitações com maior qualidade e longevidade.</p><p><strong>Discussão e conclusões: &#8211;</strong></p><p><strong>Palavras chave:  &#8211;</strong></p>						</div>
				</div>
				<div class="elementor-element elementor-element-5642f9c7 elementor-widget elementor-widget-shortcode" data-id="5642f9c7" data-element_type="widget" data-widget_type="shortcode.default">
				<div class="elementor-widget-container">
					<div class="elementor-shortcode"><a href="javascript:history.back(1)" target="_self"><img decoding="async" src="../wp-content/uploads/2023/05/bot-voltar.png" widht="103" height="28" border="0"></a> </div>
				</div>
				</div>
				</div>
		<div class="elementor-element elementor-element-25b0a43d e-con-full e-flex e-con" data-id="25b0a43d" data-element_type="container" data-settings="{&quot;content_width&quot;:&quot;full&quot;}">
				</div>
				</div>
							</div>

<p>Menu Neodent, Caso Clínico Osteotomia nas Cirurgias de Arco Total: Como? Quando? Porque?: Relato de Caso ID Trabalho: 1108953 Autores: Gustavo Fazzano (Faculdade Ilapeo &#8211; Curitiba<span class="excerpt-hellip"> […]</span></p>
