{"id":1140,"date":"2023-05-12T16:56:12","date_gmt":"2023-05-12T19:56:12","guid":{"rendered":"https:\/\/anaisneodentcongress.com.br\/2023\/?page_id=1140"},"modified":"2023-05-12T16:56:59","modified_gmt":"2023-05-12T19:56:59","slug":"trauma-dental-e-anquilose-x-reabilitacao-com-implante-e-reconstrucao-em-area-estetica","status":"publish","type":"page","link":"https:\/\/anaisneodentcongress.com.br\/2023\/trauma-dental-e-anquilose-x-reabilitacao-com-implante-e-reconstrucao-em-area-estetica\/","title":{"rendered":"Trauma dental e anquilose x reabilita\u00e7\u00e3o com implante e reconstru\u00e7\u00e3o em \u00e1rea est\u00e9tica"},"content":{"rendered":"\t\t<div data-elementor-type=\"wp-page\" data-elementor-id=\"1140\" class=\"elementor elementor-1140\">\n\t\t\t\t\t\t\t<div class=\"elementor-element elementor-element-68454d3c e-con-full e-flex e-con\" data-id=\"68454d3c\" data-element_type=\"container\" data-settings=\"{&quot;content_width&quot;:&quot;full&quot;,&quot;background_background&quot;:&quot;classic&quot;}\">\n\t\t<div class=\"elementor-element elementor-element-bc2b73c e-con-full e-flex e-con\" data-id=\"bc2b73c\" data-element_type=\"container\" data-settings=\"{&quot;content_width&quot;:&quot;full&quot;}\">\n\t\t\t\t<\/div>\n\t\t<div class=\"elementor-element elementor-element-37f41394 e-con-full e-flex e-con\" data-id=\"37f41394\" data-element_type=\"container\" data-settings=\"{&quot;content_width&quot;:&quot;full&quot;,&quot;background_background&quot;:&quot;classic&quot;}\">\n\t\t<div class=\"elementor-element elementor-element-48b0c540 e-con-boxed e-flex e-con\" data-id=\"48b0c540\" data-element_type=\"container\" data-settings=\"{&quot;content_width&quot;:&quot;boxed&quot;}\">\n\t\t\t\t\t<div class=\"e-con-inner\">\n\t\t\t\t<div class=\"elementor-element elementor-element-341ab16f elementor-widget elementor-widget-heading\" data-id=\"341ab16f\" data-element_type=\"widget\" data-widget_type=\"heading.default\">\n\t\t\t\t<div class=\"elementor-widget-container\">\n\t\t\t<style>\/*! elementor - v3.13.2 - 11-05-2023 *\/\n.elementor-heading-title{padding:0;margin:0;line-height:1}.elementor-widget-heading .elementor-heading-title[class*=elementor-size-]>a{color:inherit;font-size:inherit;line-height:inherit}.elementor-widget-heading .elementor-heading-title.elementor-size-small{font-size:15px}.elementor-widget-heading .elementor-heading-title.elementor-size-medium{font-size:19px}.elementor-widget-heading .elementor-heading-title.elementor-size-large{font-size:29px}.elementor-widget-heading .elementor-heading-title.elementor-size-xl{font-size:39px}.elementor-widget-heading .elementor-heading-title.elementor-size-xxl{font-size:59px}<\/style><h2 class=\"elementor-heading-title elementor-size-default\"><a href=\"\/2023\/menu-neodent-caso-clinico\/\">Menu<\/a><\/h2>\t\t<\/div>\n\t\t\t\t<\/div>\n\t\t\t\t<div class=\"elementor-element elementor-element-4dfa1d15 elementor-widget elementor-widget-heading\" data-id=\"4dfa1d15\" data-element_type=\"widget\" data-widget_type=\"heading.default\">\n\t\t\t\t<div class=\"elementor-widget-container\">\n\t\t\t<h2 class=\"elementor-heading-title elementor-size-default\"><a href=\"\/2023\/menu-neodent-caso-clinico\/\">Neodent, Caso Cl\u00ednico<\/a><\/h2>\t\t<\/div>\n\t\t\t\t<\/div>\n\t\t\t\t\t<\/div>\n\t\t\t\t<\/div>\n\t\t<div class=\"elementor-element elementor-element-2d4bc89b e-con-boxed e-flex e-con\" data-id=\"2d4bc89b\" data-element_type=\"container\" data-settings=\"{&quot;content_width&quot;:&quot;boxed&quot;}\">\n\t\t\t\t\t<div class=\"e-con-inner\">\n\t\t\t\t<div class=\"elementor-element elementor-element-3c132537 elementor-widget elementor-widget-heading\" data-id=\"3c132537\" data-element_type=\"widget\" data-widget_type=\"heading.default\">\n\t\t\t\t<div class=\"elementor-widget-container\">\n\t\t\t<h2 class=\"elementor-heading-title elementor-size-default\">Trauma dental e anquilose x reabilita\u00e7\u00e3o com implante e reconstru\u00e7\u00e3o em \u00e1rea est\u00e9tica<\/h2>\t\t<\/div>\n\t\t\t\t<\/div>\n\t\t\t\t\t<\/div>\n\t\t\t\t<\/div>\n\t\t\t\t<div class=\"elementor-element elementor-element-6ad0da18 elementor-widget elementor-widget-text-editor\" data-id=\"6ad0da18\" data-element_type=\"widget\" data-widget_type=\"text-editor.default\">\n\t\t\t\t<div class=\"elementor-widget-container\">\n\t\t\t<style>\/*! elementor - v3.13.2 - 11-05-2023 *\/\n.elementor-widget-text-editor.elementor-drop-cap-view-stacked .elementor-drop-cap{background-color:#69727d;color:#fff}.elementor-widget-text-editor.elementor-drop-cap-view-framed .elementor-drop-cap{color:#69727d;border:3px solid;background-color:transparent}.elementor-widget-text-editor:not(.elementor-drop-cap-view-default) .elementor-drop-cap{margin-top:8px}.elementor-widget-text-editor:not(.elementor-drop-cap-view-default) .elementor-drop-cap-letter{width:1em;height:1em}.elementor-widget-text-editor .elementor-drop-cap{float:left;text-align:center;line-height:1;font-size:50px}.elementor-widget-text-editor .elementor-drop-cap-letter{display:inline-block}<\/style>\t\t\t\t<p><span style=\"color: #e8307c;\"><strong>ID Trabalho:<\/strong> 1108949<\/span><\/p><p><strong>Autores: <\/strong>Hassan\u00a0 Yussef\u00a0 Saleh (Ilapeo &#8211; Balneario Camboriu\u00a0 &#8211; SC &#8211; Brasil), Fabiano\u00a0 Afonso\u00a0 Rebello (Ilapeo &#8211; Bruesque &#8211; SC &#8211; Brasil), Tatiaana\u00a0 Deliberador\u00a0 (Ilapeo &#8211; Curitiba &#8211; PR &#8211; Brasil)<\/p><p><strong>Institui\u00e7\u00f5es dos autores:<\/strong> Ilapeo &#8211; Balneario Camboriu\u00a0 &#8211; SC &#8211; Brasil,Ilapeo &#8211; Bruesque &#8211; SC &#8211; Brasil,Ilapeo &#8211; Curitiba &#8211; PR &#8211; Brasil<\/p><p><strong>Introdu\u00e7\u00e3o: <\/strong>Os Traumatismos dent\u00e1rios na inf\u00e2ncia s\u00e3o comuns e podem levar a perda ou dano da denti\u00e7\u00e3o permanente, principalmente\u00a0 na regi\u00e3o antero-superior. O Objetivo deste trabalho \u00e9 relatar um caso clinico de avuls\u00e3o e reimplanta\u00e7\u00e3o dos dentes 11 e 21 em uma paciente sexo feminino de 6 anos , que durante 17 anos manteve os dentes realizando diferentes procedimentos , levando a grande comprometimento est\u00e9tico e biol\u00f3gico.<\/p><p><strong>Relato do caso: <\/strong>Aos 23 anos de idade a paciente buscou tratamento, tendo como queixa principal a presen\u00e7a de gengiva artificial no dente 11. O elemento 21 estava em boas condi\u00e7\u00f5es clinicas . Foi estabelecido com plano de tratamento a exodontia\u00a0 do elemento 11, que estava anquilosado e com a raiz reabsorvida e perda \u00f3ssea vestibular expressiva, instala\u00e7\u00e3o imediata de implante BLT( Straumann)reconstru\u00e7\u00e3o dos tecidos pela t\u00e9cnica da Regenera\u00e7\u00e3o \u00d3ssea Guiada, com enxerto bovino e membrana absorv\u00edvel e tecido conjuntivo subepitelial. O implante ficou submerso e foi realizado uma protese adesiva provis\u00f3ria. Ap\u00f3s o per\u00edodo de\u00a0 cicatriza\u00e7\u00e3o,\u00a0 foi realizado a reabertura, planejamento de pr\u00f3tese provis\u00f3ria para condicionamento dos tecidos e posteriormente protese cer\u00e2mica definitiva.<\/p><p><strong>Conclus\u00e3o ou considera\u00e7\u00f5es finais: <\/strong>Podemos concluir com esse caso clinico a import\u00e2ncia de realizar uma t\u00e9cnica cir\u00fargica adequada, com reconstru\u00e7\u00e3o dos tecidos duros e moles para alcan\u00e7ar o resultado est\u00e9tico final esperado e desejado, minimizando o comprometimento psicol\u00f3gico e est\u00e9tico relatado pela paciente.<\/p><p><strong>Discuss\u00e3o e conclus\u00f5es: <\/strong><\/p><p><strong>Palavras chave: <\/strong>implantes, \u00e1rea estetica, anquilose, ROG<\/p>\t\t\t\t\t\t<\/div>\n\t\t\t\t<\/div>\n\t\t\t\t<div class=\"elementor-element elementor-element-1d528a90 elementor-widget elementor-widget-shortcode\" data-id=\"1d528a90\" data-element_type=\"widget\" data-widget_type=\"shortcode.default\">\n\t\t\t\t<div class=\"elementor-widget-container\">\n\t\t\t\t\t<div class=\"elementor-shortcode\"><a href=\"javascript:history.back(1)\" target=\"_self\"><img decoding=\"async\" src=\"..\/wp-content\/uploads\/2023\/05\/bot-voltar.png\" widht=\"103\" height=\"28\" border=\"0\"><\/a> <\/div>\n\t\t\t\t<\/div>\n\t\t\t\t<\/div>\n\t\t\t\t<\/div>\n\t\t<div class=\"elementor-element elementor-element-3da8ffc6 e-con-full e-flex e-con\" data-id=\"3da8ffc6\" data-element_type=\"container\" data-settings=\"{&quot;content_width&quot;:&quot;full&quot;}\">\n\t\t\t\t<\/div>\n\t\t\t\t<\/div>\n\t\t\t\t\t\t\t<\/div>\n\t\t","protected":false},"excerpt":{"rendered":"<p>Menu Neodent, Caso Cl\u00ednico Trauma dental e anquilose x reabilita\u00e7\u00e3o com implante e reconstru\u00e7\u00e3o em \u00e1rea est\u00e9tica ID Trabalho: 1108949 Autores: Hassan\u00a0 Yussef\u00a0 Saleh (Ilapeo &#8211;<span class=\"excerpt-hellip\"> [\u2026]<\/span><\/p>\n","protected":false},"author":1,"featured_media":0,"parent":0,"menu_order":0,"comment_status":"closed","ping_status":"closed","template":"","meta":[],"_links":{"self":[{"href":"https:\/\/anaisneodentcongress.com.br\/2023\/wp-json\/wp\/v2\/pages\/1140"}],"collection":[{"href":"https:\/\/anaisneodentcongress.com.br\/2023\/wp-json\/wp\/v2\/pages"}],"about":[{"href":"https:\/\/anaisneodentcongress.com.br\/2023\/wp-json\/wp\/v2\/types\/page"}],"author":[{"embeddable":true,"href":"https:\/\/anaisneodentcongress.com.br\/2023\/wp-json\/wp\/v2\/users\/1"}],"replies":[{"embeddable":true,"href":"https:\/\/anaisneodentcongress.com.br\/2023\/wp-json\/wp\/v2\/comments?post=1140"}],"version-history":[{"count":10,"href":"https:\/\/anaisneodentcongress.com.br\/2023\/wp-json\/wp\/v2\/pages\/1140\/revisions"}],"predecessor-version":[{"id":1151,"href":"https:\/\/anaisneodentcongress.com.br\/2023\/wp-json\/wp\/v2\/pages\/1140\/revisions\/1151"}],"wp:attachment":[{"href":"https:\/\/anaisneodentcongress.com.br\/2023\/wp-json\/wp\/v2\/media?parent=1140"}],"curies":[{"name":"wp","href":"https:\/\/api.w.org\/{rel}","templated":true}]}}