{"id":1095,"date":"2023-05-12T16:49:16","date_gmt":"2023-05-12T19:49:16","guid":{"rendered":"https:\/\/anaisneodentcongress.com.br\/2023\/?page_id=1095"},"modified":"2023-05-12T16:50:01","modified_gmt":"2023-05-12T19:50:01","slug":"reabilitacao-de-paciente-com-relacao-entre-arcos-classe-iii-sem-cirurgia-ortognatica-relato-de-caso-clinico","status":"publish","type":"page","link":"https:\/\/anaisneodentcongress.com.br\/2023\/reabilitacao-de-paciente-com-relacao-entre-arcos-classe-iii-sem-cirurgia-ortognatica-relato-de-caso-clinico\/","title":{"rendered":"Reabilita\u00e7\u00e3o de paciente com rela\u00e7\u00e3o entre arcos Classe III sem cirurgia ortogn\u00e1tica &#8211; relato de caso cl\u00ednico"},"content":{"rendered":"\t\t<div data-elementor-type=\"wp-page\" data-elementor-id=\"1095\" class=\"elementor elementor-1095\">\n\t\t\t\t\t\t\t<div class=\"elementor-element elementor-element-65978491 e-con-full e-flex e-con\" data-id=\"65978491\" data-element_type=\"container\" data-settings=\"{&quot;content_width&quot;:&quot;full&quot;,&quot;background_background&quot;:&quot;classic&quot;}\">\n\t\t<div class=\"elementor-element elementor-element-22e5bba2 e-con-full e-flex e-con\" data-id=\"22e5bba2\" data-element_type=\"container\" data-settings=\"{&quot;content_width&quot;:&quot;full&quot;}\">\n\t\t\t\t<\/div>\n\t\t<div class=\"elementor-element elementor-element-3dbaab1e e-con-full e-flex e-con\" data-id=\"3dbaab1e\" data-element_type=\"container\" data-settings=\"{&quot;content_width&quot;:&quot;full&quot;,&quot;background_background&quot;:&quot;classic&quot;}\">\n\t\t<div class=\"elementor-element elementor-element-51563863 e-con-boxed e-flex e-con\" data-id=\"51563863\" data-element_type=\"container\" data-settings=\"{&quot;content_width&quot;:&quot;boxed&quot;}\">\n\t\t\t\t\t<div class=\"e-con-inner\">\n\t\t\t\t<div class=\"elementor-element elementor-element-2e0e62b8 elementor-widget elementor-widget-heading\" data-id=\"2e0e62b8\" data-element_type=\"widget\" data-widget_type=\"heading.default\">\n\t\t\t\t<div class=\"elementor-widget-container\">\n\t\t\t<style>\/*! elementor - v3.13.2 - 11-05-2023 *\/\n.elementor-heading-title{padding:0;margin:0;line-height:1}.elementor-widget-heading .elementor-heading-title[class*=elementor-size-]>a{color:inherit;font-size:inherit;line-height:inherit}.elementor-widget-heading .elementor-heading-title.elementor-size-small{font-size:15px}.elementor-widget-heading .elementor-heading-title.elementor-size-medium{font-size:19px}.elementor-widget-heading .elementor-heading-title.elementor-size-large{font-size:29px}.elementor-widget-heading .elementor-heading-title.elementor-size-xl{font-size:39px}.elementor-widget-heading .elementor-heading-title.elementor-size-xxl{font-size:59px}<\/style><h2 class=\"elementor-heading-title elementor-size-default\"><a href=\"\/2023\/menu-neodent-caso-clinico\/\">Menu<\/a><\/h2>\t\t<\/div>\n\t\t\t\t<\/div>\n\t\t\t\t<div class=\"elementor-element elementor-element-68d9e1b1 elementor-widget elementor-widget-heading\" data-id=\"68d9e1b1\" data-element_type=\"widget\" data-widget_type=\"heading.default\">\n\t\t\t\t<div class=\"elementor-widget-container\">\n\t\t\t<h2 class=\"elementor-heading-title elementor-size-default\"><a href=\"\/2023\/menu-neodent-caso-clinico\/\">Neodent, Caso Cl\u00ednico<\/a><\/h2>\t\t<\/div>\n\t\t\t\t<\/div>\n\t\t\t\t\t<\/div>\n\t\t\t\t<\/div>\n\t\t<div class=\"elementor-element elementor-element-664fbd0f e-con-boxed e-flex e-con\" data-id=\"664fbd0f\" data-element_type=\"container\" data-settings=\"{&quot;content_width&quot;:&quot;boxed&quot;}\">\n\t\t\t\t\t<div class=\"e-con-inner\">\n\t\t\t\t<div class=\"elementor-element elementor-element-b726134 elementor-widget elementor-widget-heading\" data-id=\"b726134\" data-element_type=\"widget\" data-widget_type=\"heading.default\">\n\t\t\t\t<div class=\"elementor-widget-container\">\n\t\t\t<h2 class=\"elementor-heading-title elementor-size-default\">Reabilita\u00e7\u00e3o de paciente com rela\u00e7\u00e3o entre arcos Classe III sem cirurgia ortogn\u00e1tica - relato de caso cl\u00ednico<\/h2>\t\t<\/div>\n\t\t\t\t<\/div>\n\t\t\t\t\t<\/div>\n\t\t\t\t<\/div>\n\t\t\t\t<div class=\"elementor-element elementor-element-378f301a elementor-widget elementor-widget-text-editor\" data-id=\"378f301a\" data-element_type=\"widget\" data-widget_type=\"text-editor.default\">\n\t\t\t\t<div class=\"elementor-widget-container\">\n\t\t\t<style>\/*! elementor - v3.13.2 - 11-05-2023 *\/\n.elementor-widget-text-editor.elementor-drop-cap-view-stacked .elementor-drop-cap{background-color:#69727d;color:#fff}.elementor-widget-text-editor.elementor-drop-cap-view-framed .elementor-drop-cap{color:#69727d;border:3px solid;background-color:transparent}.elementor-widget-text-editor:not(.elementor-drop-cap-view-default) .elementor-drop-cap{margin-top:8px}.elementor-widget-text-editor:not(.elementor-drop-cap-view-default) .elementor-drop-cap-letter{width:1em;height:1em}.elementor-widget-text-editor .elementor-drop-cap{float:left;text-align:center;line-height:1;font-size:50px}.elementor-widget-text-editor .elementor-drop-cap-letter{display:inline-block}<\/style>\t\t\t\t<p><span style=\"color: #e8307c;\"><strong>ID Trabalho:<\/strong> 1108921<\/span><\/p><p><strong>Autores: <\/strong>Marcelo\u00a0 Noboru\u00a0 Tanizaka (ILAPEO &#8211; Curitiba &#8211; PR &#8211; Brasil), Gustavo Moreno\u00a0 Braga (ILAPEO &#8211; Curitiba &#8211; PR &#8211; Brasil), Eduardo ROMAGNA\u00a0 Romagna (ILAPEO &#8211; Curitiba &#8211; PR &#8211; Brasil), Elisa Matias Sartori (ILAPEO &#8211; Curitiba &#8211; PR &#8211; Brasil), Leandro Kluppel (ILAPEO &#8211; Curitiba &#8211; PR &#8211; Brasil), Ivete\u00a0 Matias Sartori (ILAPEO &#8211; Curitiba &#8211; PR &#8211; Brasil)<\/p><p><strong>Institui\u00e7\u00f5es dos autores:<\/strong> ILAPEO &#8211; Curitiba &#8211; PR &#8211; Brasil<\/p><p><strong>Introdu\u00e7\u00e3o: <\/strong>Apesar de a cirurgia ortogn\u00e1tica ser o tratamento de elei\u00e7\u00e3o para rela\u00e7\u00e3o entre arcos de classe III para se obter melhor harmonia facial, rela\u00e7\u00e3o entre os dentes, oclus\u00e3o, fona\u00e7\u00e3o, mastiga\u00e7\u00e3o e respira\u00e7\u00e3o, h\u00e1 condi\u00e7\u00f5es cl\u00ednicas que impossibilitam a indica\u00e7\u00e3o. A proposta deste relato de caso \u00e9 apresentar uma alternativa de tratamento para paciente idosa com problemas de sa\u00fade.<\/p><p><strong>Relato do caso: <\/strong>Foi realizado um preparo prot\u00e9tico pr\u00e9vio idealizando uma boa harmonia facial e o aumento da DVO. O estudo foi conduzido atrav\u00e9s de um JIG est\u00e9tico e funcional. A confirma\u00e7\u00e3o das medidas planejadas foi feita por an\u00e1lise cefalom\u00e9trica (m\u00e9todo Seraidarian-Tavano). Para idealizar e visualizar a configura\u00e7\u00e3o do suporte labial utilizou-se duas por\u00e7\u00f5es de silicone pesado na regi\u00e3o superior (do 13 ao 23). O planejamento cir\u00fargico dos implantes foi realizado atrav\u00e9s do programa coDiagnostix. Foram realizadas as exodontias e instala\u00e7\u00e3o de implantes (Helix GM, Neodent, Curitiba, Brasil). Como os implantes apresentaram boa estabilidade prim\u00e1ria, foram instalados os intermedi\u00e1rios e ap\u00f3s os procedimentos de laborat\u00f3rio, 2 pr\u00f3teses fixas h\u00edbridas implantossuportadas, mandibular e maxilar. Para obter bom suporte labial foi utilizado stick bone confeccionado com biomaterial (Cerabone- Straumann) e I-PRF E PRF.<\/p><p><strong>Conclus\u00e3o ou considera\u00e7\u00f5es finais: <\/strong>Frente a observa\u00e7\u00e3o do resultado alcan\u00e7ado e do n\u00edvel de satisfa\u00e7\u00e3o da paciente parece l\u00edcito concluir que esta alternativa para evitar cirurgia ortogn\u00e1tica apresentou ser previs\u00edvel, satisfat\u00f3ria e eficaz devolvendo \u00e0 paciente um bom perfil e oclus\u00e3o.<\/p><p><strong>Discuss\u00e3o e conclus\u00f5es: <\/strong><\/p><p><strong>Palavras chave: <\/strong>DVO,\u00a0 stick bone, I-PRF, PRF planejamento digital e pr\u00f3teses fixas h\u00edbridas implantossuportadas<\/p>\t\t\t\t\t\t<\/div>\n\t\t\t\t<\/div>\n\t\t\t\t<div class=\"elementor-element elementor-element-4ea1e62a elementor-widget elementor-widget-shortcode\" data-id=\"4ea1e62a\" data-element_type=\"widget\" data-widget_type=\"shortcode.default\">\n\t\t\t\t<div class=\"elementor-widget-container\">\n\t\t\t\t\t<div class=\"elementor-shortcode\"><a href=\"javascript:history.back(1)\" target=\"_self\"><img decoding=\"async\" src=\"..\/wp-content\/uploads\/2023\/05\/bot-voltar.png\" widht=\"103\" height=\"28\" border=\"0\"><\/a> <\/div>\n\t\t\t\t<\/div>\n\t\t\t\t<\/div>\n\t\t\t\t<\/div>\n\t\t<div class=\"elementor-element elementor-element-3b3578cd e-con-full e-flex e-con\" data-id=\"3b3578cd\" data-element_type=\"container\" data-settings=\"{&quot;content_width&quot;:&quot;full&quot;}\">\n\t\t\t\t<\/div>\n\t\t\t\t<\/div>\n\t\t\t\t\t\t\t<\/div>\n\t\t","protected":false},"excerpt":{"rendered":"<p>Menu Neodent, Caso Cl\u00ednico Reabilita\u00e7\u00e3o de paciente com rela\u00e7\u00e3o entre arcos Classe III sem cirurgia ortogn\u00e1tica &#8211; relato de caso cl\u00ednico ID Trabalho: 1108921 Autores: Marcelo\u00a0<span class=\"excerpt-hellip\"> [\u2026]<\/span><\/p>\n","protected":false},"author":1,"featured_media":0,"parent":0,"menu_order":0,"comment_status":"closed","ping_status":"closed","template":"","meta":[],"_links":{"self":[{"href":"https:\/\/anaisneodentcongress.com.br\/2023\/wp-json\/wp\/v2\/pages\/1095"}],"collection":[{"href":"https:\/\/anaisneodentcongress.com.br\/2023\/wp-json\/wp\/v2\/pages"}],"about":[{"href":"https:\/\/anaisneodentcongress.com.br\/2023\/wp-json\/wp\/v2\/types\/page"}],"author":[{"embeddable":true,"href":"https:\/\/anaisneodentcongress.com.br\/2023\/wp-json\/wp\/v2\/users\/1"}],"replies":[{"embeddable":true,"href":"https:\/\/anaisneodentcongress.com.br\/2023\/wp-json\/wp\/v2\/comments?post=1095"}],"version-history":[{"count":4,"href":"https:\/\/anaisneodentcongress.com.br\/2023\/wp-json\/wp\/v2\/pages\/1095\/revisions"}],"predecessor-version":[{"id":1100,"href":"https:\/\/anaisneodentcongress.com.br\/2023\/wp-json\/wp\/v2\/pages\/1095\/revisions\/1100"}],"wp:attachment":[{"href":"https:\/\/anaisneodentcongress.com.br\/2023\/wp-json\/wp\/v2\/media?parent=1095"}],"curies":[{"name":"wp","href":"https:\/\/api.w.org\/{rel}","templated":true}]}}

Reabilitação de paciente com relação entre arcos Classe III sem cirurgia ortognática &#8211; relato de caso clínico

<div data-elementor-type="wp-page" data-elementor-id="1095" class="elementor elementor-1095">
							<div class="elementor-element elementor-element-65978491 e-con-full e-flex e-con" data-id="65978491" data-element_type="container" data-settings="{&quot;content_width&quot;:&quot;full&quot;,&quot;background_background&quot;:&quot;classic&quot;}">
		<div class="elementor-element elementor-element-22e5bba2 e-con-full e-flex e-con" data-id="22e5bba2" data-element_type="container" data-settings="{&quot;content_width&quot;:&quot;full&quot;}">
				</div>
		<div class="elementor-element elementor-element-3dbaab1e e-con-full e-flex e-con" data-id="3dbaab1e" data-element_type="container" data-settings="{&quot;content_width&quot;:&quot;full&quot;,&quot;background_background&quot;:&quot;classic&quot;}">
		<div class="elementor-element elementor-element-51563863 e-con-boxed e-flex e-con" data-id="51563863" data-element_type="container" data-settings="{&quot;content_width&quot;:&quot;boxed&quot;}">
					<div class="e-con-inner">
				<div class="elementor-element elementor-element-2e0e62b8 elementor-widget elementor-widget-heading" data-id="2e0e62b8" data-element_type="widget" data-widget_type="heading.default">
				<div class="elementor-widget-container">
			<style>/*! elementor - v3.13.2 - 11-05-2023 */
.elementor-heading-title{padding:0;margin:0;line-height:1}.elementor-widget-heading .elementor-heading-title[class*=elementor-size-]>a{color:inherit;font-size:inherit;line-height:inherit}.elementor-widget-heading .elementor-heading-title.elementor-size-small{font-size:15px}.elementor-widget-heading .elementor-heading-title.elementor-size-medium{font-size:19px}.elementor-widget-heading .elementor-heading-title.elementor-size-large{font-size:29px}.elementor-widget-heading .elementor-heading-title.elementor-size-xl{font-size:39px}.elementor-widget-heading .elementor-heading-title.elementor-size-xxl{font-size:59px}</style><h2 class="elementor-heading-title elementor-size-default"><a href="/2023/menu-neodent-caso-clinico/">Menu</a></h2>		</div>
				</div>
				<div class="elementor-element elementor-element-68d9e1b1 elementor-widget elementor-widget-heading" data-id="68d9e1b1" data-element_type="widget" data-widget_type="heading.default">
				<div class="elementor-widget-container">
			<h2 class="elementor-heading-title elementor-size-default"><a href="/2023/menu-neodent-caso-clinico/">Neodent, Caso Clínico</a></h2>		</div>
				</div>
					</div>
				</div>
		<div class="elementor-element elementor-element-664fbd0f e-con-boxed e-flex e-con" data-id="664fbd0f" data-element_type="container" data-settings="{&quot;content_width&quot;:&quot;boxed&quot;}">
					<div class="e-con-inner">
				<div class="elementor-element elementor-element-b726134 elementor-widget elementor-widget-heading" data-id="b726134" data-element_type="widget" data-widget_type="heading.default">
				<div class="elementor-widget-container">
			<h2 class="elementor-heading-title elementor-size-default">Reabilitação de paciente com relação entre arcos Classe III sem cirurgia ortognática - relato de caso clínico</h2>		</div>
				</div>
					</div>
				</div>
				<div class="elementor-element elementor-element-378f301a elementor-widget elementor-widget-text-editor" data-id="378f301a" data-element_type="widget" data-widget_type="text-editor.default">
				<div class="elementor-widget-container">
			<style>/*! elementor - v3.13.2 - 11-05-2023 */
.elementor-widget-text-editor.elementor-drop-cap-view-stacked .elementor-drop-cap{background-color:#69727d;color:#fff}.elementor-widget-text-editor.elementor-drop-cap-view-framed .elementor-drop-cap{color:#69727d;border:3px solid;background-color:transparent}.elementor-widget-text-editor:not(.elementor-drop-cap-view-default) .elementor-drop-cap{margin-top:8px}.elementor-widget-text-editor:not(.elementor-drop-cap-view-default) .elementor-drop-cap-letter{width:1em;height:1em}.elementor-widget-text-editor .elementor-drop-cap{float:left;text-align:center;line-height:1;font-size:50px}.elementor-widget-text-editor .elementor-drop-cap-letter{display:inline-block}</style>				<p><span style="color: #e8307c;"><strong>ID Trabalho:</strong> 1108921</span></p><p><strong>Autores: </strong>Marcelo  Noboru  Tanizaka (ILAPEO &#8211; Curitiba &#8211; PR &#8211; Brasil), Gustavo Moreno  Braga (ILAPEO &#8211; Curitiba &#8211; PR &#8211; Brasil), Eduardo ROMAGNA  Romagna (ILAPEO &#8211; Curitiba &#8211; PR &#8211; Brasil), Elisa Matias Sartori (ILAPEO &#8211; Curitiba &#8211; PR &#8211; Brasil), Leandro Kluppel (ILAPEO &#8211; Curitiba &#8211; PR &#8211; Brasil), Ivete  Matias Sartori (ILAPEO &#8211; Curitiba &#8211; PR &#8211; Brasil)</p><p><strong>Instituições dos autores:</strong> ILAPEO &#8211; Curitiba &#8211; PR &#8211; Brasil</p><p><strong>Introdução: </strong>Apesar de a cirurgia ortognática ser o tratamento de eleição para relação entre arcos de classe III para se obter melhor harmonia facial, relação entre os dentes, oclusão, fonação, mastigação e respiração, há condições clínicas que impossibilitam a indicação. A proposta deste relato de caso é apresentar uma alternativa de tratamento para paciente idosa com problemas de saúde.</p><p><strong>Relato do caso: </strong>Foi realizado um preparo protético prévio idealizando uma boa harmonia facial e o aumento da DVO. O estudo foi conduzido através de um JIG estético e funcional. A confirmação das medidas planejadas foi feita por análise cefalométrica (método Seraidarian-Tavano). Para idealizar e visualizar a configuração do suporte labial utilizou-se duas porções de silicone pesado na região superior (do 13 ao 23). O planejamento cirúrgico dos implantes foi realizado através do programa coDiagnostix. Foram realizadas as exodontias e instalação de implantes (Helix GM, Neodent, Curitiba, Brasil). Como os implantes apresentaram boa estabilidade primária, foram instalados os intermediários e após os procedimentos de laboratório, 2 próteses fixas híbridas implantossuportadas, mandibular e maxilar. Para obter bom suporte labial foi utilizado stick bone confeccionado com biomaterial (Cerabone- Straumann) e I-PRF E PRF.</p><p><strong>Conclusão ou considerações finais: </strong>Frente a observação do resultado alcançado e do nível de satisfação da paciente parece lícito concluir que esta alternativa para evitar cirurgia ortognática apresentou ser previsível, satisfatória e eficaz devolvendo à paciente um bom perfil e oclusão.</p><p><strong>Discussão e conclusões: </strong></p><p><strong>Palavras chave: </strong>DVO,  stick bone, I-PRF, PRF planejamento digital e próteses fixas híbridas implantossuportadas</p>						</div>
				</div>
				<div class="elementor-element elementor-element-4ea1e62a elementor-widget elementor-widget-shortcode" data-id="4ea1e62a" data-element_type="widget" data-widget_type="shortcode.default">
				<div class="elementor-widget-container">
					<div class="elementor-shortcode"><a href="javascript:history.back(1)" target="_self"><img decoding="async" src="../wp-content/uploads/2023/05/bot-voltar.png" widht="103" height="28" border="0"></a> </div>
				</div>
				</div>
				</div>
		<div class="elementor-element elementor-element-3b3578cd e-con-full e-flex e-con" data-id="3b3578cd" data-element_type="container" data-settings="{&quot;content_width&quot;:&quot;full&quot;}">
				</div>
				</div>
							</div>

<p>Menu Neodent, Caso Clínico Reabilitação de paciente com relação entre arcos Classe III sem cirurgia ortognática &#8211; relato de caso clínico ID Trabalho: 1108921 Autores: Marcelo <span class="excerpt-hellip"> […]</span></p>
